{"id":139,"date":"2020-08-23T20:56:32","date_gmt":"2020-08-23T23:56:32","guid":{"rendered":"https:\/\/wp.ufpel.edu.br\/sociologiasmarginais\/?page_id=139"},"modified":"2020-11-01T01:56:38","modified_gmt":"2020-11-01T04:56:38","slug":"terceiro-encontro","status":"publish","type":"page","link":"https:\/\/wp.ufpel.edu.br\/sociologiasmarginais\/leituras-dirigidas\/2020-2\/terceiro-encontro\/","title":{"rendered":"Terceiro encontro"},"content":{"rendered":"<h1 class=\"corTexto\" style=\"text-align: center\">Terceiro encontro \u2013 Leituras dirigidas<\/h1>\n<h4>O PAPEL DA CULTURA E DA CI\u00caNCIA NA (RE)PRODU\u00c7\u00c3O DO MUNDO<\/h4>\n<p><strong>EIXO DA CI\u00caNCIA E DA CULTURA<br \/>\nTerceiro encontro:<\/strong>\u00a021 de outubro de 2020.<br \/>\n<strong>Hor\u00e1rio:<\/strong>\u00a010:30 \u2013 12:00.<br \/>\n<strong>Ministrante:<\/strong>\u00a0Dr. Adhemar Louren\u00e7o da Silva Junior \u2013 PPGH\/UFPel.<br \/>\n<strong>Limite:<\/strong>\u00a030 vagas.<br \/>\n<strong>Inscri\u00e7\u00f5es:<\/strong>\u00a016\/10 a 20\/10\/2020.<br \/>\n<strong>Texto:\u00a0<\/strong>Livro de G\u00eanesis, cap\u00edtulo 1 a 9.<strong><br \/>\nModalidade:<\/strong>\u00a0Online (o link ser\u00e1 enviado por e-mail para os\/as inscritos\/as).<\/p>\n<p style=\"text-align: center\"><strong>Texto<br \/>\n<a class=\"mtli_attachment mtli_pdf\" href=\"https:\/\/wp.ufpel.edu.br\/sociologiasmarginais\/files\/2020\/10\/Genesis-capitulo-1-a-9.pdf\" rel=\"mtli_filesize135,20kB\">G\u00eanesis \u2013 cap\u00edtulo 1 a 9<\/a><br \/>\n<\/strong><strong><br \/>\n<a href=\"https:\/\/docs.google.com\/forms\/d\/e\/1FAIpQLSfwAspueRUmO1S44TK1glupeL8CJdeRLQeD1ZqfOQz4CWTvwA\/viewform\">Formul\u00e1rio de inscri\u00e7\u00e3o<\/a><\/strong><\/p>\n<p><img class=\"alignnone size-medium wp-image-193 aligncenter\" src=\"https:\/\/wp.ufpel.edu.br\/sociologiasmarginais\/files\/2020\/10\/WhatsApp-Image-2020-10-16-at-17.57.46-283x400.jpeg\" alt=\"\" width=\"283\" height=\"400\" srcset=\"https:\/\/wp.ufpel.edu.br\/sociologiasmarginais\/files\/2020\/10\/WhatsApp-Image-2020-10-16-at-17.57.46-283x400.jpeg 283w, https:\/\/wp.ufpel.edu.br\/sociologiasmarginais\/files\/2020\/10\/WhatsApp-Image-2020-10-16-at-17.57.46-723x1024.jpeg 723w, https:\/\/wp.ufpel.edu.br\/sociologiasmarginais\/files\/2020\/10\/WhatsApp-Image-2020-10-16-at-17.57.46-768x1087.jpeg 768w, https:\/\/wp.ufpel.edu.br\/sociologiasmarginais\/files\/2020\/10\/WhatsApp-Image-2020-10-16-at-17.57.46.jpeg 904w\" sizes=\"(max-width: 283px) 100vw, 283px\" \/><\/p>\n","protected":false},"excerpt":{"rendered":"<p>Terceiro encontro \u2013 Leituras dirigidas O PAPEL DA CULTURA E DA CI\u00caNCIA NA (RE)PRODU\u00c7\u00c3O DO MUNDO EIXO DA CI\u00caNCIA E DA CULTURA Terceiro encontro:\u00a021 de outubro de 2020. Hor\u00e1rio:\u00a010:30 \u2013 12:00. Ministrante:\u00a0Dr. Adhemar Louren\u00e7o da Silva Junior \u2013 PPGH\/UFPel. Limite:\u00a030 vagas. Inscri\u00e7\u00f5es:\u00a016\/10 a 20\/10\/2020. Texto:\u00a0Livro de G\u00eanesis, cap\u00edtulo 1 a 9. Modalidade:\u00a0Online (o link ser\u00e1 [&hellip;]<\/p>\n","protected":false},"author":1064,"featured_media":0,"parent":126,"menu_order":3,"comment_status":"closed","ping_status":"closed","template":"","meta":{"jetpack_post_was_ever_published":false,"footnotes":""},"class_list":["post-139","page","type-page","status-publish","hentry"],"jetpack_sharing_enabled":true,"_links":{"self":[{"href":"https:\/\/wp.ufpel.edu.br\/sociologiasmarginais\/wp-json\/wp\/v2\/pages\/139","targetHints":{"allow":["GET"]}}],"collection":[{"href":"https:\/\/wp.ufpel.edu.br\/sociologiasmarginais\/wp-json\/wp\/v2\/pages"}],"about":[{"href":"https:\/\/wp.ufpel.edu.br\/sociologiasmarginais\/wp-json\/wp\/v2\/types\/page"}],"author":[{"embeddable":true,"href":"https:\/\/wp.ufpel.edu.br\/sociologiasmarginais\/wp-json\/wp\/v2\/users\/1064"}],"replies":[{"embeddable":true,"href":"https:\/\/wp.ufpel.edu.br\/sociologiasmarginais\/wp-json\/wp\/v2\/comments?post=139"}],"version-history":[{"count":5,"href":"https:\/\/wp.ufpel.edu.br\/sociologiasmarginais\/wp-json\/wp\/v2\/pages\/139\/revisions"}],"predecessor-version":[{"id":201,"href":"https:\/\/wp.ufpel.edu.br\/sociologiasmarginais\/wp-json\/wp\/v2\/pages\/139\/revisions\/201"}],"up":[{"embeddable":true,"href":"https:\/\/wp.ufpel.edu.br\/sociologiasmarginais\/wp-json\/wp\/v2\/pages\/126"}],"wp:attachment":[{"href":"https:\/\/wp.ufpel.edu.br\/sociologiasmarginais\/wp-json\/wp\/v2\/media?parent=139"}],"curies":[{"name":"wp","href":"https:\/\/api.w.org\/{rel}","templated":true}]}}