{"id":39,"date":"2022-10-18T11:52:12","date_gmt":"2022-10-18T14:52:12","guid":{"rendered":"https:\/\/wp.ufpel.edu.br\/smcena\/?page_id=39"},"modified":"2024-06-21T10:10:40","modified_gmt":"2024-06-21T13:10:40","slug":"nossos-parceiros","status":"publish","type":"page","link":"https:\/\/wp.ufpel.edu.br\/smcena\/nossos-parceiros\/","title":{"rendered":"Nossos parceiros"},"content":{"rendered":"<p>+ Portal Municipal da Educa\u00e7\u00e3o &#8211; SMED &#8211; Pelotas:\u00a0 <a href=\"http:\/\/site.pelotas.com.br\/educacao\/portal\/\">http:\/\/site.pelotas.com.br\/educacao\/portal\/<\/a><\/p>\n<p>+ Col\u00e9gio Municipal Pelotense: <a href=\"https:\/\/wp.ufpel.edu.br\/bdescolaspelotas\/escolasmunicipais\/emefs\/colegiomunicipalpelotense\/\">https:\/\/wp.ufpel.edu.br\/bdescolaspelotas\/escolasmunicipais\/emefs\/colegiomunicipalpelotense\/<\/a><\/p>\n<p>+ Escola Municipal de Ensino Fundamental C\u00edrculo Oper\u00e1rio Pelotense:\u00a0 <a href=\"https:\/\/wp.ufpel.edu.br\/bdescolaspelotas\/escolasmunicipais\/emefs\/e-m-e-f-circulo-operario-pelotense\/\">https:\/\/wp.ufpel.edu.br\/bdescolaspelotas\/escolasmunicipais\/emefs\/e-m-e-f-circulo-operario-pelotense\/<\/a><\/p>\n<p>+ Mental Health Literacy:\u00a0<a href=\"https:\/\/mentalhealthliteracy.org\/\">https:\/\/mentalhealthliteracy.org\/<\/a><\/p>\n<p><strong><em>Links \u00fateis<\/em><\/strong>:<\/p>\n<p>+ Instituto Ame Sua Mente: <a href=\"https:\/\/www.amesuamente.org.br\/ame-sua-mente-na-escola\/\">https:\/\/www.amesuamente.org.br\/ame-sua-mente-na-escola\/<\/a><\/p>\n<p>+ The School of Life &#8211; S\u00e3o Paulo:\u00a0<a href=\"https:\/\/www.theschooloflife.com\/sao-paulo\/\">https:\/\/www.theschooloflife.com\/sao-paulo\/<\/a><\/p>\n<p>+ YoungMinds: <a href=\"https:\/\/www.youngminds.org.uk\/\">https:\/\/www.youngminds.org.uk\/<\/a><\/p>\n<p>+ Reggio Children Approach: <a href=\"https:\/\/www.reggiochildren.it\/\">https:\/\/www.reggiochildren.it\/<\/a><\/p>\n<p>+ Manual de jogos e brinquedos para educa\u00e7\u00e3o em sa\u00fade:\u00a0<a href=\"https:\/\/guaiaca.ufpel.edu.br\/handle\/prefix\/6475\">https:\/\/guaiaca.ufpel.edu.br\/handle\/prefix\/6475<\/a><\/p>\n<p>&nbsp;<\/p>\n<p>&nbsp;<\/p>\n","protected":false},"excerpt":{"rendered":"<p>+ Portal Municipal da Educa\u00e7\u00e3o &#8211; SMED &#8211; Pelotas:\u00a0 http:\/\/site.pelotas.com.br\/educacao\/portal\/ + Col\u00e9gio Municipal Pelotense: https:\/\/wp.ufpel.edu.br\/bdescolaspelotas\/escolasmunicipais\/emefs\/colegiomunicipalpelotense\/ + Escola Municipal de Ensino Fundamental C\u00edrculo Oper\u00e1rio Pelotense:\u00a0 https:\/\/wp.ufpel.edu.br\/bdescolaspelotas\/escolasmunicipais\/emefs\/e-m-e-f-circulo-operario-pelotense\/ + Mental Health Literacy:\u00a0https:\/\/mentalhealthliteracy.org\/ Links \u00fateis: + Instituto Ame Sua Mente: https:\/\/www.amesuamente.org.br\/ame-sua-mente-na-escola\/ + The School of Life &#8211; S\u00e3o Paulo:\u00a0https:\/\/www.theschooloflife.com\/sao-paulo\/ + YoungMinds: https:\/\/www.youngminds.org.uk\/ + Reggio Children Approach: https:\/\/www.reggiochildren.it\/ + Manual [&hellip;]<\/p>\n","protected":false},"author":1240,"featured_media":0,"parent":0,"menu_order":4,"comment_status":"closed","ping_status":"closed","template":"","meta":{"footnotes":""},"class_list":["post-39","page","type-page","status-publish","hentry","post"],"jetpack_sharing_enabled":true,"_links":{"self":[{"href":"https:\/\/wp.ufpel.edu.br\/smcena\/wp-json\/wp\/v2\/pages\/39","targetHints":{"allow":["GET"]}}],"collection":[{"href":"https:\/\/wp.ufpel.edu.br\/smcena\/wp-json\/wp\/v2\/pages"}],"about":[{"href":"https:\/\/wp.ufpel.edu.br\/smcena\/wp-json\/wp\/v2\/types\/page"}],"author":[{"embeddable":true,"href":"https:\/\/wp.ufpel.edu.br\/smcena\/wp-json\/wp\/v2\/users\/1240"}],"replies":[{"embeddable":true,"href":"https:\/\/wp.ufpel.edu.br\/smcena\/wp-json\/wp\/v2\/comments?post=39"}],"version-history":[{"count":17,"href":"https:\/\/wp.ufpel.edu.br\/smcena\/wp-json\/wp\/v2\/pages\/39\/revisions"}],"predecessor-version":[{"id":332,"href":"https:\/\/wp.ufpel.edu.br\/smcena\/wp-json\/wp\/v2\/pages\/39\/revisions\/332"}],"wp:attachment":[{"href":"https:\/\/wp.ufpel.edu.br\/smcena\/wp-json\/wp\/v2\/media?parent=39"}],"curies":[{"name":"wp","href":"https:\/\/api.w.org\/{rel}","templated":true}]}}