{"id":30,"date":"2022-10-17T10:07:06","date_gmt":"2022-10-17T13:07:06","guid":{"rendered":"https:\/\/wp.ufpel.edu.br\/smcena\/?page_id=30"},"modified":"2024-04-09T19:25:09","modified_gmt":"2024-04-09T22:25:09","slug":"sobre-o-projeto","status":"publish","type":"page","link":"https:\/\/wp.ufpel.edu.br\/smcena\/sobre-o-projeto\/","title":{"rendered":"Quem somos"},"content":{"rendered":"<p>Esta a\u00e7\u00e3o teve in\u00edcio em 2022 com um projeto de extens\u00e3o da Universidade Federal de Pelotas &#8211; UFPEL que resultou da parceria entre os cursos de Medicina e Teatro da UFPEL, tendo como prop\u00f3sito uma a\u00e7\u00e3o educativa em sa\u00fade mental no Ensino Fundamental e M\u00e9dio do munic\u00edpio de Pelotas &#8211; RS, em parceria com o Col\u00e9gio Municipal Pelotense.<\/p>\n<p>Os transtornos mentais geralmente tem in\u00edcio na inf\u00e2ncia e adolesc\u00eancia e a escola \u00e9 um local privilegiado para a promo\u00e7\u00e3o da sa\u00fade mental e a preven\u00e7\u00e3o dos problemas mentais.<\/p>\n<p>Um projeto de extens\u00e3o anterior, denominado \u201cSa\u00fade mental na escola: uma a\u00e7\u00e3o entre professores e alunos do ensino fundamental\u201d, foi realizado pela equipe do projeto nos anos de 2019 e 2020, promovendo um curso de atualiza\u00e7\u00e3o em sa\u00fade mental para os professores da Escola C\u00edrculo Oper\u00e1rio Pelotense.<\/p>\n<p>Procuramos traduzir os conte\u00fados abordados em linguagem acess\u00edvel aos alunos e seus familiares, de modo participativo, elaborando materiais e m\u00e9todos educacionais para temas relacionados \u00e0 sa\u00fade mental e seus problemas.<\/p>\n<p>Caso queira mais informa\u00e7\u00f5es, envie-nos uma mensagem atrav\u00e9s do menu &#8220;Contato&#8221;.<\/p>\n<p>&nbsp;<\/p>\n<p><a href=\"http:\/\/creativecommons.org\/licenses\/by-nc-sa\/4.0\/\" rel=\"license\"><img decoding=\"async\" style=\"border-width: 0;\" src=\"https:\/\/i.creativecommons.org\/l\/by-nc-sa\/4.0\/88x31.png\" alt=\"Licen\u00e7a Creative Commons\" \/><\/a><br \/>\nEsta obra est\u00e1 licenciada com uma Licen\u00e7a <a href=\"http:\/\/creativecommons.org\/licenses\/by-nc-sa\/4.0\/\" rel=\"license\">Creative Commons Atribui\u00e7\u00e3o-N\u00e3oComercial-CompartilhaIgual 4.0 Internacional<\/a>.<\/p>\n","protected":false},"excerpt":{"rendered":"<p>Esta a\u00e7\u00e3o teve in\u00edcio em 2022 com um projeto de extens\u00e3o da Universidade Federal de Pelotas &#8211; UFPEL que resultou da parceria entre os cursos de Medicina e Teatro da UFPEL, tendo como prop\u00f3sito uma a\u00e7\u00e3o educativa em sa\u00fade mental no Ensino Fundamental e M\u00e9dio do munic\u00edpio de Pelotas &#8211; RS, em parceria com o [&hellip;]<\/p>\n","protected":false},"author":1240,"featured_media":0,"parent":0,"menu_order":0,"comment_status":"closed","ping_status":"closed","template":"","meta":{"footnotes":""},"class_list":["post-30","page","type-page","status-publish","hentry","post"],"jetpack_sharing_enabled":true,"_links":{"self":[{"href":"https:\/\/wp.ufpel.edu.br\/smcena\/wp-json\/wp\/v2\/pages\/30","targetHints":{"allow":["GET"]}}],"collection":[{"href":"https:\/\/wp.ufpel.edu.br\/smcena\/wp-json\/wp\/v2\/pages"}],"about":[{"href":"https:\/\/wp.ufpel.edu.br\/smcena\/wp-json\/wp\/v2\/types\/page"}],"author":[{"embeddable":true,"href":"https:\/\/wp.ufpel.edu.br\/smcena\/wp-json\/wp\/v2\/users\/1240"}],"replies":[{"embeddable":true,"href":"https:\/\/wp.ufpel.edu.br\/smcena\/wp-json\/wp\/v2\/comments?post=30"}],"version-history":[{"count":12,"href":"https:\/\/wp.ufpel.edu.br\/smcena\/wp-json\/wp\/v2\/pages\/30\/revisions"}],"predecessor-version":[{"id":201,"href":"https:\/\/wp.ufpel.edu.br\/smcena\/wp-json\/wp\/v2\/pages\/30\/revisions\/201"}],"wp:attachment":[{"href":"https:\/\/wp.ufpel.edu.br\/smcena\/wp-json\/wp\/v2\/media?parent=30"}],"curies":[{"name":"wp","href":"https:\/\/api.w.org\/{rel}","templated":true}]}}

<p>Esta ação teve início em 2022 com um projeto de extensão da Universidade Federal de Pelotas &#8211; UFPEL que resultou da parceria entre os cursos de Medicina e Teatro da UFPEL, tendo como propósito uma ação educativa em saúde mental no Ensino Fundamental e Médio do município de Pelotas &#8211; RS, em parceria com o Colégio Municipal Pelotense.</p>
<p>Os transtornos mentais geralmente tem início na infância e adolescência e a escola é um local privilegiado para a promoção da saúde mental e a prevenção dos problemas mentais.</p>
<p>Um projeto de extensão anterior, denominado “Saúde mental na escola: uma ação entre professores e alunos do ensino fundamental”, foi realizado pela equipe do projeto nos anos de 2019 e 2020, promovendo um curso de atualização em saúde mental para os professores da Escola Círculo Operário Pelotense.</p>
<p>Procuramos traduzir os conteúdos abordados em linguagem acessível aos alunos e seus familiares, de modo participativo, elaborando materiais e métodos educacionais para temas relacionados à saúde mental e seus problemas.</p>
<p>Caso queira mais informações, envie-nos uma mensagem através do menu &#8220;Contato&#8221;.</p>
<p>&nbsp;</p>
<p><a href="http://creativecommons.org/licenses/by-nc-sa/4.0/" rel="license"><img decoding="async" style="border-width: 0;" src="https://i.creativecommons.org/l/by-nc-sa/4.0/88x31.png" alt="Licença Creative Commons" /></a><br />
Esta obra está licenciada com uma Licença <a href="http://creativecommons.org/licenses/by-nc-sa/4.0/" rel="license">Creative Commons Atribuição-NãoComercial-CompartilhaIgual 4.0 Internacional</a>.</p>

<p>Esta ação teve início em 2022 com um projeto de extensão da Universidade Federal de Pelotas &#8211; UFPEL que resultou da parceria entre os cursos de Medicina e Teatro da UFPEL, tendo como propósito uma ação educativa em saúde mental no Ensino Fundamental e Médio do município de Pelotas &#8211; RS, em parceria com o [&hellip;]</p>
