{"id":241,"date":"2024-04-30T18:34:41","date_gmt":"2024-04-30T21:34:41","guid":{"rendered":"https:\/\/wp.ufpel.edu.br\/smcena\/?page_id=241"},"modified":"2024-09-24T17:55:39","modified_gmt":"2024-09-24T20:55:39","slug":"rodas-de-conversa-e-brincadeiras","status":"publish","type":"page","link":"https:\/\/wp.ufpel.edu.br\/smcena\/informacoes-para-professores\/rodas-de-conversa-e-brincadeiras\/","title":{"rendered":"Rodas de conversa e brincadeiras"},"content":{"rendered":"<p><strong>Aqui voc\u00ea encontrar\u00e1 os materiais de apoio para as rodas de conversa e brincadeira<\/strong><\/p>\n<p>Acesse o <strong>Roteiro completo<\/strong> aqui: <a href=\"https:\/\/wp.ufpel.edu.br\/smcena\/files\/2024\/09\/Roteiro-SM-na-Escola-set.24.pdf\">Roteiro SM na Escola &#8211; set.24<\/a><\/p>\n<p>ou apenas as fichas das rodas de conversa e brincadeira, numa vers\u00e3o para impress\u00e3o: <a href=\"https:\/\/wp.ufpel.edu.br\/smcena\/files\/2024\/05\/Fichas-das-rodas-de-conversa-versao.impressao.pdf\">Fichas-das-rodas-de-conversa-versao.impressao<\/a><\/p>\n<p><strong>Roda 1 &#8211; Integra\u00e7\u00e3o e sensibiliza\u00e7\u00e3o<\/strong><\/p>\n<p>\u00c1udio da medita\u00e7\u00e3o guiada: <a href=\"https:\/\/wp.ufpel.edu.br\/smcena\/files\/2024\/09\/Audio-relaxamento-Luiza-Louzada-Saude-mental-em-cena-1.mp3\">Audio.relaxamento<\/a><\/p>\n<audio class=\"wp-audio-shortcode\" id=\"audio-241-1\" preload=\"none\" style=\"width: 100%;\" controls=\"controls\"><source type=\"audio\/mpeg\" src=\"https:\/\/wp.ufpel.edu.br\/smcena\/files\/2024\/09\/Audio-relaxamento-Luiza-Louzada-Saude-mental-em-cena-1.mp3?_=1\" \/><a href=\"https:\/\/wp.ufpel.edu.br\/smcena\/files\/2024\/09\/Audio-relaxamento-Luiza-Louzada-Saude-mental-em-cena-1.mp3\">https:\/\/wp.ufpel.edu.br\/smcena\/files\/2024\/09\/Audio-relaxamento-Luiza-Louzada-Saude-mental-em-cena-1.mp3<\/a><\/audio>\n<p>V\u00eddeo &#8220;Jogo da Bolinha &#8211; caminhada pelo espa\u00e7o&#8221;:\u00a0<a href=\"https:\/\/youtu.be\/A3Ea7M9qXFA?si=DY0YjYY09VV8YXC1\">https:\/\/youtu.be\/A3Ea7M9qXFA?si=DY0YjYY09VV8YXC1<\/a><\/p>\n<p>V\u00eddeo do jogo &#8220;Parte do todo&#8221;: <a href=\"https:\/\/youtu.be\/imey8kbI4OM?si=o-hCDeIdz6tQcsAC\">https:\/\/youtu.be\/imey8kbI4OM?si=o-hCDeIdz6tQcsAC<\/a><\/p>\n<p><strong>Roda 2 &#8211; O estigma dos problemas mentais<\/strong><\/p>\n<p>Slides sobre estigma: <a href=\"https:\/\/wp.ufpel.edu.br\/smcena\/files\/2022\/11\/Estigma.pdf\">Estigma<\/a><\/p>\n<p>Texto de apoio sobre estigma: <a href=\"https:\/\/wp.ufpel.edu.br\/smcena\/files\/2023\/07\/Texto-de-apoio-Estigma.pdf\">Texto-de-apoio-Estigma<\/a><\/p>\n<p>V\u00eddeo do jogo &#8220;Siga o mestre&#8221;:\u00a0<a href=\"https:\/\/youtu.be\/l3JJRF6EO5I?si=Fx140GmBsosci4dz\">https:\/\/youtu.be\/l3JJRF6EO5I?si=Fx140GmBsosci4dz<\/a><\/p>\n<p><strong>Roda 3 &#8211; O que \u00e9 sa\u00fade mental?<\/strong><\/p>\n<p>Slides sobre sa\u00fade e doen\u00e7a mental: <a href=\"https:\/\/wp.ufpel.edu.br\/smcena\/files\/2022\/11\/Saude-doenca-mental.2022.pdf\">Sa\u00fade-doen\u00e7a-mental.2022<\/a><\/p>\n<p>Atividade sa\u00fade e doen\u00e7a mental: <a href=\"https:\/\/wp.ufpel.edu.br\/smcena\/files\/2023\/07\/Atividade-interdisciplinar-saude.doenca.mental.pdf\">Atividade interdisciplinar &#8211; sa\u00fade.doen\u00e7a.mental<\/a><\/p>\n<p>V\u00eddeo do jogo &#8220;Mofongo&#8221;:\u00a0<a href=\"https:\/\/youtu.be\/h5mCA94uV-w?si=gFBcaYZin3hRtD4s\">https:\/\/youtu.be\/h5mCA94uV-w?si=gFBcaYZin3hRtD4s<\/a><\/p>\n<p>V\u00eddeo do jogo &#8220;Eu me sinto saud\u00e1vel quando&#8230;&#8221;:\u00a0<a href=\"https:\/\/youtu.be\/x0n8xEfpZ0w?si=1wVKeK3ZPObQ2Vy2\">https:\/\/youtu.be\/x0n8xEfpZ0w?si=1wVKeK3ZPObQ2Vy2<\/a><\/p>\n<p><strong>Roda 4 &#8211; Os problemas mentais<\/strong><\/p>\n<p>Slides sobre problemas mentais: <a href=\"https:\/\/wp.ufpel.edu.br\/smcena\/files\/2023\/07\/Problemas-mentais.pdf\">Problemas mentais<\/a><\/p>\n<p>V\u00eddeo do jogo &#8220;Corrida em c\u00e2mera lenta&#8221;:\u00a0<a href=\"https:\/\/youtu.be\/8N0KN-TBvDI?si=p6IREgxg7YDHKzgh\">https:\/\/youtu.be\/8N0KN-TBvDI?si=p6IREgxg7YDHKzgh<\/a><\/p>\n<p><strong>Roda 5 &#8211; Cuidando da sa\u00fade mental<\/strong><\/p>\n<p>Textos de apoio:<\/p>\n<p>Manual de pr\u00e1ticas integrativas e complementares: <a href=\"https:\/\/wp.ufpel.edu.br\/smcena\/files\/2024\/09\/Manual_de_praticas_integrativas_e_complementares.pdf\">Manual_de_praticas_integrativas_e_complementares<\/a><\/p>\n<p>Pol\u00edtica nacional de pr\u00e1ticas integrativas e complementares: <a href=\"https:\/\/wp.ufpel.edu.br\/smcena\/files\/2024\/09\/politica_nacional_praticas_integrativas_complementares_2ed.pdf\">politica_nacional_praticas_integrativas_complementares_2ed<\/a><\/p>\n<p>Interven\u00e7\u00f5es psicossociais na aten\u00e7\u00e3o b\u00e1sica &#8211;\u00a0 <a href=\"https:\/\/wp.ufpel.edu.br\/ipab\/\">https:\/\/wp.ufpel.edu.br\/ipab\/<\/a><\/p>\n<p><strong>Roda 6 &#8211; A busca de ajuda<\/strong><\/p>\n<p>Veja no menu principal desse site, em &#8220;Buscando ajuda&#8221;, uma lista de recursos na cidade de Pelotas; crie sua pr\u00f3pria lista, por bairros de Pelotas ou de outras cidades e nos envie atrav\u00e9s do &#8220;Contato&#8221; no menu principal para atualizarmos o nosso site.<\/p>\n<p>V\u00eddeo do jogo &#8220;N\u00f3s&#8221;:\u00a0<a href=\"https:\/\/youtu.be\/dpVefDDZ_T4?si=I8J2g5n6vlIRqGoH\">https:\/\/youtu.be\/dpVefDDZ_T4?si=I8J2g5n6vlIRqGoH<\/a><\/p>\n<hr \/>\n<p><strong>Atividades extra:\u00a0<\/strong>Consulte o &#8220;Roteiro Sa\u00fade Mental na Escola&#8221; com sugest\u00f5es para outras atividades, dentre elas a &#8220;Ciranda da Reflex\u00e3o&#8221;, que utiliza um video-guia para medita\u00e7\u00e3o:\u00a0<a href=\"https:\/\/youtu.be\/jjdC9aQVKZw\">https:\/\/youtu.be\/jjdC9aQVKZw<\/a><\/p>\n","protected":false},"excerpt":{"rendered":"<p>Aqui voc\u00ea encontrar\u00e1 os materiais de apoio para as rodas de conversa e brincadeira Acesse o Roteiro completo aqui: Roteiro SM na Escola &#8211; set.24 ou apenas as fichas das rodas de conversa e brincadeira, numa vers\u00e3o para impress\u00e3o: Fichas-das-rodas-de-conversa-versao.impressao Roda 1 &#8211; Integra\u00e7\u00e3o e sensibiliza\u00e7\u00e3o \u00c1udio da medita\u00e7\u00e3o guiada: Audio.relaxamento V\u00eddeo &#8220;Jogo da Bolinha [&hellip;]<\/p>\n","protected":false},"author":1240,"featured_media":0,"parent":23,"menu_order":0,"comment_status":"closed","ping_status":"closed","template":"","meta":{"footnotes":""},"class_list":["post-241","page","type-page","status-publish","hentry","post"],"jetpack_sharing_enabled":true,"_links":{"self":[{"href":"https:\/\/wp.ufpel.edu.br\/smcena\/wp-json\/wp\/v2\/pages\/241","targetHints":{"allow":["GET"]}}],"collection":[{"href":"https:\/\/wp.ufpel.edu.br\/smcena\/wp-json\/wp\/v2\/pages"}],"about":[{"href":"https:\/\/wp.ufpel.edu.br\/smcena\/wp-json\/wp\/v2\/types\/page"}],"author":[{"embeddable":true,"href":"https:\/\/wp.ufpel.edu.br\/smcena\/wp-json\/wp\/v2\/users\/1240"}],"replies":[{"embeddable":true,"href":"https:\/\/wp.ufpel.edu.br\/smcena\/wp-json\/wp\/v2\/comments?post=241"}],"version-history":[{"count":18,"href":"https:\/\/wp.ufpel.edu.br\/smcena\/wp-json\/wp\/v2\/pages\/241\/revisions"}],"predecessor-version":[{"id":388,"href":"https:\/\/wp.ufpel.edu.br\/smcena\/wp-json\/wp\/v2\/pages\/241\/revisions\/388"}],"up":[{"embeddable":true,"href":"https:\/\/wp.ufpel.edu.br\/smcena\/wp-json\/wp\/v2\/pages\/23"}],"wp:attachment":[{"href":"https:\/\/wp.ufpel.edu.br\/smcena\/wp-json\/wp\/v2\/media?parent=241"}],"curies":[{"name":"wp","href":"https:\/\/api.w.org\/{rel}","templated":true}]}}

<p><strong>Aqui você encontrará os materiais de apoio para as rodas de conversa e brincadeira</strong></p>
<p>Acesse o <strong>Roteiro completo</strong> aqui: <a href="https://wp.ufpel.edu.br/smcena/files/2024/09/Roteiro-SM-na-Escola-set.24.pdf">Roteiro SM na Escola &#8211; set.24</a></p>
<p>ou apenas as fichas das rodas de conversa e brincadeira, numa versão para impressão: <a href="https://wp.ufpel.edu.br/smcena/files/2024/05/Fichas-das-rodas-de-conversa-versao.impressao.pdf">Fichas-das-rodas-de-conversa-versao.impressao</a></p>
<p><strong>Roda 1 &#8211; Integração e sensibilização</strong></p>
<p>Áudio da meditação guiada: <a href="https://wp.ufpel.edu.br/smcena/files/2024/09/Audio-relaxamento-Luiza-Louzada-Saude-mental-em-cena-1.mp3">Audio.relaxamento</a></p>
<audio class="wp-audio-shortcode" id="audio-241-1" preload="none" style="width: 100%;" controls="controls"><source type="audio/mpeg" src="https://wp.ufpel.edu.br/smcena/files/2024/09/Audio-relaxamento-Luiza-Louzada-Saude-mental-em-cena-1.mp3?_=1" /><a href="https://wp.ufpel.edu.br/smcena/files/2024/09/Audio-relaxamento-Luiza-Louzada-Saude-mental-em-cena-1.mp3">https://wp.ufpel.edu.br/smcena/files/2024/09/Audio-relaxamento-Luiza-Louzada-Saude-mental-em-cena-1.mp3</a></audio>
<p>Vídeo &#8220;Jogo da Bolinha &#8211; caminhada pelo espaço&#8221;: <a href="https://youtu.be/A3Ea7M9qXFA?si=DY0YjYY09VV8YXC1">https://youtu.be/A3Ea7M9qXFA?si=DY0YjYY09VV8YXC1</a></p>
<p>Vídeo do jogo &#8220;Parte do todo&#8221;: <a href="https://youtu.be/imey8kbI4OM?si=o-hCDeIdz6tQcsAC">https://youtu.be/imey8kbI4OM?si=o-hCDeIdz6tQcsAC</a></p>
<p><strong>Roda 2 &#8211; O estigma dos problemas mentais</strong></p>
<p>Slides sobre estigma: <a href="https://wp.ufpel.edu.br/smcena/files/2022/11/Estigma.pdf">Estigma</a></p>
<p>Texto de apoio sobre estigma: <a href="https://wp.ufpel.edu.br/smcena/files/2023/07/Texto-de-apoio-Estigma.pdf">Texto-de-apoio-Estigma</a></p>
<p>Vídeo do jogo &#8220;Siga o mestre&#8221;: <a href="https://youtu.be/l3JJRF6EO5I?si=Fx140GmBsosci4dz">https://youtu.be/l3JJRF6EO5I?si=Fx140GmBsosci4dz</a></p>
<p><strong>Roda 3 &#8211; O que é saúde mental?</strong></p>
<p>Slides sobre saúde e doença mental: <a href="https://wp.ufpel.edu.br/smcena/files/2022/11/Saude-doenca-mental.2022.pdf">Saúde-doença-mental.2022</a></p>
<p>Atividade saúde e doença mental: <a href="https://wp.ufpel.edu.br/smcena/files/2023/07/Atividade-interdisciplinar-saude.doenca.mental.pdf">Atividade interdisciplinar &#8211; saúde.doença.mental</a></p>
<p>Vídeo do jogo &#8220;Mofongo&#8221;: <a href="https://youtu.be/h5mCA94uV-w?si=gFBcaYZin3hRtD4s">https://youtu.be/h5mCA94uV-w?si=gFBcaYZin3hRtD4s</a></p>
<p>Vídeo do jogo &#8220;Eu me sinto saudável quando&#8230;&#8221;: <a href="https://youtu.be/x0n8xEfpZ0w?si=1wVKeK3ZPObQ2Vy2">https://youtu.be/x0n8xEfpZ0w?si=1wVKeK3ZPObQ2Vy2</a></p>
<p><strong>Roda 4 &#8211; Os problemas mentais</strong></p>
<p>Slides sobre problemas mentais: <a href="https://wp.ufpel.edu.br/smcena/files/2023/07/Problemas-mentais.pdf">Problemas mentais</a></p>
<p>Vídeo do jogo &#8220;Corrida em câmera lenta&#8221;: <a href="https://youtu.be/8N0KN-TBvDI?si=p6IREgxg7YDHKzgh">https://youtu.be/8N0KN-TBvDI?si=p6IREgxg7YDHKzgh</a></p>
<p><strong>Roda 5 &#8211; Cuidando da saúde mental</strong></p>
<p>Textos de apoio:</p>
<p>Manual de práticas integrativas e complementares: <a href="https://wp.ufpel.edu.br/smcena/files/2024/09/Manual_de_praticas_integrativas_e_complementares.pdf">Manual_de_praticas_integrativas_e_complementares</a></p>
<p>Política nacional de práticas integrativas e complementares: <a href="https://wp.ufpel.edu.br/smcena/files/2024/09/politica_nacional_praticas_integrativas_complementares_2ed.pdf">politica_nacional_praticas_integrativas_complementares_2ed</a></p>
<p>Intervenções psicossociais na atenção básica &#8211;  <a href="https://wp.ufpel.edu.br/ipab/">https://wp.ufpel.edu.br/ipab/</a></p>
<p><strong>Roda 6 &#8211; A busca de ajuda</strong></p>
<p>Veja no menu principal desse site, em &#8220;Buscando ajuda&#8221;, uma lista de recursos na cidade de Pelotas; crie sua própria lista, por bairros de Pelotas ou de outras cidades e nos envie através do &#8220;Contato&#8221; no menu principal para atualizarmos o nosso site.</p>
<p>Vídeo do jogo &#8220;Nós&#8221;: <a href="https://youtu.be/dpVefDDZ_T4?si=I8J2g5n6vlIRqGoH">https://youtu.be/dpVefDDZ_T4?si=I8J2g5n6vlIRqGoH</a></p>
<hr />
<p><strong>Atividades extra: </strong>Consulte o &#8220;Roteiro Saúde Mental na Escola&#8221; com sugestões para outras atividades, dentre elas a &#8220;Ciranda da Reflexão&#8221;, que utiliza um video-guia para meditação: <a href="https://youtu.be/jjdC9aQVKZw">https://youtu.be/jjdC9aQVKZw</a></p>

<p>Aqui você encontrará os materiais de apoio para as rodas de conversa e brincadeira Acesse o Roteiro completo aqui: Roteiro SM na Escola &#8211; set.24 ou apenas as fichas das rodas de conversa e brincadeira, numa versão para impressão: Fichas-das-rodas-de-conversa-versao.impressao Roda 1 &#8211; Integração e sensibilização Áudio da meditação guiada: Audio.relaxamento Vídeo &#8220;Jogo da Bolinha [&hellip;]</p>
