{"id":213,"date":"2024-04-17T11:39:08","date_gmt":"2024-04-17T14:39:08","guid":{"rendered":"https:\/\/wp.ufpel.edu.br\/smcena\/?page_id=213"},"modified":"2025-08-22T11:53:43","modified_gmt":"2025-08-22T14:53:43","slug":"publicacoes","status":"publish","type":"page","link":"https:\/\/wp.ufpel.edu.br\/smcena\/sobre-o-projeto\/publicacoes\/","title":{"rendered":"Publica\u00e7\u00f5es"},"content":{"rendered":"<p>+\u00a0 Andressa dos Anjos, Lorena Schufer, Luis Moura, Marina de Oliveira, Dinarte Ballester. SA\u00daDE MENTAL EM CENA: UM CAMINHO POSS\u00cdVEL PARA DEBATER O TEMA NAS ESCOLAS.\u00a0 Anais do X Congresso de Extens\u00e3o e Cultura da UFPEL, p. 1100-1102, 2023: <a href=\"https:\/\/wp.ufpel.edu.br\/smcena\/files\/2024\/09\/Educac\u0327a\u0303o_rev1.pdf\">Educac\u0327a\u0303o_rev1<\/a><\/p>\n<p>+\u00a0 Marceline Gigante de Brum, Joana de Almeida Konzgen, Lu\u00edza Louzada dos Reis, Marina de Lima Lopes, Marina de Oliveira, Dinarte Ballester. SA\u00daDE MENTAL EM CENA: RELATO DAS RODAS DE VALIDA\u00c7\u00c3O DE UM PROJETO DE EXTENS\u00c3O ENVOLVENDO MEDICINA E TEATRO.\u00a0 Anais do X Congresso de Extens\u00e3o e Cultura da UFPEL, p. 1659-1652, 2023: <a href=\"https:\/\/wp.ufpel.edu.br\/smcena\/files\/2024\/09\/Sau\u0301de_rev1.pdf\">Sau\u0301de_rev1<\/a><\/p>\n<p>+\u00a0 Dinarte Alexandre Ballester, Alessandra Pereira de Souza, Caique Soveral Fulco Santana, C\u00ednthia Rodriguez, Lu\u00eds Henrique Oliveira de Moura, Tatiane da Silva Ara\u00fajo Braga. SA\u00daDE MENTAL NA ESCOLA: RESULTADOS PRELIMINARES DE UMA A\u00c7\u00c3O ENTRE PROFESSORES E ALUNOS DO ENSINO FUNDAMENTAL. Expressa Extens\u00e3o. ISSN 2358-8195 , v. 26, n. 2, p. 1-10, MAI-AGO, 2021: <a href=\"https:\/\/wp.ufpel.edu.br\/smcena\/files\/2024\/09\/relatorio.expressa.extensao.pdf\">relat\u00f3rio.expressa.extens\u00e3o<\/a><\/p>\n<p>+\u00a0 Dinarte Alexandre Ballester, Beatriz Floriam Foltram, Bruno Bezerra Silva, Felipe Barbosa Butze, Isabela Santiago Pizani, Luiza Mainardi Ribas. SA\u00daDE MENTAL NA ESCOLA: REINVENTANDO UMA EXPERI\u00caNCIA EXTENSIONISTA NA PANDEMIA DA COVID-19. In: Conex\u00f5es para um tempo suspenso [recurso eletr\u00f4nico] : extens\u00e3o universit\u00e1ria na pandemia. \/ organizadoras: Francisca Ferreira Michelon, Ana da Rosa Bandeira, Paula Garcia Lima e Let\u00edcia Silva Dutra Zimmermann. \u2013 Pelotas: Ed. UFPel, 2020. p. 473-483: <a href=\"https:\/\/guaiaca.ufpel.edu.br\/handle\/prefix\/6834\">https:\/\/guaiaca.ufpel.edu.br\/handle\/prefix\/6834<\/a><\/p>\n<p>+ Dinarte Ballester, Marina de Oliveira, Joaquim dos Santos. Sa\u00fade mental em cena: novos caminhos para a promo\u00e7\u00e3o do bem-estar na escola. In: Pr\u00e1ticas pedag\u00f3gicas contempor\u00e2neas: vivendo metodologias inspiradoras [recurso eletr\u00f4nico] \/ Ursula Rosa da Silva, Ana da Rosa Bandeira (Organizadoras). \u2013 Pelotas: Ed. UFPel, 2025. 207 p.: il.: <a href=\"https:\/\/wp.ufpel.edu.br\/smcena\/files\/2025\/08\/Praticas_pedagogicas_contemporaneas_vivendo_metodologias_inspiradorasEd.Ufpel2025f-1.pdf\">Pr\u00e1ticas_pedag\u00f3gicas_contempor\u00e2neas_vivendo_metodologias_inspiradoras[Ed.Ufpel][2025]f (1)<\/a><\/p>\n<p>&nbsp;<\/p>\n<p>&nbsp;<\/p>\n<p>&nbsp;<\/p>\n<p>&nbsp;<\/p>\n<p>&nbsp;<\/p>\n","protected":false},"excerpt":{"rendered":"<p>+\u00a0 Andressa dos Anjos, Lorena Schufer, Luis Moura, Marina de Oliveira, Dinarte Ballester. SA\u00daDE MENTAL EM CENA: UM CAMINHO POSS\u00cdVEL PARA DEBATER O TEMA NAS ESCOLAS.\u00a0 Anais do X Congresso de Extens\u00e3o e Cultura da UFPEL, p. 1100-1102, 2023: Educac\u0327a\u0303o_rev1 +\u00a0 Marceline Gigante de Brum, Joana de Almeida Konzgen, Lu\u00edza Louzada dos Reis, Marina de [&hellip;]<\/p>\n","protected":false},"author":1240,"featured_media":0,"parent":30,"menu_order":2,"comment_status":"closed","ping_status":"closed","template":"","meta":{"footnotes":""},"class_list":["post-213","page","type-page","status-publish","hentry","post"],"jetpack_sharing_enabled":true,"_links":{"self":[{"href":"https:\/\/wp.ufpel.edu.br\/smcena\/wp-json\/wp\/v2\/pages\/213","targetHints":{"allow":["GET"]}}],"collection":[{"href":"https:\/\/wp.ufpel.edu.br\/smcena\/wp-json\/wp\/v2\/pages"}],"about":[{"href":"https:\/\/wp.ufpel.edu.br\/smcena\/wp-json\/wp\/v2\/types\/page"}],"author":[{"embeddable":true,"href":"https:\/\/wp.ufpel.edu.br\/smcena\/wp-json\/wp\/v2\/users\/1240"}],"replies":[{"embeddable":true,"href":"https:\/\/wp.ufpel.edu.br\/smcena\/wp-json\/wp\/v2\/comments?post=213"}],"version-history":[{"count":4,"href":"https:\/\/wp.ufpel.edu.br\/smcena\/wp-json\/wp\/v2\/pages\/213\/revisions"}],"predecessor-version":[{"id":417,"href":"https:\/\/wp.ufpel.edu.br\/smcena\/wp-json\/wp\/v2\/pages\/213\/revisions\/417"}],"up":[{"embeddable":true,"href":"https:\/\/wp.ufpel.edu.br\/smcena\/wp-json\/wp\/v2\/pages\/30"}],"wp:attachment":[{"href":"https:\/\/wp.ufpel.edu.br\/smcena\/wp-json\/wp\/v2\/media?parent=213"}],"curies":[{"name":"wp","href":"https:\/\/api.w.org\/{rel}","templated":true}]}}

Publicações

<p>+  Andressa dos Anjos, Lorena Schufer, Luis Moura, Marina de Oliveira, Dinarte Ballester. SAÚDE MENTAL EM CENA: UM CAMINHO POSSÍVEL PARA DEBATER O TEMA NAS ESCOLAS.  Anais do X Congresso de Extensão e Cultura da UFPEL, p. 1100-1102, 2023: <a href="https://wp.ufpel.edu.br/smcena/files/2024/09/Educação_rev1.pdf">Educação_rev1</a></p>
<p>+  Marceline Gigante de Brum, Joana de Almeida Konzgen, Luíza Louzada dos Reis, Marina de Lima Lopes, Marina de Oliveira, Dinarte Ballester. SAÚDE MENTAL EM CENA: RELATO DAS RODAS DE VALIDAÇÃO DE UM PROJETO DE EXTENSÃO ENVOLVENDO MEDICINA E TEATRO.  Anais do X Congresso de Extensão e Cultura da UFPEL, p. 1659-1652, 2023: <a href="https://wp.ufpel.edu.br/smcena/files/2024/09/Saúde_rev1.pdf">Saúde_rev1</a></p>
<p>+  Dinarte Alexandre Ballester, Alessandra Pereira de Souza, Caique Soveral Fulco Santana, Cínthia Rodriguez, Luís Henrique Oliveira de Moura, Tatiane da Silva Araújo Braga. SAÚDE MENTAL NA ESCOLA: RESULTADOS PRELIMINARES DE UMA AÇÃO ENTRE PROFESSORES E ALUNOS DO ENSINO FUNDAMENTAL. Expressa Extensão. ISSN 2358-8195 , v. 26, n. 2, p. 1-10, MAI-AGO, 2021: <a href="https://wp.ufpel.edu.br/smcena/files/2024/09/relatorio.expressa.extensao.pdf">relatório.expressa.extensão</a></p>
<p>+  Dinarte Alexandre Ballester, Beatriz Floriam Foltram, Bruno Bezerra Silva, Felipe Barbosa Butze, Isabela Santiago Pizani, Luiza Mainardi Ribas. SAÚDE MENTAL NA ESCOLA: REINVENTANDO UMA EXPERIÊNCIA EXTENSIONISTA NA PANDEMIA DA COVID-19. In: Conexões para um tempo suspenso [recurso eletrônico] : extensão universitária na pandemia. / organizadoras: Francisca Ferreira Michelon, Ana da Rosa Bandeira, Paula Garcia Lima e Letícia Silva Dutra Zimmermann. – Pelotas: Ed. UFPel, 2020. p. 473-483: <a href="https://guaiaca.ufpel.edu.br/handle/prefix/6834">https://guaiaca.ufpel.edu.br/handle/prefix/6834</a></p>
<p>+ Dinarte Ballester, Marina de Oliveira, Joaquim dos Santos. Saúde mental em cena: novos caminhos para a promoção do bem-estar na escola. In: Práticas pedagógicas contemporâneas: vivendo metodologias inspiradoras [recurso eletrônico] / Ursula Rosa da Silva, Ana da Rosa Bandeira (Organizadoras). – Pelotas: Ed. UFPel, 2025. 207 p.: il.: <a href="https://wp.ufpel.edu.br/smcena/files/2025/08/Praticas_pedagogicas_contemporaneas_vivendo_metodologias_inspiradorasEd.Ufpel2025f-1.pdf">Práticas_pedagógicas_contemporâneas_vivendo_metodologias_inspiradoras[Ed.Ufpel][2025]f (1)</a></p>
<p>&nbsp;</p>
<p>&nbsp;</p>
<p>&nbsp;</p>
<p>&nbsp;</p>
<p>&nbsp;</p>

<p>+  Andressa dos Anjos, Lorena Schufer, Luis Moura, Marina de Oliveira, Dinarte Ballester. SAÚDE MENTAL EM CENA: UM CAMINHO POSSÍVEL PARA DEBATER O TEMA NAS ESCOLAS.  Anais do X Congresso de Extensão e Cultura da UFPEL, p. 1100-1102, 2023: Educação_rev1 +  Marceline Gigante de Brum, Joana de Almeida Konzgen, Luíza Louzada dos Reis, Marina de [&hellip;]</p>
