{"id":204,"date":"2024-04-17T11:28:04","date_gmt":"2024-04-17T14:28:04","guid":{"rendered":"https:\/\/wp.ufpel.edu.br\/smcena\/?page_id=204"},"modified":"2024-07-05T17:49:39","modified_gmt":"2024-07-05T20:49:39","slug":"buscando-ajuda","status":"publish","type":"page","link":"https:\/\/wp.ufpel.edu.br\/smcena\/buscando-ajuda\/","title":{"rendered":"Buscando ajuda"},"content":{"rendered":"<p><strong>Encontre aqui alguns recursos para a aten\u00e7\u00e3o \u00e0 sa\u00fade mental das crian\u00e7as e adolescentes de Pelotas:<\/strong><\/p>\n<p><em># Servi\u00e7os de Sa\u00fade Mental<\/em>:\u00a0<a href=\"https:\/\/wp.ufpel.edu.br\/smcena\/files\/2024\/04\/SERVICOS-DE-SAUDE-PARA-CRIANCAS-E-ADOLESCENTES-EM-PELOTAS-E-REGIAO.pdf\">SERVI\u00c7OS DE SA\u00daDE PARA CRIAN\u00c7AS E ADOLESCENTES EM PELOTAS E REGI\u00c3O<\/a><\/p>\n<p><em>+ <\/em>Carta de Servi\u00e7os da Secretaria Municipal de Sa\u00fade: <a href=\"https:\/\/wp.ufpel.edu.br\/smcena\/files\/2024\/04\/CARTA_SERVICOS.pdf\">CARTA_SERVICOS<\/a><\/p>\n<p><em># Servi\u00e7os da Secretaria Municipal de Educa\u00e7\u00e3o e Desporto<\/em>:\u00a0<a href=\"https:\/\/site.pelotas.com.br\/educacao\/portal\/\">https:\/\/site.pelotas.com.br\/educacao\/portal\/<\/a><\/p>\n<p>+ Centro de Atendimento ao Autista Doutor Danilo Rolim de Moura:<\/p>\n<p><a href=\"https:\/\/www.pelotas.rs.gov.br\/noticia\/centro-de-autismo-chega-a-550-pessoas-assistidas#:~:text=Centro%20est%C3%A1%20localizado%20na%20rua,conta%20com%20550%20pessoas%20assistidas.\">https:\/\/www.pelotas.rs.gov.br\/noticia\/centro-de-autismo-chega-a-550-pessoas-assistidas#:~:text=Centro%20est%C3%A1%20localizado%20na%20rua,conta%20com%20550%20pessoas%20assistidas.<\/a><\/p>\n<p># S<em>ervi\u00e7os da Comunidade<\/em>:<\/p>\n<p>+ AMPHARO &#8211; Associa\u00e7\u00e3o de Amigos, Pais e M\u00e3es de Autistas:<\/p>\n<p><a href=\"https:\/\/www.facebook.com\/amparho.autismo\/?paipv=0&amp;eav=AfZmGArNCR28yKi5oKW8J16ouwFAxdUrHLISoGzP7wpUlK6EP7tEChOy2fr0dzsDd10&amp;_rdr\">https:\/\/www.facebook.com\/amparho.autismo\/?paipv=0&amp;eav=AfZmGArNCR28yKi5oKW8J16ouwFAxdUrHLISoGzP7wpUlK6EP7tEChOy2fr0dzsDd10&amp;_rdr<\/a><\/p>\n<p>+ EntreLa\u00e7os &#8211; Grupo de apoio a pais de crian\u00e7as e adolescentes com autismo: contato Whats (53) 991661284<\/p>\n<p><img loading=\"lazy\" decoding=\"async\" class=\"alignnone wp-image-339\" src=\"https:\/\/wp.ufpel.edu.br\/smcena\/files\/2024\/07\/entrelacos-225x400.jpeg\" alt=\"\" width=\"211\" height=\"375\" srcset=\"https:\/\/wp.ufpel.edu.br\/smcena\/files\/2024\/07\/entrelacos-225x400.jpeg 225w, https:\/\/wp.ufpel.edu.br\/smcena\/files\/2024\/07\/entrelacos-576x1024.jpeg 576w, https:\/\/wp.ufpel.edu.br\/smcena\/files\/2024\/07\/entrelacos-768x1365.jpeg 768w, https:\/\/wp.ufpel.edu.br\/smcena\/files\/2024\/07\/entrelacos-864x1536.jpeg 864w, https:\/\/wp.ufpel.edu.br\/smcena\/files\/2024\/07\/entrelacos.jpeg 900w\" sizes=\"auto, (max-width: 211px) 100vw, 211px\" \/><\/p>\n<p>&nbsp;<\/p>\n","protected":false},"excerpt":{"rendered":"<p>Encontre aqui alguns recursos para a aten\u00e7\u00e3o \u00e0 sa\u00fade mental das crian\u00e7as e adolescentes de Pelotas: # Servi\u00e7os de Sa\u00fade Mental:\u00a0SERVI\u00c7OS DE SA\u00daDE PARA CRIAN\u00c7AS E ADOLESCENTES EM PELOTAS E REGI\u00c3O + Carta de Servi\u00e7os da Secretaria Municipal de Sa\u00fade: CARTA_SERVICOS # Servi\u00e7os da Secretaria Municipal de Educa\u00e7\u00e3o e Desporto:\u00a0https:\/\/site.pelotas.com.br\/educacao\/portal\/ + Centro de Atendimento ao [&hellip;]<\/p>\n","protected":false},"author":1240,"featured_media":0,"parent":0,"menu_order":3,"comment_status":"closed","ping_status":"closed","template":"","meta":{"footnotes":""},"class_list":["post-204","page","type-page","status-publish","hentry","post"],"jetpack_sharing_enabled":true,"_links":{"self":[{"href":"https:\/\/wp.ufpel.edu.br\/smcena\/wp-json\/wp\/v2\/pages\/204","targetHints":{"allow":["GET"]}}],"collection":[{"href":"https:\/\/wp.ufpel.edu.br\/smcena\/wp-json\/wp\/v2\/pages"}],"about":[{"href":"https:\/\/wp.ufpel.edu.br\/smcena\/wp-json\/wp\/v2\/types\/page"}],"author":[{"embeddable":true,"href":"https:\/\/wp.ufpel.edu.br\/smcena\/wp-json\/wp\/v2\/users\/1240"}],"replies":[{"embeddable":true,"href":"https:\/\/wp.ufpel.edu.br\/smcena\/wp-json\/wp\/v2\/comments?post=204"}],"version-history":[{"count":10,"href":"https:\/\/wp.ufpel.edu.br\/smcena\/wp-json\/wp\/v2\/pages\/204\/revisions"}],"predecessor-version":[{"id":341,"href":"https:\/\/wp.ufpel.edu.br\/smcena\/wp-json\/wp\/v2\/pages\/204\/revisions\/341"}],"wp:attachment":[{"href":"https:\/\/wp.ufpel.edu.br\/smcena\/wp-json\/wp\/v2\/media?parent=204"}],"curies":[{"name":"wp","href":"https:\/\/api.w.org\/{rel}","templated":true}]}}

<p><strong>Encontre aqui alguns recursos para a atenção à saúde mental das crianças e adolescentes de Pelotas:</strong></p>
<p><em># Serviços de Saúde Mental</em>: <a href="https://wp.ufpel.edu.br/smcena/files/2024/04/SERVICOS-DE-SAUDE-PARA-CRIANCAS-E-ADOLESCENTES-EM-PELOTAS-E-REGIAO.pdf">SERVIÇOS DE SAÚDE PARA CRIANÇAS E ADOLESCENTES EM PELOTAS E REGIÃO</a></p>
<p><em>+ </em>Carta de Serviços da Secretaria Municipal de Saúde: <a href="https://wp.ufpel.edu.br/smcena/files/2024/04/CARTA_SERVICOS.pdf">CARTA_SERVICOS</a></p>
<p><em># Serviços da Secretaria Municipal de Educação e Desporto</em>: <a href="https://site.pelotas.com.br/educacao/portal/">https://site.pelotas.com.br/educacao/portal/</a></p>
<p>+ Centro de Atendimento ao Autista Doutor Danilo Rolim de Moura:</p>
<p><a href="https://www.pelotas.rs.gov.br/noticia/centro-de-autismo-chega-a-550-pessoas-assistidas#:~:text=Centro%20est%C3%A1%20localizado%20na%20rua,conta%20com%20550%20pessoas%20assistidas.">https://www.pelotas.rs.gov.br/noticia/centro-de-autismo-chega-a-550-pessoas-assistidas#:~:text=Centro%20est%C3%A1%20localizado%20na%20rua,conta%20com%20550%20pessoas%20assistidas.</a></p>
<p># S<em>erviços da Comunidade</em>:</p>
<p>+ AMPHARO &#8211; Associação de Amigos, Pais e Mães de Autistas:</p>
<p><a href="https://www.facebook.com/amparho.autismo/?paipv=0&amp;eav=AfZmGArNCR28yKi5oKW8J16ouwFAxdUrHLISoGzP7wpUlK6EP7tEChOy2fr0dzsDd10&amp;_rdr">https://www.facebook.com/amparho.autismo/?paipv=0&amp;eav=AfZmGArNCR28yKi5oKW8J16ouwFAxdUrHLISoGzP7wpUlK6EP7tEChOy2fr0dzsDd10&amp;_rdr</a></p>
<p>+ EntreLaços &#8211; Grupo de apoio a pais de crianças e adolescentes com autismo: contato Whats (53) 991661284</p>
<p><img loading="lazy" decoding="async" class="alignnone wp-image-339" src="https://wp.ufpel.edu.br/smcena/files/2024/07/entrelacos-225x400.jpeg" alt="" width="211" height="375" srcset="https://wp.ufpel.edu.br/smcena/files/2024/07/entrelacos-225x400.jpeg 225w, https://wp.ufpel.edu.br/smcena/files/2024/07/entrelacos-576x1024.jpeg 576w, https://wp.ufpel.edu.br/smcena/files/2024/07/entrelacos-768x1365.jpeg 768w, https://wp.ufpel.edu.br/smcena/files/2024/07/entrelacos-864x1536.jpeg 864w, https://wp.ufpel.edu.br/smcena/files/2024/07/entrelacos.jpeg 900w" sizes="auto, (max-width: 211px) 100vw, 211px" /></p>
<p>&nbsp;</p>

<p>Encontre aqui alguns recursos para a atenção à saúde mental das crianças e adolescentes de Pelotas: # Serviços de Saúde Mental: SERVIÇOS DE SAÚDE PARA CRIANÇAS E ADOLESCENTES EM PELOTAS E REGIÃO + Carta de Serviços da Secretaria Municipal de Saúde: CARTA_SERVICOS # Serviços da Secretaria Municipal de Educação e Desporto: https://site.pelotas.com.br/educacao/portal/ + Centro de Atendimento ao [&hellip;]</p>
