{"id":967,"date":"2018-01-15T08:52:41","date_gmt":"2018-01-15T10:52:41","guid":{"rendered":"https:\/\/wp.ufpel.edu.br\/sisu\/?page_id=967"},"modified":"2018-08-02T10:13:17","modified_gmt":"2018-08-02T13:13:17","slug":"resultados-da-avaliacao-socioeconomica-sisu-2018-1","status":"publish","type":"page","link":"https:\/\/wp.ufpel.edu.br\/sisu\/editais-selecao-socioeconomica\/resultados-da-avaliacao-socioeconomica-sisu-2018-1\/","title":{"rendered":"Resultados da avalia\u00e7\u00e3o socioecon\u00f4mica SISU 2018\/1"},"content":{"rendered":"<p><a href=\"https:\/\/wp.ufpel.edu.br\/sisu\/2018\/08\/02\/retificacao-do-resultado-final-do-edital-004-2018-cota-social-l1-6-convocacao-sisu-2018-1\/\">RETIFICA\u00c7\u00c3O DO RESULTADO FINAL DO EDITAL 004\/2018 \u2013 COTA SOCIAL L1 6\u00b0 CONVOCA\u00c7\u00c3O\u2013SISU 2018\/1<\/a><\/p>\n<p><a href=\"https:\/\/wp.ufpel.edu.br\/sisu\/2018\/07\/31\/resultado-final-do-edital-004-2018-cotas-sociais-l1-l2-l9-e-l10-11a-convocacao-sisu-2018-1\/\">RESULTADO FINAL DO EDITAL 004\/2018 COTAS SOCIAIS L1, L2, L9 e L10 11\u00aa CONVOCA\u00c7\u00c3O- SISU 2018\/1<\/a><\/p>\n<p><a href=\"https:\/\/wp.ufpel.edu.br\/sisu\/2018\/07\/31\/resultado-final-do-edital-004-2018-cotas-sociais-l1-l2-l9-e-l10-9a-convocacao-sisu-2018-1\/\">RESULTADO FINAL DO EDITAL 004\/2018 COTAS SOCIAIS L1, L2, L9 e L10 9\u00aa CONVOCA\u00c7\u00c3O- SISU 2018\/1<\/a><\/p>\n<p><a href=\"https:\/\/wp.ufpel.edu.br\/sisu\/2018\/07\/31\/resultado-final-do-edital-004-2018-cotas-sociais-l1-l2-l9-e-l10-8a-convocacao-sisu-2018-1\/\">RESULTADO FINAL DO EDITAL 004\/2018 COTAS SOCIAIS L1, L2, L9 e L10 8\u00aa CONVOCA\u00c7\u00c3O- SISU 2018\/1<\/a><\/p>\n<p><a href=\"https:\/\/wp.ufpel.edu.br\/sisu\/2018\/07\/31\/resultado-final-do-edital-004-2018-cotas-sociais-l1-l2-l9-e-l10-7a-convocacao-sisu-2018-1\/\">RESULTADO FINAL DO EDITAL 004\/2018 COTAS SOCIAIS L1, L2, L9 e L10 7\u00aa CONVOCA\u00c7\u00c3O- SISU 2018\/1<\/a><\/p>\n<p><a href=\"https:\/\/wp.ufpel.edu.br\/sisu\/2018\/07\/31\/resultado-final-do-edital-004-2018-cotas-sociais-l1-l2-l9-e-l10-6a-convocacao-sisu-2018-1\/\">RESULTADO FINAL DO EDITAL 004\/2018 COTAS SOCIAIS L1, L2, L9 e L10 6\u00aa CONVOCA\u00c7\u00c3O- SISU 2018\/1<\/a><\/p>\n<p><a href=\"https:\/\/wp.ufpel.edu.br\/sisu\/2018\/07\/31\/resultado-final-do-edital-004-2018-cotas-sociais-l1-l2-l9-e-l10-4a-convocacao-sisu-2018-1\/\">RESULTADO FINAL DO EDITAL 004\/2018 COTAS SOCIAIS L1, L2, L9 e L10 4\u00aa CONVOCA\u00c7\u00c3O- SISU 2018\/1<\/a><\/p>\n<p><a href=\"https:\/\/wp.ufpel.edu.br\/sisu\/2018\/07\/31\/resultado-final-do-edital-004-2018-cotas-sociais-l1-l2-l9-e-l10-3a-convocacao-sisu-2018-1\/\">RESULTADO FINAL DO EDITAL 004\/2018 COTAS SOCIAIS L1, L2, L9 e L10 3\u00aa CONVOCA\u00c7\u00c3O- SISU 2018\/1<\/a><\/p>\n<p><a href=\"https:\/\/wp.ufpel.edu.br\/sisu\/2018\/07\/31\/resultado-final-do-edital-004-2018-cotas-sociais-l1-l2-l9-e-l10-2a-convocacao-sisu-2018-1\/\">RESULTADO FINAL DO EDITAL 004\/2018 COTAS SOCIAIS L1, L2, L9 e L10 2\u00aa CONVOCA\u00c7\u00c3O- SISU 2018\/1<\/a><\/p>\n<p><a href=\"https:\/\/wp.ufpel.edu.br\/sisu\/2018\/07\/16\/resultado-final-do-edital-004-2018-cra-cotas-sociais-l1-l2-l9-e-l10-1a-convocacao-sisu-2018-1\/\">RESULTADO FINAL DO EDITAL 004\/2018 CRA COTAS SOCIAIS L1, L2, L9 e L10 1\u00aa CONVOCA\u00c7\u00c3O- SISU 2018\/1<\/a><\/p>\n<p><a href=\"https:\/\/wp.ufpel.edu.br\/sisu\/2018\/07\/11\/resultado-parcial-do-edital-003-2018-cra-11a-convocacao-sisu-2018-1-cotas-sociais-l1\/\">RESULTADO PARCIAL DO EDITAL 003\/2018 \u2013 CRA 11\u00aa CONVOCA\u00c7\u00c3O SISU 2018\/1 COTAS SOCIAIS L1<\/a><\/p>\n<p><a href=\"https:\/\/wp.ufpel.edu.br\/sisu\/2018\/06\/18\/retificacao-do-resultado-final-do-edital-002-2018-cra-cotas-sociais-l1-e-l2-chamada-regular-sisu-2018-1\/\">RETIFICA\u00c7\u00c3O DO RESULTADO FINAL DO EDITAL 002\/2018 \u2013 CRA COTAS SOCIAIS L1 e L2 CHAMADA REGULAR SISU 2018\/1<\/a><\/p>\n<p><a href=\"https:\/\/wp.ufpel.edu.br\/sisu\/2018\/05\/23\/retificacao-do-resultado-finaldo-edital-002-2018-cra-sisu-2018-1-cotas-sociais-l1-e-l2-chamada-regular-sisu-2018-1\/\">RETIFICA\u00c7\u00c3O DO RESULTADO FINAL DO EDITAL 002\/2018 \u2013 CRA SISU 2018\/1 COTAS SOCIAIS L1 e L2 CHAMADA REGULAR <\/a><\/p>\n<p><a href=\"https:\/\/wp.ufpel.edu.br\/sisu\/2018\/05\/18\/resultado-final-do-edital-002-2018-cra-sisu-2018-1-cotas-sociais-l1-l2-l9-e-l10-chamada-regular-sisu-2018-1\/\">RESULTADO FINAL DO EDITAL 002\/2018 CRA COTAS SOCIAIS L1, L2, L9 e L10 CHAMADA REGULAR SISU 2018\/1<\/a><\/p>\n<p><a href=\"https:\/\/wp.ufpel.edu.br\/sisu\/2018\/05\/16\/resultado-parcial-do-edital-004-2018-cra-9a-convocacao-sisu-2018-1-cotas-sociais-l1-l2-l9-e-l10\/\">RESULTADO PARCIAL DO EDITAL 004\/2018 9\u00aa CONVOCA\u00c7\u00c3O COTAS SOCIAIS L1, L2, L9 E L10<\/a><\/p>\n<p><a href=\"https:\/\/wp.ufpel.edu.br\/sisu\/2018\/05\/16\/resultado-parcial-do-edital-004-2018-cra-8a-convocacao-sisu-2018-1-cotas-sociais-l1-l2-l9-e-l10\/\">RESULTADO PARCIAL DO EDITAL 004\/2018 8\u00aa CONVOCA\u00c7\u00c3O COTAS SOCIAIS L1, L2, L9 E L10<\/a><\/p>\n<p><a href=\"https:\/\/wp.ufpel.edu.br\/sisu\/2018\/05\/16\/resultado-parcial-do-edital-004-2018-cra-7a-convocacao-sisu-2018-1-cotas-sociais-l1-l2-l9-e-l10\/\">RESULTADO PARCIAL DO EDITAL 004\/2018 7\u00aa CONVOCA\u00c7\u00c3O COTAS SOCIAIS L1, L2, L9 E L10<\/a><\/p>\n<p><a href=\"https:\/\/wp.ufpel.edu.br\/sisu\/2018\/05\/16\/resultado-parcial-do-edital-004-2018-cra-6a-convocacao-sisu-2018-1-cotas-sociais-l1-l2-l9-e-l10\/\">RESULTADO PARCIAL DO EDITAL 004\/2018 6\u00aa CONVOCA\u00c7\u00c3O COTAS SOCIAIS L1, L2, L9 E L10<\/a><\/p>\n<p><a href=\"https:\/\/wp.ufpel.edu.br\/sisu\/2018\/05\/09\/resultado-final-do-edital-004-2018-cra-sisu-2018-1-cotas-sociais-l1-e-l2-5a-convocacao-sisu-2018-1\/\">RESULTADO FINAL DO EDITAL 004\/2018 COTAS SOCIAIS L1 e L2 5\u00aa CONVOCA\u00c7\u00c3O<\/a><\/p>\n<p><a href=\"https:\/\/wp.ufpel.edu.br\/sisu\/2018\/05\/09\/resultado-parcial-do-edital-004-2018-cra-sisu-2018-1-cotas-sociais-l1-l2-l9-e-l10-4a-convocacaosisu-2018-1\/\">RESULTADO PARCIAL DO EDITAL 004\/2018 COTAS SOCIAIS L1, L2, L9 E L10 4\u00aa CONVOCA\u00c7\u00c3O<\/a><\/p>\n<p><a href=\"https:\/\/wp.ufpel.edu.br\/sisu\/2018\/04\/27\/resultado-parcial-do-edital-004-2018-cra-sisu-2018-1-cotas-sociais-l1-l2-l9-e-l10-3a-convocacao-sisu-2018-1\/\">RESULTADO PARCIAL DO EDITAL 004\/2018 COTAS SOCIAIS L1, L2, L9 E L10 3 CONVOCA\u00c7\u00c3O<\/a><\/p>\n<p><a href=\"https:\/\/wp.ufpel.edu.br\/sisu\/2018\/04\/27\/resultado-parcial-do-edital-004-2018-cra-sisu-2018-1-cotas-sociais-l1-l2-l9-e-l10-2a-convocacao-sisu-2018-1\/\">RESULTADO PARCIAL DO EDITAL 004\/2018 COTAS SOCIAIS L1, L2, L9 E L10 &#8211; 2 CONVOCA\u00c7\u00c3O<\/a><\/p>\n<p><a href=\"https:\/\/wp.ufpel.edu.br\/sisu\/2018\/04\/24\/resultado-parcial-do-edital-04-2018-cra-sisu-2018-1-cotas-sociais-l1-l2-l9-e-l10-1a-convocacao-sisu-2018-1\/\">RESULTADO PARCIAL DO EDITAL 04\/2018 1\u00aa CONVOCA\u00c7\u00c3O SISU 2018\/1 COTAS L1, L2, L9 E L10<\/a><\/p>\n<p><a href=\"https:\/\/wp.ufpel.edu.br\/sisu\/2018\/03\/23\/resultado-parcial-chamada-regular-sisu-verao-2018\/\">RESULTADO PARCIAL CHAMADA REGULAR COTAS SOCIAIS &#8211; L1, L2, L9 E L10 &#8211; SISU-VER\u00c3O\/2018<\/a><\/p>\n","protected":false},"excerpt":{"rendered":"<p>RETIFICA\u00c7\u00c3O DO RESULTADO FINAL DO EDITAL 004\/2018 \u2013 COTA SOCIAL L1 6\u00b0 CONVOCA\u00c7\u00c3O\u2013SISU 2018\/1 RESULTADO FINAL DO EDITAL 004\/2018 COTAS SOCIAIS L1, L2, L9 e L10 11\u00aa CONVOCA\u00c7\u00c3O- SISU 2018\/1 RESULTADO FINAL DO EDITAL 004\/2018 COTAS SOCIAIS L1, L2, L9 e L10 9\u00aa CONVOCA\u00c7\u00c3O- SISU 2018\/1 RESULTADO FINAL DO EDITAL 004\/2018 COTAS SOCIAIS L1, L2, [&hellip;]<\/p>\n","protected":false},"author":743,"featured_media":0,"parent":45,"menu_order":0,"comment_status":"closed","ping_status":"closed","template":"","meta":{"advanced_seo_description":"","jetpack_seo_html_title":"","jetpack_seo_noindex":false,"jetpack_post_was_ever_published":false,"footnotes":""},"class_list":["post-967","page","type-page","status-publish","hentry"],"jetpack_sharing_enabled":true,"jetpack_shortlink":"https:\/\/wp.me\/P8Nz4H-fB","jetpack-related-posts":[{"id":2446,"url":"https:\/\/wp.ufpel.edu.br\/sisu\/editais-selecao-socioeconomica\/resultado-da-avaliacao-socioeconomica-sisu-2019-2\/","url_meta":{"origin":967,"position":0},"title":"Resultados da avalia\u00e7\u00e3o socioecon\u00f4mica SISU 2019\/2","author":"prae","date":"28\/06\/2019","format":false,"excerpt":"RESULTADO FINAL DO EDITAL 07\/2019 COTAS SOCIAIS L1, L2, L9 e L10 7\u00aa CONVOCA\u00c7\u00c3O SISU 2019\/2 RESULTADO FINAL DO EDITAL 07\/2019 COTAS SOCIAIS L1, L2, L9 e L10 8\u00aa CONVOCA\u00c7\u00c3O SISU2019\/2 RESULTADO PARCIAL DO EDITAL 07\/2019 CRA SISU 2019\/2 7\u00aa CONVOCA\u00c7\u00c3O COTAS SOCIAIS L1, L2, L9 e L10 RESULTADO FINAL\u2026","rel":"","context":"Post similar","block_context":{"text":"Post similar","link":""},"img":{"alt_text":"","src":"","width":0,"height":0},"classes":[]},{"id":2121,"url":"https:\/\/wp.ufpel.edu.br\/sisu\/editais-selecao-socioeconomica\/resultado-da-avaliacao-socioeconomica-2019-1\/","url_meta":{"origin":967,"position":1},"title":"Resultados da avalia\u00e7\u00e3o socioecon\u00f4mica SISU 2019\/1","author":"prae","date":"22\/02\/2019","format":false,"excerpt":"RESULTADO FINAL DO EDITAL CRA n\u00ba 03\/2019 6\u00aa CONVOCA\u00c7\u00c3O \u2013 SISU 2019\/1 COTAS SOCIAIS L1, L2, L9 e L10 RESULTADO FINAL DO EDITAL CRA n\u00ba 03\/2019 5\u00aa CONVOCA\u00c7\u00c3O \u2013 SISU 2019\/1 COTAS SOCIAIS L1, L2, L9 e L10 RESULTADO FINAL DO EDITAL CRA n\u00ba 03\/2019 3\u00aa CONVOCA\u00c7\u00c3O \u2013 SISU 2019\/1\u2026","rel":"","context":"Post similar","block_context":{"text":"Post similar","link":""},"img":{"alt_text":"","src":"","width":0,"height":0},"classes":[]},{"id":373,"url":"https:\/\/wp.ufpel.edu.br\/sisu\/editais-selecao-socioeconomica\/resultados-da-avaliacao-socioeconomica-sisu-20172\/","url_meta":{"origin":967,"position":2},"title":"Resultados da avalia\u00e7\u00e3o socioecon\u00f4mica SISU 2017\/2","author":"prae","date":"14\/06\/2017","format":false,"excerpt":"RESULTADO FINAL DO EDITAL 13\/2017 \u2013 CRA SISU 2017\/2 CHAMADA REGULAR 1\u00aa, 2\u00aa, 3\u00aa, 4\u00aa, 5\u00aa, 6\u00aa CONVOCA\u00c7\u00d5ES - COTAS SOCIAIS RESULTADO FINAL - 9\u00aa CONVOCA\u00c7\u00c3O - ODONTOLOGIA - COTAS SOCIAIS L1, L2, L9 E L10 RESULTADO FINAL DO EDITAL 13\/2017-CRA PAVE 8\u00aa CONVOCA\u00c7\u00c3O COMUNICADO 20 COTAS SOCIAIS L1, L2,\u2026","rel":"","context":"Post similar","block_context":{"text":"Post similar","link":""},"img":{"alt_text":"","src":"","width":0,"height":0},"classes":[]},{"id":1463,"url":"https:\/\/wp.ufpel.edu.br\/sisu\/editais\/sisu-2018-1\/","url_meta":{"origin":967,"position":3},"title":"SISU 2018\/1","author":"sisu","date":"05\/06\/2018","format":false,"excerpt":"Editais e convoca\u00e7\u00f5es \u2013\u00a0SISU 2018\/1 Termo de ades\u00e3o 2018\/1 Edital 002\/2018 - Chamada Regular Aprovados_chamada_regular Edital 004\/2018 - Lista de espera Lista_Espera_Geral Lista_Espera_Cotas Primeira Convoca\u00e7\u00e3o Segunda Convoca\u00e7\u00e3o Terceira Convoca\u00e7\u00e3o Quarta Convoca\u00e7\u00e3o Quinta Convoca\u00e7\u00e3o Sexta Convoca\u00e7\u00e3o S\u00e9tima Convoca\u00e7\u00e3o Oitava Convoca\u00e7\u00e3o Nona Convoca\u00e7\u00e3o D\u00e9cima Convoca\u00e7\u00e3o D\u00e9cima Primeira Convoca\u00e7\u00e3o Resultados para ingresso nas\u2026","rel":"","context":"Post similar","block_context":{"text":"Post similar","link":""},"img":{"alt_text":"","src":"","width":0,"height":0},"classes":[]},{"id":1492,"url":"https:\/\/wp.ufpel.edu.br\/sisu\/resultado-da-avaliacao-etnico-racial\/resultados-da-avaliacao-etnico-racial-sisu-2018-2\/","url_meta":{"origin":967,"position":4},"title":"Resultados da avalia\u00e7\u00e3o \u00e9tnico-racial SISU 2018\/2","author":"naaf","date":"18\/06\/2018","format":false,"excerpt":"IMPORTANTE: Se o seu nome consta no\u00a0Relat\u00f3rio Preliminar do SISU 2018\/2\u00a0como INDEFERIDO e voc\u00ea pretende interpor Recurso, siga as diretrizes indicadas abaixo: Em caso de indeferimento o candidato(a) poder\u00e1 apresentar recurso por escrito e encaminh\u00e1-lo \u00e0 Comiss\u00e3o de Controle na Identifica\u00e7\u00e3o do Componente \u00c9tnico-racial \u2013 CCICE \u2013 no prazo de\u2026","rel":"","context":"Post similar","block_context":{"text":"Post similar","link":""},"img":{"alt_text":"","src":"","width":0,"height":0},"classes":[]},{"id":381,"url":"https:\/\/wp.ufpel.edu.br\/sisu\/resultado-da-avaliacao-etnico-racial\/resultados-da-avaliacao-etnico-racial-sisu-20172\/","url_meta":{"origin":967,"position":5},"title":"Resultados da avalia\u00e7\u00e3o \u00e9tnico-racial SISU 2017\/2","author":"cid","date":"14\/06\/2017","format":false,"excerpt":"Acesse aqui os relat\u00f3rios referentes a matr\u00edcula na Chamada Regular do SISU 2017\/2: Relat\u00f3rio Preliminar SISU\/Inverno 2017\/2 - Chamada Regular Relat\u00f3rio Final Cotas Etnico Raciais - Chamada Regular - 2017-2 \u00a0 Acesse aqui os relat\u00f3rios referentes a matr\u00edcula na Primeira Convoca\u00e7\u00e3o da Lista de Espera da UFPel - SISU 2017\/2:\u2026","rel":"","context":"Post similar","block_context":{"text":"Post similar","link":""},"img":{"alt_text":"","src":"","width":0,"height":0},"classes":[]}],"publishpress_future_action":{"enabled":false,"date":"2026-04-27 15:04:09","action":"change-status","newStatus":"draft","terms":[],"taxonomy":"","extraData":[]},"publishpress_future_workflow_manual_trigger":{"enabledWorkflows":[]},"_links":{"self":[{"href":"https:\/\/wp.ufpel.edu.br\/sisu\/wp-json\/wp\/v2\/pages\/967","targetHints":{"allow":["GET"]}}],"collection":[{"href":"https:\/\/wp.ufpel.edu.br\/sisu\/wp-json\/wp\/v2\/pages"}],"about":[{"href":"https:\/\/wp.ufpel.edu.br\/sisu\/wp-json\/wp\/v2\/types\/page"}],"author":[{"embeddable":true,"href":"https:\/\/wp.ufpel.edu.br\/sisu\/wp-json\/wp\/v2\/users\/743"}],"replies":[{"embeddable":true,"href":"https:\/\/wp.ufpel.edu.br\/sisu\/wp-json\/wp\/v2\/comments?post=967"}],"version-history":[{"count":18,"href":"https:\/\/wp.ufpel.edu.br\/sisu\/wp-json\/wp\/v2\/pages\/967\/revisions"}],"predecessor-version":[{"id":1725,"href":"https:\/\/wp.ufpel.edu.br\/sisu\/wp-json\/wp\/v2\/pages\/967\/revisions\/1725"}],"up":[{"embeddable":true,"href":"https:\/\/wp.ufpel.edu.br\/sisu\/wp-json\/wp\/v2\/pages\/45"}],"wp:attachment":[{"href":"https:\/\/wp.ufpel.edu.br\/sisu\/wp-json\/wp\/v2\/media?parent=967"}],"curies":[{"name":"wp","href":"https:\/\/api.w.org\/{rel}","templated":true}]}}