{"id":51,"date":"2017-06-01T12:11:13","date_gmt":"2017-06-01T15:11:13","guid":{"rendered":"https:\/\/wp.ufpel.edu.br\/sisu\/?page_id=51"},"modified":"2023-01-05T16:52:48","modified_gmt":"2023-01-05T19:52:48","slug":"resultado-da-avaliacao-de-deficiencia","status":"publish","type":"page","link":"https:\/\/wp.ufpel.edu.br\/sisu\/resultado-da-avaliacao-de-deficiencia\/","title":{"rendered":"Resultados da avalia\u00e7\u00e3o de defici\u00eancia"},"content":{"rendered":"<p><a href=\"https:\/\/wp.ufpel.edu.br\/sisu\/category\/avaliacao-deficientes\/\">Resultados da avalia\u00e7\u00e3o de defici\u00eancia<\/a><\/p>\n<p><a href=\"https:\/\/wp.ufpel.edu.br\/sisu\/resultado-da-avaliacao-de-deficiencia\/resultados-da-avaliacao-de-deficiencia-2018-2\/\">Resultados da avalia\u00e7\u00e3o de defici\u00eancia SISU 2018\/2<\/a><\/p>\n<p><a href=\"https:\/\/wp.ufpel.edu.br\/sisu\/resultado-da-avaliacao-de-deficiencia\/resultados-da-avaliacao-de-deficiencia-2018-1\/\">Resultados da avalia\u00e7\u00e3o de defici\u00eancia SISU 2018\/1<\/a><\/p>\n<p><a href=\"https:\/\/wp.ufpel.edu.br\/sisu\/resultado-da-avaliacao-de-deficiencia\/resultados-da-avaliacao-de-deficiencia-20172\/\">Resultados da avalia\u00e7\u00e3o de defici\u00eancia SISU 2017\/2<\/a><\/p>\n","protected":false},"excerpt":{"rendered":"<p>Resultados da avalia\u00e7\u00e3o de defici\u00eancia Resultados da avalia\u00e7\u00e3o de defici\u00eancia SISU 2018\/2 Resultados da avalia\u00e7\u00e3o de defici\u00eancia SISU 2018\/1 Resultados da avalia\u00e7\u00e3o de defici\u00eancia SISU 2017\/2<\/p>\n","protected":false},"author":359,"featured_media":0,"parent":0,"menu_order":0,"comment_status":"closed","ping_status":"closed","template":"","meta":{"advanced_seo_description":"","jetpack_seo_html_title":"","jetpack_seo_noindex":false,"jetpack_post_was_ever_published":false,"footnotes":""},"class_list":["post-51","page","type-page","status-publish","hentry"],"jetpack_sharing_enabled":true,"jetpack_shortlink":"https:\/\/wp.me\/P8Nz4H-P","jetpack-related-posts":[{"id":971,"url":"https:\/\/wp.ufpel.edu.br\/sisu\/resultado-da-avaliacao-de-deficiencia\/resultados-da-avaliacao-de-deficiencia-2018-1\/","url_meta":{"origin":51,"position":0},"title":"Resultados da avalia\u00e7\u00e3o de defici\u00eancia 2018\/1","author":"sisu","date":"15\/01\/2018","format":false,"excerpt":"Resultado Final - An\u00e1lise de Defici\u00eancia - Primeira Convoca\u00e7\u00e3o Resultado Final - An\u00e1lise de Defici\u00eancia - Chamada Regular relat\u00f3rio_parecer_cotas_Preliminar","rel":"","context":"Post similar","block_context":{"text":"Post similar","link":""},"img":{"alt_text":"","src":"","width":0,"height":0},"classes":[]},{"id":1642,"url":"https:\/\/wp.ufpel.edu.br\/sisu\/resultado-da-avaliacao-de-deficiencia\/resultados-da-avaliacao-de-deficiencia-2018-2\/","url_meta":{"origin":51,"position":1},"title":"Resultados da avalia\u00e7\u00e3o de defici\u00eancia 2018\/2","author":"sisu","date":"30\/07\/2018","format":false,"excerpt":"Resultado Final \u2013 An\u00e1lise de Defici\u00eancia \u2013 Primeira Convoca\u00e7\u00e3o Resultado Preliminar \u2013 An\u00e1lise de Defici\u00eancia \u2013 Segunda Convoca\u00e7\u00e3o","rel":"","context":"Post similar","block_context":{"text":"Post similar","link":""},"img":{"alt_text":"","src":"","width":0,"height":0},"classes":[]},{"id":378,"url":"https:\/\/wp.ufpel.edu.br\/sisu\/resultado-da-avaliacao-de-deficiencia\/resultados-da-avaliacao-de-deficiencia-20172\/","url_meta":{"origin":51,"position":2},"title":"Resultados da avalia\u00e7\u00e3o de defici\u00eancia 2017\/2","author":"COACE","date":"14\/06\/2017","format":false,"excerpt":"Resultado Final SISU 2017","rel":"","context":"Post similar","block_context":{"text":"Post similar","link":""},"img":{"alt_text":"","src":"","width":0,"height":0},"classes":[]},{"id":1463,"url":"https:\/\/wp.ufpel.edu.br\/sisu\/editais\/sisu-2018-1\/","url_meta":{"origin":51,"position":3},"title":"SISU 2018\/1","author":"sisu","date":"05\/06\/2018","format":false,"excerpt":"Editais e convoca\u00e7\u00f5es \u2013\u00a0SISU 2018\/1 Termo de ades\u00e3o 2018\/1 Edital 002\/2018 - Chamada Regular Aprovados_chamada_regular Edital 004\/2018 - Lista de espera Lista_Espera_Geral Lista_Espera_Cotas Primeira Convoca\u00e7\u00e3o Segunda Convoca\u00e7\u00e3o Terceira Convoca\u00e7\u00e3o Quarta Convoca\u00e7\u00e3o Quinta Convoca\u00e7\u00e3o Sexta Convoca\u00e7\u00e3o S\u00e9tima Convoca\u00e7\u00e3o Oitava Convoca\u00e7\u00e3o Nona Convoca\u00e7\u00e3o D\u00e9cima Convoca\u00e7\u00e3o D\u00e9cima Primeira Convoca\u00e7\u00e3o Resultados para ingresso nas\u2026","rel":"","context":"Post similar","block_context":{"text":"Post similar","link":""},"img":{"alt_text":"","src":"","width":0,"height":0},"classes":[]},{"id":856,"url":"https:\/\/wp.ufpel.edu.br\/sisu\/editais\/sisu-2017-2\/","url_meta":{"origin":51,"position":4},"title":"SISU 2017\/2","author":"sisu","date":"06\/12\/2017","format":false,"excerpt":"Editais e convoca\u00e7\u00f5es \u2013 SISU 2017\/2 Termo de ades\u00e3o 2017\/2 Edital_011_2017_Chamada_Regular Aprovados chamada regular Edital_013_2017_Lista_de_Espera Lista_espera da UFPel_Ampla Concorrencia Lista_espera da UFPel_Cotas Primeira Convoca\u00e7\u00e3o Segunda Convoca\u00e7\u00e3o Terceira_Convoca\u00e7\u00e3o Quarta Convoca\u00e7\u00e3o Quinta Convoca\u00e7\u00e3o Sexta Convoca\u00e7\u00e3o S\u00e9tima Convoca\u00e7\u00e3o Oitava Convoca\u00e7\u00e3o Nona_Convoca\u00e7\u00e3o Resultados para ingresso nas cotas Resultados da avalia\u00e7\u00e3o de defici\u00eancia Resultados da\u2026","rel":"","context":"Post similar","block_context":{"text":"Post similar","link":""},"img":{"alt_text":"","src":"","width":0,"height":0},"classes":[]},{"id":2278,"url":"https:\/\/wp.ufpel.edu.br\/sisu\/editais\/sisu-2019-1\/","url_meta":{"origin":51,"position":5},"title":"SISU 2019\/1","author":"sisu","date":"02\/05\/2019","format":false,"excerpt":"Editais e convoca\u00e7\u00f5es \u2013\u00a0SISU 2019\/1 Edital N\u00ba 83, de 13 de novembro de 2018 Termo Ades\u00e3o SISU 2019\/1 Edital de Matr\u00edculas \u2013 Chamada Regular Aprovados \u2013 Chamada Regular Edital de Matr\u00edculas \u2013 Lista de Espera SISU 2019_1 \u2013 lista_espera_geral SISU 2019_1 \u2013 lista_espera_cotas 1\u00aa Convoca\u00e7\u00e3o 2\u00aa Convoca\u00e7\u00e3o 3\u00aa Convoca\u00e7\u00e3o 4\u00aa\u2026","rel":"","context":"Post similar","block_context":{"text":"Post similar","link":""},"img":{"alt_text":"","src":"","width":0,"height":0},"classes":[]}],"publishpress_future_action":{"enabled":false,"date":"2026-05-04 22:08:10","action":"change-status","newStatus":"draft","terms":[],"taxonomy":"","extraData":[]},"publishpress_future_workflow_manual_trigger":{"enabledWorkflows":[]},"_links":{"self":[{"href":"https:\/\/wp.ufpel.edu.br\/sisu\/wp-json\/wp\/v2\/pages\/51","targetHints":{"allow":["GET"]}}],"collection":[{"href":"https:\/\/wp.ufpel.edu.br\/sisu\/wp-json\/wp\/v2\/pages"}],"about":[{"href":"https:\/\/wp.ufpel.edu.br\/sisu\/wp-json\/wp\/v2\/types\/page"}],"author":[{"embeddable":true,"href":"https:\/\/wp.ufpel.edu.br\/sisu\/wp-json\/wp\/v2\/users\/359"}],"replies":[{"embeddable":true,"href":"https:\/\/wp.ufpel.edu.br\/sisu\/wp-json\/wp\/v2\/comments?post=51"}],"version-history":[{"count":7,"href":"https:\/\/wp.ufpel.edu.br\/sisu\/wp-json\/wp\/v2\/pages\/51\/revisions"}],"predecessor-version":[{"id":4735,"href":"https:\/\/wp.ufpel.edu.br\/sisu\/wp-json\/wp\/v2\/pages\/51\/revisions\/4735"}],"wp:attachment":[{"href":"https:\/\/wp.ufpel.edu.br\/sisu\/wp-json\/wp\/v2\/media?parent=51"}],"curies":[{"name":"wp","href":"https:\/\/api.w.org\/{rel}","templated":true}]}}

Resultados da avaliação de deficiência

<p><a href="https://wp.ufpel.edu.br/sisu/category/avaliacao-deficientes/">Resultados da avaliação de deficiência</a></p>
<p><a href="https://wp.ufpel.edu.br/sisu/resultado-da-avaliacao-de-deficiencia/resultados-da-avaliacao-de-deficiencia-2018-2/">Resultados da avaliação de deficiência SISU 2018/2</a></p>
<p><a href="https://wp.ufpel.edu.br/sisu/resultado-da-avaliacao-de-deficiencia/resultados-da-avaliacao-de-deficiencia-2018-1/">Resultados da avaliação de deficiência SISU 2018/1</a></p>
<p><a href="https://wp.ufpel.edu.br/sisu/resultado-da-avaliacao-de-deficiencia/resultados-da-avaliacao-de-deficiencia-20172/">Resultados da avaliação de deficiência SISU 2017/2</a></p>

<p>Resultados da avaliação de deficiência Resultados da avaliação de deficiência SISU 2018/2 Resultados da avaliação de deficiência SISU 2018/1 Resultados da avaliação de deficiência SISU 2017/2</p>

Resultados da avaliação de deficiência 2018/1

Resultado Final - Análise de Deficiência - Primeira Convocação Resultado Final - Análise de Deficiência - Chamada Regular relatório_parecer_cotas_Preliminar

Resultados da avaliação de deficiência 2018/2

Resultado Final – Análise de Deficiência – Primeira Convocação Resultado Preliminar – Análise de Deficiência – Segunda Convocação

Resultados da avaliação de deficiência 2017/2

Editais e convocações – SISU 2018/1 Termo de adesão 2018/1 Edital 002/2018 - Chamada Regular Aprovados_chamada_regular Edital 004/2018 - Lista de espera Lista_Espera_Geral Lista_Espera_Cotas Primeira Convocação Segunda Convocação Terceira Convocação Quarta Convocação Quinta Convocação Sexta Convocação Sétima Convocação Oitava Convocação Nona Convocação Décima Convocação Décima Primeira Convocação Resultados para ingresso nas…

Editais e convocações – SISU 2017/2 Termo de adesão 2017/2 Edital_011_2017_Chamada_Regular Aprovados chamada regular Edital_013_2017_Lista_de_Espera Lista_espera da UFPel_Ampla Concorrencia Lista_espera da UFPel_Cotas Primeira Convocação Segunda Convocação Terceira_Convocação Quarta Convocação Quinta Convocação Sexta Convocação Sétima Convocação Oitava Convocação Nona_Convocação Resultados para ingresso nas cotas Resultados da avaliação de deficiência Resultados da…

Editais e convocações – SISU 2019/1 Edital Nº 83, de 13 de novembro de 2018 Termo Adesão SISU 2019/1 Edital de Matrículas – Chamada Regular Aprovados – Chamada Regular Edital de Matrículas – Lista de Espera SISU 2019_1 – lista_espera_geral SISU 2019_1 – lista_espera_cotas 1ª Convocação 2ª Convocação 3ª Convocação 4ª…
