{"id":48,"date":"2017-06-01T12:10:26","date_gmt":"2017-06-01T15:10:26","guid":{"rendered":"https:\/\/wp.ufpel.edu.br\/sisu\/?page_id=48"},"modified":"2023-01-05T16:54:04","modified_gmt":"2023-01-05T19:54:04","slug":"resultado-da-avaliacao-etnico-racial","status":"publish","type":"page","link":"https:\/\/wp.ufpel.edu.br\/sisu\/resultado-da-avaliacao-etnico-racial\/","title":{"rendered":"Resultados da avalia\u00e7\u00e3o \u00e9tnico-racial"},"content":{"rendered":"<p><a href=\"https:\/\/wp.ufpel.edu.br\/sisu\/category\/avaliacao-etnia\/\">Resultados da avalia\u00e7\u00e3o \u00e9tnico-racial<\/a><\/p>\n<p><a href=\"https:\/\/wp.ufpel.edu.br\/sisu\/resultado-da-avaliacao-etnico-racial\/resultados-da-avaliacao-etnico-racial-sisu-2020-1\/\">Resultados da avalia\u00e7\u00e3o \u00e9tnico-racial SISU 2020\/1<\/a><\/p>\n<p><a href=\"https:\/\/wp.ufpel.edu.br\/sisu\/resultado-da-avaliacao-etnico-racial\/resultados-da-avaliacao-etnico-racial-sisu-2019-2\/\">Resultados da avalia\u00e7\u00e3o \u00e9tnico-racial SISU 2019\/2<\/a><\/p>\n<p><a href=\"https:\/\/wp.me\/P8Nz4H-wR\" target=\"_blank\" rel=\"noopener noreferrer\">Resultados da avalia\u00e7\u00e3o \u00e9tnico-racial SISU 2019\/1<\/a><\/p>\n<p><a href=\"https:\/\/wp.me\/P8Nz4H-o4\" target=\"_blank\" rel=\"noopener noreferrer\">Resultados da avalia\u00e7\u00e3o \u00e9tnico-racial SISU 2018\/2<\/a><\/p>\n<p><a href=\"https:\/\/wp.ufpel.edu.br\/sisu\/resultado-da-avaliacao-etnico-racial\/resultados-da-avaliacao-etnico-racial-sisu-2018-1\/\">Resultados da avalia\u00e7\u00e3o \u00e9tnico-racial SISU 2018\/1<\/a><\/p>\n<p><a href=\"https:\/\/wp.ufpel.edu.br\/sisu\/resultado-da-avaliacao-etnico-racial\/resultados-da-avaliacao-etnico-racial-sisu-20172\/\">Resultados da avalia\u00e7\u00e3o \u00e9tnico-racial SISU 2017\/2<\/a><\/p>\n<p><a href=\"https:\/\/wp.ufpel.edu.br\/sisu\/resultado-da-avaliacao-etnico-racial\/resultados-da-avaliacao-etnico-racial-sisu-20171\/\">Resultados da avalia\u00e7\u00e3o \u00e9tnico-racial SISU 2017\/1<\/a><\/p>\n","protected":false},"excerpt":{"rendered":"<p>Resultados da avalia\u00e7\u00e3o \u00e9tnico-racial Resultados da avalia\u00e7\u00e3o \u00e9tnico-racial SISU 2020\/1 Resultados da avalia\u00e7\u00e3o \u00e9tnico-racial SISU 2019\/2 Resultados da avalia\u00e7\u00e3o \u00e9tnico-racial SISU 2019\/1 Resultados da avalia\u00e7\u00e3o \u00e9tnico-racial SISU 2018\/2 Resultados da avalia\u00e7\u00e3o \u00e9tnico-racial SISU 2018\/1 Resultados da avalia\u00e7\u00e3o \u00e9tnico-racial SISU 2017\/2 Resultados da avalia\u00e7\u00e3o \u00e9tnico-racial SISU 2017\/1<\/p>\n","protected":false},"author":766,"featured_media":0,"parent":0,"menu_order":0,"comment_status":"closed","ping_status":"closed","template":"","meta":{"advanced_seo_description":"","jetpack_seo_html_title":"","jetpack_seo_noindex":false,"jetpack_post_was_ever_published":false,"footnotes":""},"class_list":["post-48","page","type-page","status-publish","hentry"],"jetpack_sharing_enabled":true,"jetpack_shortlink":"https:\/\/wp.me\/P8Nz4H-M","jetpack-related-posts":[{"id":348,"url":"https:\/\/wp.ufpel.edu.br\/sisu\/resultado-da-avaliacao-etnico-racial\/resultados-da-avaliacao-etnico-racial-sisu-20171\/","url_meta":{"origin":48,"position":0},"title":"Resultados da avalia\u00e7\u00e3o \u00e9tnico-racial SISU 2017\/1","author":"cid","date":"06\/06\/2017","format":false,"excerpt":"SISU - Avalia\u00e7\u00e3o do Componente \u00c9tnico-Racial (CCICE) Resultado FINAL comunicado n\u00ba 16 2017, lista de espera da UFPEL - SISU Ver\u00e3o 2017 SISU - Avalia\u00e7\u00e3o do Componente \u00c9tnico-Racial (CCICE) Resultado FINAL comunicado n\u00ba 12 2017, lista de espera da UFPEL - SISU Ver\u00e3o 2017 SISU \u2013 Avalia\u00e7\u00e3o do Componente \u00c9tnico-Racial\u2026","rel":"","context":"Post similar","block_context":{"text":"Post similar","link":""},"img":{"alt_text":"","src":"","width":0,"height":0},"classes":[]},{"id":4554,"url":"https:\/\/wp.ufpel.edu.br\/sisu\/resultado-da-avaliacao-etnico-racial\/resultados-da-avaliacao-etnico-racial-sisu-2022-1\/","url_meta":{"origin":48,"position":1},"title":"Resultados da avalia\u00e7\u00e3o \u00e9tnico-racial SISU 2022\/1","author":"COACE","date":"27\/10\/2022","format":false,"excerpt":"Relat\u00f3rio Final - SISU-PAVE 2022-1 - Chamada regular - Cursos com lista de espera Relat\u00f3rio Final - SISU-PAVE - listas de espera 2022-1 Relat\u00f3rio Final - SISU-PAVE - Bancas de segunda chamada - 2022-1 Relat\u00f3rio Final - SISU-PAVE - Cursos sem lista de espera 2022-1 Relat\u00f3rio Final - SISU-PAVE -\u2026","rel":"","context":"Post similar","block_context":{"text":"Post similar","link":""},"img":{"alt_text":"","src":"","width":0,"height":0},"classes":[]},{"id":2985,"url":"https:\/\/wp.ufpel.edu.br\/sisu\/resultado-da-avaliacao-etnico-racial\/resultados-da-avaliacao-etnico-racial-sisu-2020-1\/","url_meta":{"origin":48,"position":2},"title":"Resultados da avalia\u00e7\u00e3o \u00e9tnico-racial SISU 2020\/1","author":"naaf","date":"11\/02\/2020","format":false,"excerpt":"Relat\u00f3rio Preliminar SISU 2020\/1 - Chamada Regular Relat\u00f3rio_Definitivo_SISU_2020-1_Chamada Regular Relat\u00f3rio Preliminar SISU 2020\/1 - Lista de Espera 1\u00aa Convoca\u00e7\u00e3o Relat\u00f3rio Definitivo SISU 2020\/1 - Lista de Espera 1\u00aa Convoca\u00e7\u00e3o Relat\u00f3rio Preliminar SISU 2020\/1 - Lista de Espera 2\u00aa Convoca\u00e7\u00e3o Relat\u00f3rio Definitivo SISU 2020\/1 \u2013 Lista de Espera 2\u00aa Convoca\u00e7\u00e3o Relat\u00f3rio\u2026","rel":"","context":"Post similar","block_context":{"text":"Post similar","link":""},"img":{"alt_text":"","src":"","width":0,"height":0},"classes":[]},{"id":2394,"url":"https:\/\/wp.ufpel.edu.br\/sisu\/resultado-da-avaliacao-etnico-racial\/resultados-da-avaliacao-etnico-racial-sisu-2019-2\/","url_meta":{"origin":48,"position":3},"title":"Resultados da avalia\u00e7\u00e3o \u00e9tnico-racial SISU 2019\/2","author":"naaf","date":"18\/06\/2019","format":false,"excerpt":"IMPORTANTE: Se o seu nome consta no\u00a0Relat\u00f3rio Preliminar acima\u00a0como INDEFERIDO e voc\u00ea pretende entrar com Recurso, siga as diretrizes indicadas abaixo: Em caso de indeferimento o(a) candidato(a) poder\u00e1 encaminhar Recurso \u00e0 Comiss\u00e3o de Controle na Identifica\u00e7\u00e3o do Componente \u00c9tnico-racial (CCICE), no prazo de 72 horas contadas a partir da divulga\u00e7\u00e3o\u2026","rel":"","context":"Post similar","block_context":{"text":"Post similar","link":""},"img":{"alt_text":"","src":"","width":0,"height":0},"classes":[]},{"id":977,"url":"https:\/\/wp.ufpel.edu.br\/sisu\/resultado-da-avaliacao-etnico-racial\/resultados-da-avaliacao-etnico-racial-sisu-2018-1\/","url_meta":{"origin":48,"position":4},"title":"Resultados da avalia\u00e7\u00e3o \u00e9tnico-racial SISU 2018\/1","author":"sisu","date":"15\/01\/2018","format":false,"excerpt":"IMPORTANTE: Se o seu nome consta no\u00a0Relat\u00f3rio Preliminar do SISU 2018\/1\u00a0como INDEFERIDO e voc\u00ea pretende entrar com Recurso, siga as diretrizes indicadas abaixo: Em caso de indeferimento o candidato(a) poder\u00e1 apresentar recurso por escrito e encaminh\u00e1-lo \u00e0 Comiss\u00e3o de Controle na Identifica\u00e7\u00e3o do Componente \u00c9tnico-racial \u2013 CCICE \u2013 no prazo\u2026","rel":"","context":"Post similar","block_context":{"text":"Post similar","link":""},"img":{"alt_text":"","src":"","width":0,"height":0},"classes":[]},{"id":2037,"url":"https:\/\/wp.ufpel.edu.br\/sisu\/resultado-da-avaliacao-etnico-racial\/resultados-da-avaliacao-etnico-racial-sisu-2019-1\/","url_meta":{"origin":48,"position":5},"title":"Resultados da avalia\u00e7\u00e3o \u00e9tnico-racial SISU 2019\/1","author":"naaf","date":"18\/12\/2018","format":false,"excerpt":"IMPORTANTE: Se o seu nome consta no\u00a0Relat\u00f3rio Preliminar do SISU 2019\/1\u00a0como INDEFERIDO e voc\u00ea pretende interpor Recurso, siga as diretrizes indicadas abaixo: Em caso de indeferimento o candidato(a) poder\u00e1 apresentar recurso por escrito e encaminh\u00e1-lo \u00e0 Comiss\u00e3o de Controle na Identifica\u00e7\u00e3o do Componente \u00c9tnico-racial \u2013 CCICE \u2013 no prazo de\u2026","rel":"","context":"Post similar","block_context":{"text":"Post similar","link":""},"img":{"alt_text":"","src":"","width":0,"height":0},"classes":[]}],"publishpress_future_action":{"enabled":false,"date":"2026-05-04 20:42:47","action":"change-status","newStatus":"draft","terms":[],"taxonomy":"","extraData":[]},"publishpress_future_workflow_manual_trigger":{"enabledWorkflows":[]},"_links":{"self":[{"href":"https:\/\/wp.ufpel.edu.br\/sisu\/wp-json\/wp\/v2\/pages\/48","targetHints":{"allow":["GET"]}}],"collection":[{"href":"https:\/\/wp.ufpel.edu.br\/sisu\/wp-json\/wp\/v2\/pages"}],"about":[{"href":"https:\/\/wp.ufpel.edu.br\/sisu\/wp-json\/wp\/v2\/types\/page"}],"author":[{"embeddable":true,"href":"https:\/\/wp.ufpel.edu.br\/sisu\/wp-json\/wp\/v2\/users\/766"}],"replies":[{"embeddable":true,"href":"https:\/\/wp.ufpel.edu.br\/sisu\/wp-json\/wp\/v2\/comments?post=48"}],"version-history":[{"count":27,"href":"https:\/\/wp.ufpel.edu.br\/sisu\/wp-json\/wp\/v2\/pages\/48\/revisions"}],"predecessor-version":[{"id":4739,"href":"https:\/\/wp.ufpel.edu.br\/sisu\/wp-json\/wp\/v2\/pages\/48\/revisions\/4739"}],"wp:attachment":[{"href":"https:\/\/wp.ufpel.edu.br\/sisu\/wp-json\/wp\/v2\/media?parent=48"}],"curies":[{"name":"wp","href":"https:\/\/api.w.org\/{rel}","templated":true}]}}

Resultados da avaliação étnico-racial

<p><a href="https://wp.ufpel.edu.br/sisu/category/avaliacao-etnia/">Resultados da avaliação étnico-racial</a></p>
<p><a href="https://wp.ufpel.edu.br/sisu/resultado-da-avaliacao-etnico-racial/resultados-da-avaliacao-etnico-racial-sisu-2020-1/">Resultados da avaliação étnico-racial SISU 2020/1</a></p>
<p><a href="https://wp.ufpel.edu.br/sisu/resultado-da-avaliacao-etnico-racial/resultados-da-avaliacao-etnico-racial-sisu-2019-2/">Resultados da avaliação étnico-racial SISU 2019/2</a></p>
<p><a href="https://wp.me/P8Nz4H-wR" target="_blank" rel="noopener noreferrer">Resultados da avaliação étnico-racial SISU 2019/1</a></p>
<p><a href="https://wp.me/P8Nz4H-o4" target="_blank" rel="noopener noreferrer">Resultados da avaliação étnico-racial SISU 2018/2</a></p>
<p><a href="https://wp.ufpel.edu.br/sisu/resultado-da-avaliacao-etnico-racial/resultados-da-avaliacao-etnico-racial-sisu-2018-1/">Resultados da avaliação étnico-racial SISU 2018/1</a></p>
<p><a href="https://wp.ufpel.edu.br/sisu/resultado-da-avaliacao-etnico-racial/resultados-da-avaliacao-etnico-racial-sisu-20172/">Resultados da avaliação étnico-racial SISU 2017/2</a></p>
<p><a href="https://wp.ufpel.edu.br/sisu/resultado-da-avaliacao-etnico-racial/resultados-da-avaliacao-etnico-racial-sisu-20171/">Resultados da avaliação étnico-racial SISU 2017/1</a></p>

<p>Resultados da avaliação étnico-racial Resultados da avaliação étnico-racial SISU 2020/1 Resultados da avaliação étnico-racial SISU 2019/2 Resultados da avaliação étnico-racial SISU 2019/1 Resultados da avaliação étnico-racial SISU 2018/2 Resultados da avaliação étnico-racial SISU 2018/1 Resultados da avaliação étnico-racial SISU 2017/2 Resultados da avaliação étnico-racial SISU 2017/1</p>

Resultados da avaliação étnico-racial SISU 2017/1

SISU - Avaliação do Componente Étnico-Racial (CCICE) Resultado FINAL comunicado nº 16 2017, lista de espera da UFPEL - SISU Verão 2017 SISU - Avaliação do Componente Étnico-Racial (CCICE) Resultado FINAL comunicado nº 12 2017, lista de espera da UFPEL - SISU Verão 2017 SISU – Avaliação do Componente Étnico-Racial…

Resultados da avaliação étnico-racial SISU 2022/1

Relatório Final - SISU-PAVE 2022-1 - Chamada regular - Cursos com lista de espera Relatório Final - SISU-PAVE - listas de espera 2022-1 Relatório Final - SISU-PAVE - Bancas de segunda chamada - 2022-1 Relatório Final - SISU-PAVE - Cursos sem lista de espera 2022-1 Relatório Final - SISU-PAVE -…

Resultados da avaliação étnico-racial SISU 2020/1

Relatório Preliminar SISU 2020/1 - Chamada Regular Relatório_Definitivo_SISU_2020-1_Chamada Regular Relatório Preliminar SISU 2020/1 - Lista de Espera 1ª Convocação Relatório Definitivo SISU 2020/1 - Lista de Espera 1ª Convocação Relatório Preliminar SISU 2020/1 - Lista de Espera 2ª Convocação Relatório Definitivo SISU 2020/1 – Lista de Espera 2ª Convocação Relatório…

Resultados da avaliação étnico-racial SISU 2019/2

IMPORTANTE: Se o seu nome consta no Relatório Preliminar acima como INDEFERIDO e você pretende entrar com Recurso, siga as diretrizes indicadas abaixo: Em caso de indeferimento o(a) candidato(a) poderá encaminhar Recurso à Comissão de Controle na Identificação do Componente Étnico-racial (CCICE), no prazo de 72 horas contadas a partir da divulgação…

Resultados da avaliação étnico-racial SISU 2018/1

IMPORTANTE: Se o seu nome consta no Relatório Preliminar do SISU 2018/1 como INDEFERIDO e você pretende entrar com Recurso, siga as diretrizes indicadas abaixo: Em caso de indeferimento o candidato(a) poderá apresentar recurso por escrito e encaminhá-lo à Comissão de Controle na Identificação do Componente Étnico-racial – CCICE – no prazo…

Resultados da avaliação étnico-racial SISU 2019/1

IMPORTANTE: Se o seu nome consta no Relatório Preliminar do SISU 2019/1 como INDEFERIDO e você pretende interpor Recurso, siga as diretrizes indicadas abaixo: Em caso de indeferimento o candidato(a) poderá apresentar recurso por escrito e encaminhá-lo à Comissão de Controle na Identificação do Componente Étnico-racial – CCICE – no prazo de…
