{"id":4412,"date":"2022-08-29T11:04:03","date_gmt":"2022-08-29T14:04:03","guid":{"rendered":"https:\/\/wp.ufpel.edu.br\/sisu\/?page_id=4412"},"modified":"2023-01-05T16:56:41","modified_gmt":"2023-01-05T19:56:41","slug":"sisu-2022-1","status":"publish","type":"page","link":"https:\/\/wp.ufpel.edu.br\/sisu\/editais\/sisu-2022-1\/","title":{"rendered":"SISU 2022\/1"},"content":{"rendered":"<p><strong>Editais e convoca\u00e7\u00f5es \u2013\u00a0SISU 2022\/1<\/strong><\/p>\n<ul>\n<li><a href=\"https:\/\/www.in.gov.br\/en\/web\/dou\/-\/edital-n-73-de-26-de-outubro-de-2021processo-seletivo-primeira-edicao-de-2022sistema-de-selecao-unificada-sisu-355663911\">Edital n\u00ba 73, de 26 de outubro de 2021<\/a><\/li>\n<li><a class=\"listaa\" href=\"https:\/\/www.in.gov.br\/en\/web\/dou\/-\/edital-n-2-de-18-de-janeiro-de-2022-374769642\" target=\"_blank\" rel=\"noopener\">Edital n\u00ba 2, de 18 de janeiro de 2022<\/a>\n<ul>\n<li><a href=\"https:\/\/www.in.gov.br\/en\/web\/dou\/-\/edital-n-8-de-27-de-janeiro-de-2022-376665056\">Retifica\u00e7\u00e3o: Edital n\u00ba 8, de 27 de janeiro de 2022<\/a><\/li>\n<\/ul>\n<\/li>\n<li><a href=\"https:\/\/wp.ufpel.edu.br\/sisu\/files\/2021\/12\/termo_adesao_634_UFPEL-16.pdf\">Termo de Ades\u00e3o SISU 2022\/1<\/a><\/li>\n<li><a href=\"https:\/\/wp.ufpel.edu.br\/sisu\/files\/2022\/02\/SEI_23110.003332_2022_18-1.pdf\">Edital CRA N\u00ba 03\/2022 &#8211; Chamada Regular<\/a>\n<ul>\n<li><a href=\"https:\/\/wp.ufpel.edu.br\/sisu\/files\/2022\/02\/lista_aprovados_sisu_2022_1.pdf\">Aprovados &#8211; Chamada Regular<\/a><\/li>\n<\/ul>\n<\/li>\n<li><a href=\"https:\/\/wp.ufpel.edu.br\/sisu\/files\/2022\/02\/SEI_23110.003332_2022_18.pdf\">Edital CRA N\u00ba 05\/2022 &#8211; Lista de Espera<\/a>\n<ul>\n<li><a href=\"https:\/\/wp.ufpel.edu.br\/sisu\/files\/2022\/02\/sisu_2022_1_lista_espera_geral.pdf\">Lista de espera \u2013 Geral<\/a><\/li>\n<li><a href=\"https:\/\/wp.ufpel.edu.br\/sisu\/files\/2022\/02\/sisu_2022_1_lista_espera_cotas.pdf\">Lista de espera \u2013 Cotas<\/a><\/li>\n<\/ul>\n<\/li>\n<li><a href=\"https:\/\/wp.ufpel.edu.br\/sisu\/files\/2022\/03\/Convocacao_SISU-2022_1-Lista-de-espera-1a-Convocacao.pdf\">1\u00aa Convoca\u00e7\u00e3o<\/a><\/li>\n<li><a href=\"https:\/\/wp.ufpel.edu.br\/sisu\/files\/2022\/04\/Convocacao_SISU-2022_1-Lista-de-espera-2a-Convocacao.pdf\">2\u00aa Convoca\u00e7\u00e3o<\/a><\/li>\n<li><a href=\"https:\/\/wp.ufpel.edu.br\/sisu\/files\/2022\/04\/Convocacao_SISU-2022_1-Lista-de-espera-3a-Convocacao.pdf\">3\u00aa Convoca\u00e7\u00e3o<\/a><\/li>\n<li><a href=\"https:\/\/wp.ufpel.edu.br\/sisu\/files\/2022\/05\/Convocacao_SISU-2022_1-Lista-de-espera-4a-Convocacao.pdf\">4\u00aa Convoca\u00e7\u00e3o<\/a><\/li>\n<li><a href=\"https:\/\/wp.ufpel.edu.br\/sisu\/files\/2022\/06\/Convocacao_SISU-2022_1-Lista-de-espera-Convocacao-Direito.pdf\">Convoca\u00e7\u00e3o (Direito)<\/a><\/li>\n<li><a href=\"https:\/\/wp.ufpel.edu.br\/sisu\/files\/2022\/06\/Convocacao_SISU-2022_1-Lista-de-espera-Convocacao-Direito-II.pdf\">Convoca\u00e7\u00e3o (Direito)<\/a><\/li>\n<li><a href=\"https:\/\/wp.ufpel.edu.br\/sisu\/files\/2022\/06\/Convocacao_SISU-2022_1-Lista-de-espera-5a-Convocacao.pdf\">5\u00aa Convoca\u00e7\u00e3o<\/a><\/li>\n<li><a href=\"https:\/\/wp.ufpel.edu.br\/sisu\/files\/2022\/06\/SEI_23110.003332_2022_18.pdf\">Edital CRA N\u00ba 20\/2022 &#8211; Chamada Especial<\/a>\n<ul>\n<li><a href=\"https:\/\/wp.ufpel.edu.br\/sisu\/files\/2022\/06\/SISU-2022-1-Lista-de-inscritos-Chamada-especial-Geral.pdf\">SISU 2022\/1 \u2013 Lista de inscritos \u2013 Chamada especial (Geral)<\/a><\/li>\n<li><a href=\"https:\/\/wp.ufpel.edu.br\/sisu\/files\/2022\/06\/SISU-2022-1-Lista-de-inscritos-Chamada-especial-Cotas.pdf\">SISU 2022\/1 \u2013 Lista de inscritos \u2013 Chamada especial (Cotas)<\/a><\/li>\n<li><a href=\"https:\/\/wp.ufpel.edu.br\/sisu\/files\/2022\/07\/SISU-2022_1-Lista-de-espera-1a-Chamada-especial.pdf\">SISU 2022\/1 \u2013 Matriculados \u2013 1\u00aa Chamada especial<\/a><\/li>\n<li><a href=\"https:\/\/wp.ufpel.edu.br\/sisu\/files\/2022\/08\/Convocacao_SISU-2022_1-Lista-de-espera-2a-Chamada-especial.pdf\">SISU 2022\/1 \u2013 Matriculados \u2013 2\u00aa Chamada especial<\/a><\/li>\n<li><a href=\"https:\/\/wp.ufpel.edu.br\/sisu\/files\/2022\/08\/Convocacao_SISU-2022_1-Lista-de-espera-3a-Chamada-especial.pdf\">SISU 2022\/1 \u2013 Matriculados \u2013 3\u00aa Chamada especial<\/a><\/li>\n<li><a href=\"https:\/\/wp.ufpel.edu.br\/sisu\/files\/2022\/08\/Convocacao_SISU-2022_1-Lista-de-espera-4a-Chamada-especial.pdf\">SISU 2022\/1 \u2013 Matriculados \u2013 4\u00aa Chamada especial<\/a><\/li>\n<\/ul>\n<\/li>\n<li>\n<p class=\"kt-adv-heading_54b4b9-df wp-block-kadence-advancedheading\" data-kb-block=\"kb-adv-heading_54b4b9-df\"><strong>Resultados para ingresso nas cotas<\/strong><\/p>\n<ul>\n<li><a href=\"https:\/\/wp.ufpel.edu.br\/sisu\/resultado-da-avaliacao-de-deficiencia\/\">Resultados da avalia\u00e7\u00e3o de defici\u00eancia<\/a><\/li>\n<li><a href=\"https:\/\/wp.ufpel.edu.br\/sisu\/resultado-da-avaliacao-etnico-racial\/\">Resultados da avalia\u00e7\u00e3o \u00e9tnico-racial<\/a><\/li>\n<li><a href=\"https:\/\/wp.ufpel.edu.br\/sisu\/editais-selecao-socioeconomica\/\">Resultados da avalia\u00e7\u00e3o socioecon\u00f4mica<\/a><\/li>\n<\/ul>\n<\/li>\n<\/ul>\n","protected":false},"excerpt":{"rendered":"<p>Editais e convoca\u00e7\u00f5es \u2013\u00a0SISU 2022\/1 Edital n\u00ba 73, de 26 de outubro de 2021 Edital n\u00ba 2, de 18 de janeiro de 2022 Retifica\u00e7\u00e3o: Edital n\u00ba 8, de 27 de janeiro de 2022 Termo de Ades\u00e3o SISU 2022\/1 Edital CRA N\u00ba 03\/2022 &#8211; Chamada Regular Aprovados &#8211; Chamada Regular Edital CRA N\u00ba 05\/2022 &#8211; Lista [&hellip;]<\/p>\n","protected":false},"author":743,"featured_media":0,"parent":18,"menu_order":0,"comment_status":"closed","ping_status":"closed","template":"","meta":{"advanced_seo_description":"","jetpack_seo_html_title":"","jetpack_seo_noindex":false,"jetpack_post_was_ever_published":false,"footnotes":""},"class_list":["post-4412","page","type-page","status-publish","hentry"],"jetpack_sharing_enabled":true,"jetpack_shortlink":"https:\/\/wp.me\/P8Nz4H-19a","jetpack-related-posts":[{"id":4010,"url":"https:\/\/wp.ufpel.edu.br\/sisu\/editais\/sisu-2021-2\/","url_meta":{"origin":4412,"position":0},"title":"SISU 2021\/2","author":"sisu","date":"23\/03\/2022","format":false,"excerpt":"Editais e convoca\u00e7\u00f5es \u2013\u00a0SISU 2021\/2 Edital n\u00ba 30, de 17 de maio de 2021 Edital n\u00ba 39, de 23 de junho de 2021 Termo de Ades\u00e3o SISU 2021\/2 Edital n\u00ba 16\/2021 - Chamada Regular Aprovados - Chamada Regular Edital n\u00ba 17\/2021 - Lista de Espera Lista de Espera - Geral\u2026","rel":"","context":"Post similar","block_context":{"text":"Post similar","link":""},"img":{"alt_text":"","src":"","width":0,"height":0},"classes":[]},{"id":45,"url":"https:\/\/wp.ufpel.edu.br\/sisu\/editais-selecao-socioeconomica\/","url_meta":{"origin":4412,"position":1},"title":"Resultados Sele\u00e7\u00e3o Socioecon\u00f4mica","author":"prae","date":"01\/06\/2017","format":false,"excerpt":"SISU 2022 2022\/2 Chamada Regular: Banca Socioecon\u00f4mica - Inscri\u00e7\u00f5es Completas\/Incompletas Banca Socioecon\u00f4mica - Resultado Preliminar Banca Socioecon\u00f4mica - Resultado Final 1a Convoca\u00e7\u00e3o: Banca Socioecon\u00f4mica - Inscri\u00e7\u00f5es Completas\/Incompletas Banca Socioecon\u00f4mica - Resultado Preliminar Banca Socioecon\u00f4mica - Resultado Final 2a Convoca\u00e7\u00e3o: Banca Socioecon\u00f4mica - Resultado Preliminar Banca Socioecon\u00f4mica - Resultado Final 3a\u2026","rel":"","context":"Post similar","block_context":{"text":"Post similar","link":""},"img":{"alt_text":"","src":"","width":0,"height":0},"classes":[]},{"id":3772,"url":"https:\/\/wp.ufpel.edu.br\/sisu\/editais\/sisu-2021-1\/","url_meta":{"origin":4412,"position":2},"title":"SISU 2021\/1","author":"sisu","date":"25\/08\/2021","format":false,"excerpt":"Editais e convoca\u00e7\u00f5es \u2013\u00a0SISU 2021\/1 Edital n\u00ba 10, de 10 de fevereiro de 2021 Edital n\u00ba 25, de 09 de abril de 2021 - Retifica\u00e7\u00e3o Termo de Ades\u00e3o SISU 2021\/1 Edital n\u00ba 04\/2021 - Chamada Regular Edital n\u00ba 04\/2021 - Retifica\u00e7\u00e3o Aprovados \u2013 Chamada Regular Edital n\u00ba 06\/2021 - Lista\u2026","rel":"","context":"Post similar","block_context":{"text":"Post similar","link":""},"img":{"alt_text":"","src":"","width":0,"height":0},"classes":[]},{"id":3195,"url":"https:\/\/wp.ufpel.edu.br\/sisu\/editais\/sisu-2020-1\/","url_meta":{"origin":4412,"position":3},"title":"SISU 2020\/1","author":"sisu","date":"13\/07\/2020","format":false,"excerpt":"Editais e convoca\u00e7\u00f5es \u2013\u00a0SISU 2020\/1 Edital N\u00b0 70, de 28 de novembro de 2019 Termo de ades\u00e3o SISU 2020\/1 Edital N\u00b0 2\/2020 \u2013 Chamada Regular Edital N\u00b0 02\/2020 \u2013 Retifica\u00e7\u00e3o Aprovados \u2013 Chamada Regular Edital N\u00b0 3\/2020 \u2013 Lista de Espera Edital N\u00b0 03\/2020 \u2013 Retifica\u00e7\u00e3o Lista de Espera \u2013\u2026","rel":"","context":"Post similar","block_context":{"text":"Post similar","link":""},"img":{"alt_text":"","src":"","width":0,"height":0},"classes":[]},{"id":1615,"url":"https:\/\/wp.ufpel.edu.br\/sisu\/editais-selecao-socioeconomica\/resultado-da-avaliacao-socioeconomica-sisu-2018-2\/","url_meta":{"origin":4412,"position":4},"title":"Resultados da avalia\u00e7\u00e3o socioecon\u00f4mica SISU 2018\/2","author":"prae","date":"23\/07\/2018","format":false,"excerpt":"RESULTADO FINAL DO EDITAL CRA N\u00ba 13\/2018 MATR\u00cdCULAS SISU 2018\/2 9\u00aa CONVOCA\u00c7\u00c3O RESULTADO FINAL DO EDITAL CRA N\u00ba 13\/2018 MATR\u00cdCULAS SISU 2018\/2 8\u00aa CONVOCA\u00c7\u00c3O RESULTADO PARCIAL DO EDITAL CRA N\u00ba 13\/2018 MATR\u00cdCULAS SISU 2018\/2 9\u00aa CONVOCA\u00c7\u00c3O RESULTADO PARCIAL DO EDITAL CRA N\u00ba 13\/2018 MATR\u00cdCULAS SISU 2018\/2 8\u00aa CONVOCA\u00c7\u00c3O RESULTADO FINAL\u2026","rel":"","context":"Post similar","block_context":{"text":"Post similar","link":""},"img":{"alt_text":"","src":"","width":0,"height":0},"classes":[]},{"id":2121,"url":"https:\/\/wp.ufpel.edu.br\/sisu\/editais-selecao-socioeconomica\/resultado-da-avaliacao-socioeconomica-2019-1\/","url_meta":{"origin":4412,"position":5},"title":"Resultados da avalia\u00e7\u00e3o socioecon\u00f4mica SISU 2019\/1","author":"prae","date":"22\/02\/2019","format":false,"excerpt":"RESULTADO FINAL DO EDITAL CRA n\u00ba 03\/2019 6\u00aa CONVOCA\u00c7\u00c3O \u2013 SISU 2019\/1 COTAS SOCIAIS L1, L2, L9 e L10 RESULTADO FINAL DO EDITAL CRA n\u00ba 03\/2019 5\u00aa CONVOCA\u00c7\u00c3O \u2013 SISU 2019\/1 COTAS SOCIAIS L1, L2, L9 e L10 RESULTADO FINAL DO EDITAL CRA n\u00ba 03\/2019 3\u00aa CONVOCA\u00c7\u00c3O \u2013 SISU 2019\/1\u2026","rel":"","context":"Post similar","block_context":{"text":"Post similar","link":""},"img":{"alt_text":"","src":"","width":0,"height":0},"classes":[]}],"publishpress_future_action":{"enabled":false,"date":"2026-05-04 18:00:54","action":"change-status","newStatus":"draft","terms":[],"taxonomy":"","extraData":[]},"publishpress_future_workflow_manual_trigger":{"enabledWorkflows":[]},"_links":{"self":[{"href":"https:\/\/wp.ufpel.edu.br\/sisu\/wp-json\/wp\/v2\/pages\/4412","targetHints":{"allow":["GET"]}}],"collection":[{"href":"https:\/\/wp.ufpel.edu.br\/sisu\/wp-json\/wp\/v2\/pages"}],"about":[{"href":"https:\/\/wp.ufpel.edu.br\/sisu\/wp-json\/wp\/v2\/types\/page"}],"author":[{"embeddable":true,"href":"https:\/\/wp.ufpel.edu.br\/sisu\/wp-json\/wp\/v2\/users\/743"}],"replies":[{"embeddable":true,"href":"https:\/\/wp.ufpel.edu.br\/sisu\/wp-json\/wp\/v2\/comments?post=4412"}],"version-history":[{"count":5,"href":"https:\/\/wp.ufpel.edu.br\/sisu\/wp-json\/wp\/v2\/pages\/4412\/revisions"}],"predecessor-version":[{"id":4741,"href":"https:\/\/wp.ufpel.edu.br\/sisu\/wp-json\/wp\/v2\/pages\/4412\/revisions\/4741"}],"up":[{"embeddable":true,"href":"https:\/\/wp.ufpel.edu.br\/sisu\/wp-json\/wp\/v2\/pages\/18"}],"wp:attachment":[{"href":"https:\/\/wp.ufpel.edu.br\/sisu\/wp-json\/wp\/v2\/media?parent=4412"}],"curies":[{"name":"wp","href":"https:\/\/api.w.org\/{rel}","templated":true}]}}

<p><strong>Editais e convocações – SISU 2022/1</strong></p>
<ul>
<li><a href="https://www.in.gov.br/en/web/dou/-/edital-n-73-de-26-de-outubro-de-2021processo-seletivo-primeira-edicao-de-2022sistema-de-selecao-unificada-sisu-355663911">Edital nº 73, de 26 de outubro de 2021</a></li>
<li><a class="listaa" href="https://www.in.gov.br/en/web/dou/-/edital-n-2-de-18-de-janeiro-de-2022-374769642" target="_blank" rel="noopener">Edital nº 2, de 18 de janeiro de 2022</a>
<ul>
<li><a href="https://www.in.gov.br/en/web/dou/-/edital-n-8-de-27-de-janeiro-de-2022-376665056">Retificação: Edital nº 8, de 27 de janeiro de 2022</a></li>
</ul>
</li>
<li><a href="https://wp.ufpel.edu.br/sisu/files/2021/12/termo_adesao_634_UFPEL-16.pdf">Termo de Adesão SISU 2022/1</a></li>
<li><a href="https://wp.ufpel.edu.br/sisu/files/2022/02/SEI_23110.003332_2022_18-1.pdf">Edital CRA Nº 03/2022 &#8211; Chamada Regular</a>
<ul>
<li><a href="https://wp.ufpel.edu.br/sisu/files/2022/02/lista_aprovados_sisu_2022_1.pdf">Aprovados &#8211; Chamada Regular</a></li>
</ul>
</li>
<li><a href="https://wp.ufpel.edu.br/sisu/files/2022/02/SEI_23110.003332_2022_18.pdf">Edital CRA Nº 05/2022 &#8211; Lista de Espera</a>
<ul>
<li><a href="https://wp.ufpel.edu.br/sisu/files/2022/02/sisu_2022_1_lista_espera_geral.pdf">Lista de espera – Geral</a></li>
<li><a href="https://wp.ufpel.edu.br/sisu/files/2022/02/sisu_2022_1_lista_espera_cotas.pdf">Lista de espera – Cotas</a></li>
</ul>
</li>
<li><a href="https://wp.ufpel.edu.br/sisu/files/2022/03/Convocacao_SISU-2022_1-Lista-de-espera-1a-Convocacao.pdf">1ª Convocação</a></li>
<li><a href="https://wp.ufpel.edu.br/sisu/files/2022/04/Convocacao_SISU-2022_1-Lista-de-espera-2a-Convocacao.pdf">2ª Convocação</a></li>
<li><a href="https://wp.ufpel.edu.br/sisu/files/2022/04/Convocacao_SISU-2022_1-Lista-de-espera-3a-Convocacao.pdf">3ª Convocação</a></li>
<li><a href="https://wp.ufpel.edu.br/sisu/files/2022/05/Convocacao_SISU-2022_1-Lista-de-espera-4a-Convocacao.pdf">4ª Convocação</a></li>
<li><a href="https://wp.ufpel.edu.br/sisu/files/2022/06/Convocacao_SISU-2022_1-Lista-de-espera-Convocacao-Direito.pdf">Convocação (Direito)</a></li>
<li><a href="https://wp.ufpel.edu.br/sisu/files/2022/06/Convocacao_SISU-2022_1-Lista-de-espera-Convocacao-Direito-II.pdf">Convocação (Direito)</a></li>
<li><a href="https://wp.ufpel.edu.br/sisu/files/2022/06/Convocacao_SISU-2022_1-Lista-de-espera-5a-Convocacao.pdf">5ª Convocação</a></li>
<li><a href="https://wp.ufpel.edu.br/sisu/files/2022/06/SEI_23110.003332_2022_18.pdf">Edital CRA Nº 20/2022 &#8211; Chamada Especial</a>
<ul>
<li><a href="https://wp.ufpel.edu.br/sisu/files/2022/06/SISU-2022-1-Lista-de-inscritos-Chamada-especial-Geral.pdf">SISU 2022/1 – Lista de inscritos – Chamada especial (Geral)</a></li>
<li><a href="https://wp.ufpel.edu.br/sisu/files/2022/06/SISU-2022-1-Lista-de-inscritos-Chamada-especial-Cotas.pdf">SISU 2022/1 – Lista de inscritos – Chamada especial (Cotas)</a></li>
<li><a href="https://wp.ufpel.edu.br/sisu/files/2022/07/SISU-2022_1-Lista-de-espera-1a-Chamada-especial.pdf">SISU 2022/1 – Matriculados – 1ª Chamada especial</a></li>
<li><a href="https://wp.ufpel.edu.br/sisu/files/2022/08/Convocacao_SISU-2022_1-Lista-de-espera-2a-Chamada-especial.pdf">SISU 2022/1 – Matriculados – 2ª Chamada especial</a></li>
<li><a href="https://wp.ufpel.edu.br/sisu/files/2022/08/Convocacao_SISU-2022_1-Lista-de-espera-3a-Chamada-especial.pdf">SISU 2022/1 – Matriculados – 3ª Chamada especial</a></li>
<li><a href="https://wp.ufpel.edu.br/sisu/files/2022/08/Convocacao_SISU-2022_1-Lista-de-espera-4a-Chamada-especial.pdf">SISU 2022/1 – Matriculados – 4ª Chamada especial</a></li>
</ul>
</li>
<li>
<p class="kt-adv-heading_54b4b9-df wp-block-kadence-advancedheading" data-kb-block="kb-adv-heading_54b4b9-df"><strong>Resultados para ingresso nas cotas</strong></p>
<ul>
<li><a href="https://wp.ufpel.edu.br/sisu/resultado-da-avaliacao-de-deficiencia/">Resultados da avaliação de deficiência</a></li>
<li><a href="https://wp.ufpel.edu.br/sisu/resultado-da-avaliacao-etnico-racial/">Resultados da avaliação étnico-racial</a></li>
<li><a href="https://wp.ufpel.edu.br/sisu/editais-selecao-socioeconomica/">Resultados da avaliação socioeconômica</a></li>
</ul>
</li>
</ul>

<p>Editais e convocações – SISU 2022/1 Edital nº 73, de 26 de outubro de 2021 Edital nº 2, de 18 de janeiro de 2022 Retificação: Edital nº 8, de 27 de janeiro de 2022 Termo de Adesão SISU 2022/1 Edital CRA Nº 03/2022 &#8211; Chamada Regular Aprovados &#8211; Chamada Regular Edital CRA Nº 05/2022 &#8211; Lista [&hellip;]</p>

Editais e convocações – SISU 2021/2 Edital nº 30, de 17 de maio de 2021 Edital nº 39, de 23 de junho de 2021 Termo de Adesão SISU 2021/2 Edital nº 16/2021 - Chamada Regular Aprovados - Chamada Regular Edital nº 17/2021 - Lista de Espera Lista de Espera - Geral…

Resultados Seleção Socioeconômica

SISU 2022 2022/2 Chamada Regular: Banca Socioeconômica - Inscrições Completas/Incompletas Banca Socioeconômica - Resultado Preliminar Banca Socioeconômica - Resultado Final 1a Convocação: Banca Socioeconômica - Inscrições Completas/Incompletas Banca Socioeconômica - Resultado Preliminar Banca Socioeconômica - Resultado Final 2a Convocação: Banca Socioeconômica - Resultado Preliminar Banca Socioeconômica - Resultado Final 3a…

Editais e convocações – SISU 2021/1 Edital nº 10, de 10 de fevereiro de 2021 Edital nº 25, de 09 de abril de 2021 - Retificação Termo de Adesão SISU 2021/1 Edital nº 04/2021 - Chamada Regular Edital nº 04/2021 - Retificação Aprovados – Chamada Regular Edital nº 06/2021 - Lista…

Editais e convocações – SISU 2020/1 Edital N° 70, de 28 de novembro de 2019 Termo de adesão SISU 2020/1 Edital N° 2/2020 – Chamada Regular Edital N° 02/2020 – Retificação Aprovados – Chamada Regular Edital N° 3/2020 – Lista de Espera Edital N° 03/2020 – Retificação Lista de Espera –…

Resultados da avaliação socioeconômica SISU 2018/2

RESULTADO FINAL DO EDITAL CRA Nº 13/2018 MATRÍCULAS SISU 2018/2 9ª CONVOCAÇÃO RESULTADO FINAL DO EDITAL CRA Nº 13/2018 MATRÍCULAS SISU 2018/2 8ª CONVOCAÇÃO RESULTADO PARCIAL DO EDITAL CRA Nº 13/2018 MATRÍCULAS SISU 2018/2 9ª CONVOCAÇÃO RESULTADO PARCIAL DO EDITAL CRA Nº 13/2018 MATRÍCULAS SISU 2018/2 8ª CONVOCAÇÃO RESULTADO FINAL…

Resultados da avaliação socioeconômica SISU 2019/1

RESULTADO FINAL DO EDITAL CRA nº 03/2019 6ª CONVOCAÇÃO – SISU 2019/1 COTAS SOCIAIS L1, L2, L9 e L10 RESULTADO FINAL DO EDITAL CRA nº 03/2019 5ª CONVOCAÇÃO – SISU 2019/1 COTAS SOCIAIS L1, L2, L9 e L10 RESULTADO FINAL DO EDITAL CRA nº 03/2019 3ª CONVOCAÇÃO – SISU 2019/1…
