{"id":4010,"date":"2022-03-23T14:55:46","date_gmt":"2022-03-23T17:55:46","guid":{"rendered":"https:\/\/wp.ufpel.edu.br\/sisu\/?page_id=4010"},"modified":"2023-01-05T16:57:44","modified_gmt":"2023-01-05T19:57:44","slug":"sisu-2021-2","status":"publish","type":"page","link":"https:\/\/wp.ufpel.edu.br\/sisu\/editais\/sisu-2021-2\/","title":{"rendered":"SISU 2021\/2"},"content":{"rendered":"<p><strong>Editais e convoca\u00e7\u00f5es \u2013\u00a0SISU 2021\/2<\/strong><\/p>\n<ul>\n<li><a href=\"https:\/\/www.in.gov.br\/en\/web\/dou\/-\/edital-n-30-de-17-de-maio-de-2021-321025845\">Edital n\u00ba 30, de 17 de maio de 2021<\/a><\/li>\n<li><a class=\"listaa\" href=\"https:\/\/sisu.mec.gov.br\/static\/pdf\/EDITAL%20N%C2%BA%2039,%20DE%2023%20DE%20JUNHO%20DE%202021.pdf\" target=\"_blank\" rel=\"noopener\">Edital n\u00ba 39, de 23 de junho de 2021<\/a><\/li>\n<li><a href=\"https:\/\/wp.ufpel.edu.br\/sisu\/files\/2021\/07\/Termo-de-Adesao-2a-edicao-de-2021.pdf\">Termo de Ades\u00e3o SISU 2021\/2<\/a><\/li>\n<li><a href=\"https:\/\/wp.ufpel.edu.br\/sisu\/files\/2021\/08\/SEI_23110.024526_2021_76.pdf\">Edital n\u00ba 16\/2021 &#8211; Chamada Regular<\/a>\n<ul>\n<li><a href=\"https:\/\/wp.ufpel.edu.br\/sisu\/files\/2021\/08\/SISU-2021-2-Chamada-Regular.pdf\">Aprovados &#8211; Chamada Regular<\/a><\/li>\n<\/ul>\n<\/li>\n<li><a href=\"https:\/\/wp.ufpel.edu.br\/sisu\/files\/2021\/08\/SEI_23110.024526_2021_76-1.pdf\" rel=\"attachment wp-att-3722\">Edital n\u00ba 17\/2021 &#8211; Lista de Espera<\/a>\n<ul>\n<li><a href=\"https:\/\/wp.ufpel.edu.br\/sisu\/files\/2021\/08\/SISU-20212-Lista-de-Espera-Geral.pdf\">Lista de Espera &#8211; Geral<\/a><\/li>\n<li><a href=\"https:\/\/wp.ufpel.edu.br\/sisu\/files\/2021\/08\/SISU-20212-Lista-de-Espera-Cotas.pdf\">Lista de Espera &#8211; Cotas<\/a><\/li>\n<\/ul>\n<\/li>\n<li><a href=\"https:\/\/wp.ufpel.edu.br\/sisu\/files\/2021\/08\/Convocacao_SISU-2021_2-Lista-de-espera-1a-Convocacao.pdf\">1\u00aa Convoca\u00e7\u00e3o<\/a><\/li>\n<li><a href=\"https:\/\/wp.ufpel.edu.br\/sisu\/files\/2021\/09\/Convocacao_SISU-2021_2-Lista-de-espera-2a-Convocacao.pdf\">2\u00aa Convoca\u00e7\u00e3o<\/a><\/li>\n<li><a href=\"https:\/\/wp.ufpel.edu.br\/sisu\/files\/2021\/12\/Convocacao_SISU-2021_2-Lista-de-espera-3a-Convocacao.pdf\">3\u00aa Convoca\u00e7\u00e3o<\/a><\/li>\n<li><a href=\"https:\/\/wp.ufpel.edu.br\/sisu\/files\/2022\/01\/Convocacao_SISU-2021_2-Lista-de-espera-4a-Convocacao.pdf\">4\u00aa Convoca\u00e7\u00e3o<\/a><\/li>\n<li><a href=\"https:\/\/wp.ufpel.edu.br\/sisu\/files\/2022\/01\/Convocacao_SISU-2021_2-Lista-de-espera-5a-Convocacao.pdf\">5\u00aa Convoca\u00e7\u00e3o<\/a><\/li>\n<li><a href=\"https:\/\/wp.ufpel.edu.br\/sisu\/files\/2022\/02\/Convocacao_SISU-2021_2-Lista-de-espera-6a-Convocacao.pdf\">6\u00aa Convoca\u00e7\u00e3o<\/a><\/li>\n<li><a href=\"https:\/\/wp.ufpel.edu.br\/sisu\/files\/2022\/03\/Convocacao_SISU-2021_2-Lista-de-espera-7a-Convocacao.pdf\">7\u00aa Convoca\u00e7\u00e3o<\/a><\/li>\n<li><a href=\"https:\/\/wp.ufpel.edu.br\/sisu\/files\/2022\/03\/SEI_23110.024526_2021_76-2.pdf\">Edital n\u00ba 06\/2022 &#8211; Chamada Especial<\/a>\n<ul>\n<li><a href=\"https:\/\/wp.ufpel.edu.br\/sisu\/files\/2022\/03\/SEI_23110.024526_2021_76-1.pdf\">Comunicado n\u00ba 01\/2022<\/a><\/li>\n<li><a href=\"https:\/\/wp.ufpel.edu.br\/sisu\/files\/2022\/04\/SEI_23110.024526_2021_76.pdf\">Comunicado n\u00ba 02\/2022<\/a><\/li>\n<li><a href=\"https:\/\/wp.ufpel.edu.br\/sisu\/files\/2022\/04\/SEI_23110.024526_2021_76-1.pdf\">Comunicado n\u00ba 03\/2022<\/a><\/li>\n<\/ul>\n<\/li>\n<\/ul>\n<ul>\n<li>\n<p class=\"kt-adv-heading_54b4b9-df wp-block-kadence-advancedheading\" data-kb-block=\"kb-adv-heading_54b4b9-df\"><strong>Resultados para ingresso nas cotas<\/strong><\/p>\n<ul>\n<li><a href=\"https:\/\/wp.ufpel.edu.br\/sisu\/resultado-da-avaliacao-de-deficiencia\/\">Resultados da avalia\u00e7\u00e3o de defici\u00eancia<\/a><\/li>\n<li><a href=\"https:\/\/wp.ufpel.edu.br\/sisu\/resultado-da-avaliacao-etnico-racial\/\">Resultados da avalia\u00e7\u00e3o \u00e9tnico-racial<\/a><\/li>\n<li><a href=\"https:\/\/wp.ufpel.edu.br\/sisu\/editais-selecao-socioeconomica\/\">Resultados da avalia\u00e7\u00e3o socioecon\u00f4mica<\/a><\/li>\n<\/ul>\n<\/li>\n<\/ul>\n","protected":false},"excerpt":{"rendered":"<p>Editais e convoca\u00e7\u00f5es \u2013\u00a0SISU 2021\/2 Edital n\u00ba 30, de 17 de maio de 2021 Edital n\u00ba 39, de 23 de junho de 2021 Termo de Ades\u00e3o SISU 2021\/2 Edital n\u00ba 16\/2021 &#8211; Chamada Regular Aprovados &#8211; Chamada Regular Edital n\u00ba 17\/2021 &#8211; Lista de Espera Lista de Espera &#8211; Geral Lista de Espera &#8211; Cotas [&hellip;]<\/p>\n","protected":false},"author":743,"featured_media":0,"parent":18,"menu_order":0,"comment_status":"closed","ping_status":"closed","template":"","meta":{"advanced_seo_description":"","jetpack_seo_html_title":"","jetpack_seo_noindex":false,"jetpack_post_was_ever_published":false,"footnotes":""},"class_list":["post-4010","page","type-page","status-publish","hentry"],"jetpack_sharing_enabled":true,"jetpack_shortlink":"https:\/\/wp.me\/P8Nz4H-12G","jetpack-related-posts":[{"id":3772,"url":"https:\/\/wp.ufpel.edu.br\/sisu\/editais\/sisu-2021-1\/","url_meta":{"origin":4010,"position":0},"title":"SISU 2021\/1","author":"sisu","date":"25\/08\/2021","format":false,"excerpt":"Editais e convoca\u00e7\u00f5es \u2013\u00a0SISU 2021\/1 Edital n\u00ba 10, de 10 de fevereiro de 2021 Edital n\u00ba 25, de 09 de abril de 2021 - Retifica\u00e7\u00e3o Termo de Ades\u00e3o SISU 2021\/1 Edital n\u00ba 04\/2021 - Chamada Regular Edital n\u00ba 04\/2021 - Retifica\u00e7\u00e3o Aprovados \u2013 Chamada Regular Edital n\u00ba 06\/2021 - Lista\u2026","rel":"","context":"Post similar","block_context":{"text":"Post similar","link":""},"img":{"alt_text":"","src":"","width":0,"height":0},"classes":[]},{"id":4412,"url":"https:\/\/wp.ufpel.edu.br\/sisu\/editais\/sisu-2022-1\/","url_meta":{"origin":4010,"position":1},"title":"SISU 2022\/1","author":"sisu","date":"29\/08\/2022","format":false,"excerpt":"Editais e convoca\u00e7\u00f5es \u2013\u00a0SISU 2022\/1 Edital n\u00ba 73, de 26 de outubro de 2021 Edital n\u00ba 2, de 18 de janeiro de 2022 Retifica\u00e7\u00e3o: Edital n\u00ba 8, de 27 de janeiro de 2022 Termo de Ades\u00e3o SISU 2022\/1 Edital CRA N\u00ba 03\/2022 - Chamada Regular Aprovados - Chamada Regular Edital\u2026","rel":"","context":"Post similar","block_context":{"text":"Post similar","link":""},"img":{"alt_text":"","src":"","width":0,"height":0},"classes":[]},{"id":45,"url":"https:\/\/wp.ufpel.edu.br\/sisu\/editais-selecao-socioeconomica\/","url_meta":{"origin":4010,"position":2},"title":"Resultados Sele\u00e7\u00e3o Socioecon\u00f4mica","author":"prae","date":"01\/06\/2017","format":false,"excerpt":"SISU 2022 2022\/2 Chamada Regular: Banca Socioecon\u00f4mica - Inscri\u00e7\u00f5es Completas\/Incompletas Banca Socioecon\u00f4mica - Resultado Preliminar Banca Socioecon\u00f4mica - Resultado Final 1a Convoca\u00e7\u00e3o: Banca Socioecon\u00f4mica - Inscri\u00e7\u00f5es Completas\/Incompletas Banca Socioecon\u00f4mica - Resultado Preliminar Banca Socioecon\u00f4mica - Resultado Final 2a Convoca\u00e7\u00e3o: Banca Socioecon\u00f4mica - Resultado Preliminar Banca Socioecon\u00f4mica - Resultado Final 3a\u2026","rel":"","context":"Post similar","block_context":{"text":"Post similar","link":""},"img":{"alt_text":"","src":"","width":0,"height":0},"classes":[]},{"id":3195,"url":"https:\/\/wp.ufpel.edu.br\/sisu\/editais\/sisu-2020-1\/","url_meta":{"origin":4010,"position":3},"title":"SISU 2020\/1","author":"sisu","date":"13\/07\/2020","format":false,"excerpt":"Editais e convoca\u00e7\u00f5es \u2013\u00a0SISU 2020\/1 Edital N\u00b0 70, de 28 de novembro de 2019 Termo de ades\u00e3o SISU 2020\/1 Edital N\u00b0 2\/2020 \u2013 Chamada Regular Edital N\u00b0 02\/2020 \u2013 Retifica\u00e7\u00e3o Aprovados \u2013 Chamada Regular Edital N\u00b0 3\/2020 \u2013 Lista de Espera Edital N\u00b0 03\/2020 \u2013 Retifica\u00e7\u00e3o Lista de Espera \u2013\u2026","rel":"","context":"Post similar","block_context":{"text":"Post similar","link":""},"img":{"alt_text":"","src":"","width":0,"height":0},"classes":[]},{"id":2842,"url":"https:\/\/wp.ufpel.edu.br\/sisu\/editais\/sisu-2019-2\/","url_meta":{"origin":4010,"position":4},"title":"SISU 2019\/2","author":"sisu","date":"05\/11\/2019","format":false,"excerpt":"Editais e convoca\u00e7\u00f5es \u2013\u00a0SISU 2019\/2 Edital N\u00b0 35, de 13 de maio de 2019 Termo de Ades\u00e3o SISU 2019\/2 Edital N\u00b0 07\/2019 - Chamada Regular Aprovados - Chamada Regular Edital N\u00b0 09\/2019 - Lista de Espera Lista de Espera - Geral Lista de Espera - Cotas 1\u00aa Convoca\u00e7\u00e3o 2\u00aa Convoca\u00e7\u00e3o\u2026","rel":"","context":"Post similar","block_context":{"text":"Post similar","link":""},"img":{"alt_text":"","src":"","width":0,"height":0},"classes":[]},{"id":3451,"url":"https:\/\/wp.ufpel.edu.br\/sisu\/editais\/sisu-2020-2\/","url_meta":{"origin":4010,"position":5},"title":"SISU 2020\/2","author":"sisu","date":"01\/04\/2021","format":false,"excerpt":"Editais e convoca\u00e7\u00f5es \u2013\u00a0SISU 2020\/2 Edital N\u00b0 41, de 16 de junho de 2020 Termo de ades\u00e3o SISU 2020\/2 Edital N\u00b0 8\/2020 \u2013 Chamada Regular Aprovados \u2013 Chamada Regular Edital N\u00ba 09\/2020 \u2013 Lista de Espera Lista de Espera \u2013 Geral Lista de Espera \u2013 Cotas 1\u00aa Convoca\u00e7\u00e3o 2\u00aa Convoca\u00e7\u00e3o\u2026","rel":"","context":"Post similar","block_context":{"text":"Post similar","link":""},"img":{"alt_text":"","src":"","width":0,"height":0},"classes":[]}],"publishpress_future_action":{"enabled":false,"date":"2026-05-06 21:13:58","action":"change-status","newStatus":"draft","terms":[],"taxonomy":"","extraData":[]},"publishpress_future_workflow_manual_trigger":{"enabledWorkflows":[]},"_links":{"self":[{"href":"https:\/\/wp.ufpel.edu.br\/sisu\/wp-json\/wp\/v2\/pages\/4010","targetHints":{"allow":["GET"]}}],"collection":[{"href":"https:\/\/wp.ufpel.edu.br\/sisu\/wp-json\/wp\/v2\/pages"}],"about":[{"href":"https:\/\/wp.ufpel.edu.br\/sisu\/wp-json\/wp\/v2\/types\/page"}],"author":[{"embeddable":true,"href":"https:\/\/wp.ufpel.edu.br\/sisu\/wp-json\/wp\/v2\/users\/743"}],"replies":[{"embeddable":true,"href":"https:\/\/wp.ufpel.edu.br\/sisu\/wp-json\/wp\/v2\/comments?post=4010"}],"version-history":[{"count":6,"href":"https:\/\/wp.ufpel.edu.br\/sisu\/wp-json\/wp\/v2\/pages\/4010\/revisions"}],"predecessor-version":[{"id":4744,"href":"https:\/\/wp.ufpel.edu.br\/sisu\/wp-json\/wp\/v2\/pages\/4010\/revisions\/4744"}],"up":[{"embeddable":true,"href":"https:\/\/wp.ufpel.edu.br\/sisu\/wp-json\/wp\/v2\/pages\/18"}],"wp:attachment":[{"href":"https:\/\/wp.ufpel.edu.br\/sisu\/wp-json\/wp\/v2\/media?parent=4010"}],"curies":[{"name":"wp","href":"https:\/\/api.w.org\/{rel}","templated":true}]}}

<p><strong>Editais e convocações – SISU 2021/2</strong></p>
<ul>
<li><a href="https://www.in.gov.br/en/web/dou/-/edital-n-30-de-17-de-maio-de-2021-321025845">Edital nº 30, de 17 de maio de 2021</a></li>
<li><a class="listaa" href="https://sisu.mec.gov.br/static/pdf/EDITAL%20N%C2%BA%2039,%20DE%2023%20DE%20JUNHO%20DE%202021.pdf" target="_blank" rel="noopener">Edital nº 39, de 23 de junho de 2021</a></li>
<li><a href="https://wp.ufpel.edu.br/sisu/files/2021/07/Termo-de-Adesao-2a-edicao-de-2021.pdf">Termo de Adesão SISU 2021/2</a></li>
<li><a href="https://wp.ufpel.edu.br/sisu/files/2021/08/SEI_23110.024526_2021_76.pdf">Edital nº 16/2021 &#8211; Chamada Regular</a>
<ul>
<li><a href="https://wp.ufpel.edu.br/sisu/files/2021/08/SISU-2021-2-Chamada-Regular.pdf">Aprovados &#8211; Chamada Regular</a></li>
</ul>
</li>
<li><a href="https://wp.ufpel.edu.br/sisu/files/2021/08/SEI_23110.024526_2021_76-1.pdf" rel="attachment wp-att-3722">Edital nº 17/2021 &#8211; Lista de Espera</a>
<ul>
<li><a href="https://wp.ufpel.edu.br/sisu/files/2021/08/SISU-20212-Lista-de-Espera-Geral.pdf">Lista de Espera &#8211; Geral</a></li>
<li><a href="https://wp.ufpel.edu.br/sisu/files/2021/08/SISU-20212-Lista-de-Espera-Cotas.pdf">Lista de Espera &#8211; Cotas</a></li>
</ul>
</li>
<li><a href="https://wp.ufpel.edu.br/sisu/files/2021/08/Convocacao_SISU-2021_2-Lista-de-espera-1a-Convocacao.pdf">1ª Convocação</a></li>
<li><a href="https://wp.ufpel.edu.br/sisu/files/2021/09/Convocacao_SISU-2021_2-Lista-de-espera-2a-Convocacao.pdf">2ª Convocação</a></li>
<li><a href="https://wp.ufpel.edu.br/sisu/files/2021/12/Convocacao_SISU-2021_2-Lista-de-espera-3a-Convocacao.pdf">3ª Convocação</a></li>
<li><a href="https://wp.ufpel.edu.br/sisu/files/2022/01/Convocacao_SISU-2021_2-Lista-de-espera-4a-Convocacao.pdf">4ª Convocação</a></li>
<li><a href="https://wp.ufpel.edu.br/sisu/files/2022/01/Convocacao_SISU-2021_2-Lista-de-espera-5a-Convocacao.pdf">5ª Convocação</a></li>
<li><a href="https://wp.ufpel.edu.br/sisu/files/2022/02/Convocacao_SISU-2021_2-Lista-de-espera-6a-Convocacao.pdf">6ª Convocação</a></li>
<li><a href="https://wp.ufpel.edu.br/sisu/files/2022/03/Convocacao_SISU-2021_2-Lista-de-espera-7a-Convocacao.pdf">7ª Convocação</a></li>
<li><a href="https://wp.ufpel.edu.br/sisu/files/2022/03/SEI_23110.024526_2021_76-2.pdf">Edital nº 06/2022 &#8211; Chamada Especial</a>
<ul>
<li><a href="https://wp.ufpel.edu.br/sisu/files/2022/03/SEI_23110.024526_2021_76-1.pdf">Comunicado nº 01/2022</a></li>
<li><a href="https://wp.ufpel.edu.br/sisu/files/2022/04/SEI_23110.024526_2021_76.pdf">Comunicado nº 02/2022</a></li>
<li><a href="https://wp.ufpel.edu.br/sisu/files/2022/04/SEI_23110.024526_2021_76-1.pdf">Comunicado nº 03/2022</a></li>
</ul>
</li>
</ul>
<ul>
<li>
<p class="kt-adv-heading_54b4b9-df wp-block-kadence-advancedheading" data-kb-block="kb-adv-heading_54b4b9-df"><strong>Resultados para ingresso nas cotas</strong></p>
<ul>
<li><a href="https://wp.ufpel.edu.br/sisu/resultado-da-avaliacao-de-deficiencia/">Resultados da avaliação de deficiência</a></li>
<li><a href="https://wp.ufpel.edu.br/sisu/resultado-da-avaliacao-etnico-racial/">Resultados da avaliação étnico-racial</a></li>
<li><a href="https://wp.ufpel.edu.br/sisu/editais-selecao-socioeconomica/">Resultados da avaliação socioeconômica</a></li>
</ul>
</li>
</ul>

<p>Editais e convocações – SISU 2021/2 Edital nº 30, de 17 de maio de 2021 Edital nº 39, de 23 de junho de 2021 Termo de Adesão SISU 2021/2 Edital nº 16/2021 &#8211; Chamada Regular Aprovados &#8211; Chamada Regular Edital nº 17/2021 &#8211; Lista de Espera Lista de Espera &#8211; Geral Lista de Espera &#8211; Cotas [&hellip;]</p>

Editais e convocações – SISU 2021/1 Edital nº 10, de 10 de fevereiro de 2021 Edital nº 25, de 09 de abril de 2021 - Retificação Termo de Adesão SISU 2021/1 Edital nº 04/2021 - Chamada Regular Edital nº 04/2021 - Retificação Aprovados – Chamada Regular Edital nº 06/2021 - Lista…

Editais e convocações – SISU 2022/1 Edital nº 73, de 26 de outubro de 2021 Edital nº 2, de 18 de janeiro de 2022 Retificação: Edital nº 8, de 27 de janeiro de 2022 Termo de Adesão SISU 2022/1 Edital CRA Nº 03/2022 - Chamada Regular Aprovados - Chamada Regular Edital…

Resultados Seleção Socioeconômica

SISU 2022 2022/2 Chamada Regular: Banca Socioeconômica - Inscrições Completas/Incompletas Banca Socioeconômica - Resultado Preliminar Banca Socioeconômica - Resultado Final 1a Convocação: Banca Socioeconômica - Inscrições Completas/Incompletas Banca Socioeconômica - Resultado Preliminar Banca Socioeconômica - Resultado Final 2a Convocação: Banca Socioeconômica - Resultado Preliminar Banca Socioeconômica - Resultado Final 3a…

Editais e convocações – SISU 2020/1 Edital N° 70, de 28 de novembro de 2019 Termo de adesão SISU 2020/1 Edital N° 2/2020 – Chamada Regular Edital N° 02/2020 – Retificação Aprovados – Chamada Regular Edital N° 3/2020 – Lista de Espera Edital N° 03/2020 – Retificação Lista de Espera –…

Editais e convocações – SISU 2019/2 Edital N° 35, de 13 de maio de 2019 Termo de Adesão SISU 2019/2 Edital N° 07/2019 - Chamada Regular Aprovados - Chamada Regular Edital N° 09/2019 - Lista de Espera Lista de Espera - Geral Lista de Espera - Cotas 1ª Convocação 2ª Convocação…

Editais e convocações – SISU 2020/2 Edital N° 41, de 16 de junho de 2020 Termo de adesão SISU 2020/2 Edital N° 8/2020 – Chamada Regular Aprovados – Chamada Regular Edital Nº 09/2020 – Lista de Espera Lista de Espera – Geral Lista de Espera – Cotas 1ª Convocação 2ª Convocação…
