{"id":3937,"date":"2022-02-22T13:42:16","date_gmt":"2022-02-22T16:42:16","guid":{"rendered":"https:\/\/wp.ufpel.edu.br\/sisu\/?page_id=3937"},"modified":"2026-08-26T15:35:09","modified_gmt":"2026-08-26T18:35:09","slug":"cronograma","status":"publish","type":"page","link":"https:\/\/wp.ufpel.edu.br\/sisu\/cronograma\/","title":{"rendered":"Cronograma"},"content":{"rendered":"\n<h2 class=\"wp-block-heading has-text-color has-link-color has-16-font-size wp-elements-5855d1c847e066c87135c375a0606e8b\" style=\"color:#00408f\"><strong>Agenda do SISU<\/strong><\/h2>\n\n\n\n<ul class=\"wp-block-list\">\n<li><strong>12\/08\/26 &#8211; In\u00edcio do semestre letivo 2026\/2.<\/strong><\/li>\n\n\n\n<li>Chamadas SISU 2026\/2 &#8211; ABI (Educa\u00e7\u00e3o F\u00edsica) e Pedagogia &#8211; <strong>Encerradas<\/strong><\/li>\n<\/ul>\n\n\n\n<p class=\"wp-block-paragraph\"><\/p>\n","protected":false},"excerpt":{"rendered":"<p>Agenda do SISU<\/p>\n","protected":false},"author":743,"featured_media":0,"parent":0,"menu_order":0,"comment_status":"closed","ping_status":"closed","template":"","meta":{"advanced_seo_description":"","jetpack_seo_html_title":"","jetpack_seo_noindex":false,"jetpack_seo_schema_type":"","footnotes":""},"class_list":["post-3937","page","type-page","status-publish","hentry"],"jetpack_sharing_enabled":true,"jetpack_shortlink":"https:\/\/wp.me\/P8Nz4H-11v","jetpack-related-posts":[{"id":18,"url":"https:\/\/wp.ufpel.edu.br\/sisu\/editais\/","url_meta":{"origin":3937,"position":0},"title":"Editais de matr\u00edculas","author":"sisu","date":"01\/06\/2017","format":false,"excerpt":"O SiSU \u00e9 a principal forma de ingresso nos cursos de gradua\u00e7\u00e3o da UFPel. \u00c9 preciso fazer o Exame Nacional do Ensino M\u00e9dio (ENEM) e realizar a inscri\u00e7\u00e3o pelo Sistema de Sele\u00e7\u00e3o Unificada (SiSU). Confira abaixo as informa\u00e7\u00f5es sobre as matr\u00edculas: SISU 2026 Oferta de vagas nos cursos de gradua\u00e7\u00e3o\u2026","rel":"","context":"Post similar","block_context":{"text":"Post similar","link":""},"img":{"alt_text":"Banner laranja com uma estudante segurando um smartphone. \u00cdcones de envelopes coloridos acompanham o texto \"GUIA PARA MATR\u00cdCULA\", destacando o ponto inicial do processo.","src":"https:\/\/i0.wp.com\/wp.ufpel.edu.br\/sisu\/files\/2026\/07\/guia-matricula.png?resize=350%2C200&ssl=1","width":350,"height":200,"srcset":"https:\/\/i0.wp.com\/wp.ufpel.edu.br\/sisu\/files\/2026\/07\/guia-matricula.png?resize=350%2C200&ssl=1 1x, https:\/\/i0.wp.com\/wp.ufpel.edu.br\/sisu\/files\/2026\/07\/guia-matricula.png?resize=525%2C300&ssl=1 1.5x, https:\/\/i0.wp.com\/wp.ufpel.edu.br\/sisu\/files\/2026\/07\/guia-matricula.png?resize=700%2C400&ssl=1 2x, https:\/\/i0.wp.com\/wp.ufpel.edu.br\/sisu\/files\/2026\/07\/guia-matricula.png?resize=1050%2C600&ssl=1 3x"},"classes":[]},{"id":59,"url":"https:\/\/wp.ufpel.edu.br\/sisu\/duvidas-frequentes\/","url_meta":{"origin":3937,"position":1},"title":"D\u00favidas Frequentes","author":"sisu","date":"01\/06\/2017","format":false,"excerpt":"+Sobre o SiSU O que \u00e9 o SiSU? O Sistema de Sele\u00e7\u00e3o Unificada (SiSU) \u00e9 o sistema informatizado, gerenciado pelo Minist\u00e9rio da Educa\u00e7\u00e3o (MEC), pelo qual institui\u00e7\u00f5es p\u00fablicas de educa\u00e7\u00e3o superior oferecem vagas a candidatos participantes do Exame Nacional do Ensino M\u00e9dio (Enem). Como funciona o SiSU? Os estudantes que\u2026","rel":"","context":"Post similar","block_context":{"text":"Post similar","link":""},"img":{"alt_text":"","src":"","width":0,"height":0},"classes":[]},{"id":4691,"url":"https:\/\/wp.ufpel.edu.br\/sisu\/editais\/editais-anteriores\/","url_meta":{"origin":3937,"position":2},"title":"Editais anteriores","author":"sisu","date":"05\/01\/2023","format":false,"excerpt":"SISU - 2025\/2SISU - 2025\/1SISU - 2024\/2SISU - 2024\/1SISU - 2023\/2SISU - 2023\/1SISU - 2022\/2SISU - 2022\/1SISU - 2021\/2SISU - 2021\/1SISU - 2020\/2SISU - 2020\/1SISU - 2019\/2SISU - 2019\/1SISU - 2018\/2SISU - 2018\/1SISU - 2017\/2 SISU - 2025\/2 Oferta de vagas nos cursos de gradua\u00e7\u00e3o para ingresso no segundo semestre\u2026","rel":"","context":"Post similar","block_context":{"text":"Post similar","link":""},"img":{"alt_text":"","src":"","width":0,"height":0},"classes":[]},{"id":97,"url":"https:\/\/wp.ufpel.edu.br\/sisu\/documentos\/l13\/","url_meta":{"origin":3937,"position":3},"title":"LI_PCD","author":"sisu","date":"01\/06\/2017","format":false,"excerpt":"LI_PCD - Candidatos com defici\u00eancia, independentemente da renda, que tenham cursado integralmente o ensino m\u00e9dio em escolas p\u00fablicas ou em escolas comunit\u00e1rias que atuam no \u00e2mbito da educa\u00e7\u00e3o do campo conveniadas com o poder p\u00fablico (Lei n\u00ba 12.711\/2012).","rel":"","context":"Post similar","block_context":{"text":"Post similar","link":""},"img":{"alt_text":"","src":"","width":0,"height":0},"classes":[]},{"id":816,"url":"https:\/\/wp.ufpel.edu.br\/sisu\/termos-de-adesao-ao-sisu\/","url_meta":{"origin":3937,"position":4},"title":"Termos de ades\u00e3o ao SISU","author":"sisu","date":"31\/10\/2017","format":false,"excerpt":"Consulte os termos de ades\u00e3o ao SiSU, contendo os cursos, totais de vagas e documenta\u00e7\u00e3o para ingresso na UFPel. 2026\/1 e 2026\/2: Termo de Ades\u00e3o edi\u00e7\u00e3o de 2026 2025\/1 e 2025\/2: Termo de Ades\u00e3o edi\u00e7\u00e3o de 2025 2024\/1 e 2024\/2: Termo de Ades\u00e3o edi\u00e7\u00e3o de 2024 2023\/1: Termo de Ades\u00e3o\u2026","rel":"","context":"Post similar","block_context":{"text":"Post similar","link":""},"img":{"alt_text":"","src":"","width":0,"height":0},"classes":[]},{"id":91,"url":"https:\/\/wp.ufpel.edu.br\/sisu\/documentos\/l9\/","url_meta":{"origin":3937,"position":5},"title":"LB_PCD","author":"sisu","date":"01\/06\/2017","format":false,"excerpt":"LB_PCD - Candidatos com defici\u00eancia, que tenham renda familiar bruta per capita igual ou inferior a 1 sal\u00e1rio m\u00ednimo e que tenham cursado integralmente o ensino m\u00e9dio em escolas p\u00fablicas ou em escolas comunit\u00e1rias que atuam no \u00e2mbito da educa\u00e7\u00e3o do campo conveniadas com o poder p\u00fablico (Lei n\u00ba 12.711\/2012)","rel":"","context":"Post similar","block_context":{"text":"Post similar","link":""},"img":{"alt_text":"","src":"","width":0,"height":0},"classes":[]}],"_links":{"self":[{"href":"https:\/\/wp.ufpel.edu.br\/sisu\/wp-json\/wp\/v2\/pages\/3937","targetHints":{"allow":["GET"]}}],"collection":[{"href":"https:\/\/wp.ufpel.edu.br\/sisu\/wp-json\/wp\/v2\/pages"}],"about":[{"href":"https:\/\/wp.ufpel.edu.br\/sisu\/wp-json\/wp\/v2\/types\/page"}],"author":[{"embeddable":true,"href":"https:\/\/wp.ufpel.edu.br\/sisu\/wp-json\/wp\/v2\/users\/743"}],"replies":[{"embeddable":true,"href":"https:\/\/wp.ufpel.edu.br\/sisu\/wp-json\/wp\/v2\/comments?post=3937"}],"version-history":[{"count":3,"href":"https:\/\/wp.ufpel.edu.br\/sisu\/wp-json\/wp\/v2\/pages\/3937\/revisions"}],"predecessor-version":[{"id":6970,"href":"https:\/\/wp.ufpel.edu.br\/sisu\/wp-json\/wp\/v2\/pages\/3937\/revisions\/6970"}],"wp:attachment":[{"href":"https:\/\/wp.ufpel.edu.br\/sisu\/wp-json\/wp\/v2\/media?parent=3937"}],"curies":[{"name":"wp","href":"https:\/\/api.w.org\/{rel}","templated":true}]}}

<h2 class="wp-block-heading has-text-color has-link-color has-16-font-size wp-elements-5855d1c847e066c87135c375a0606e8b" style="color:#00408f"><strong>Agenda do SISU</strong></h2>



<ul class="wp-block-list">
<li><strong>12/08/26 &#8211; Início do semestre letivo 2026/2.</strong></li>



<li>Chamadas SISU 2026/2 &#8211; ABI (Educação Física) e Pedagogia &#8211; <strong>Encerradas</strong></li>
</ul>



<p class="wp-block-paragraph"></p>

Editais de matrículas

O SiSU é a principal forma de ingresso nos cursos de graduação da UFPel. É preciso fazer o Exame Nacional do Ensino Médio (ENEM) e realizar a inscrição pelo Sistema de Seleção Unificada (SiSU). Confira abaixo as informações sobre as matrículas: SISU 2026 Oferta de vagas nos cursos de graduação…

Banner laranja com uma estudante segurando um smartphone. Ícones de envelopes coloridos acompanham o texto "GUIA PARA MATRÍCULA", destacando o ponto inicial do processo.

Dúvidas Frequentes

+Sobre o SiSU O que é o SiSU? O Sistema de Seleção Unificada (SiSU) é o sistema informatizado, gerenciado pelo Ministério da Educação (MEC), pelo qual instituições públicas de educação superior oferecem vagas a candidatos participantes do Exame Nacional do Ensino Médio (Enem). Como funciona o SiSU? Os estudantes que…

SISU - 2025/2SISU - 2025/1SISU - 2024/2SISU - 2024/1SISU - 2023/2SISU - 2023/1SISU - 2022/2SISU - 2022/1SISU - 2021/2SISU - 2021/1SISU - 2020/2SISU - 2020/1SISU - 2019/2SISU - 2019/1SISU - 2018/2SISU - 2018/1SISU - 2017/2 SISU - 2025/2 Oferta de vagas nos cursos de graduação para ingresso no segundo semestre…

LI_PCD - Candidatos com deficiência, independentemente da renda, que tenham cursado integralmente o ensino médio em escolas públicas ou em escolas comunitárias que atuam no âmbito da educação do campo conveniadas com o poder público (Lei nº 12.711/2012).

Termos de adesão ao SISU

Consulte os termos de adesão ao SiSU, contendo os cursos, totais de vagas e documentação para ingresso na UFPel. 2026/1 e 2026/2: Termo de Adesão edição de 2026 2025/1 e 2025/2: Termo de Adesão edição de 2025 2024/1 e 2024/2: Termo de Adesão edição de 2024 2023/1: Termo de Adesão…

LB_PCD - Candidatos com deficiência, que tenham renda familiar bruta per capita igual ou inferior a 1 salário mínimo e que tenham cursado integralmente o ensino médio em escolas públicas ou em escolas comunitárias que atuam no âmbito da educação do campo conveniadas com o poder público (Lei nº 12.711/2012)
