{"id":3772,"date":"2021-08-25T11:15:53","date_gmt":"2021-08-25T14:15:53","guid":{"rendered":"https:\/\/wp.ufpel.edu.br\/sisu\/?page_id=3772"},"modified":"2023-05-17T12:20:14","modified_gmt":"2023-05-17T15:20:14","slug":"sisu-2021-1","status":"publish","type":"page","link":"https:\/\/wp.ufpel.edu.br\/sisu\/editais\/sisu-2021-1\/","title":{"rendered":"SISU 2021\/1"},"content":{"rendered":"<p><strong>Editais e convoca\u00e7\u00f5es \u2013\u00a0SISU 2021\/1<\/strong><\/p>\n<ul>\n<li><a href=\"https:\/\/www.in.gov.br\/en\/web\/dou\/-\/edital-n-10-de-10-de-fevereiro-de-2021-sistema-de-selecao-unificada-sisu-processo-seletivo-primeira-edicao-de-2021-303253299\">Edital n\u00ba 10, de 10 de fevereiro de 2021<\/a>\n<ul>\n<li><a href=\"https:\/\/pesquisa.in.gov.br\/imprensa\/jsp\/visualiza\/index.jsp?data=09\/04\/2021&amp;jornal=609&amp;pagina=1\">Edital n\u00ba 25, de 09 de abril de 2021 &#8211; Retifica\u00e7\u00e3o<\/a><\/li>\n<\/ul>\n<\/li>\n<li><a href=\"https:\/\/wp.ufpel.edu.br\/sisu\/files\/2021\/02\/Termo-de-adesao-ao-SISU_2021-1.pdf\">Termo de Ades\u00e3o SISU 2021\/1<\/a><\/li>\n<li><a href=\"https:\/\/wp.ufpel.edu.br\/sisu\/files\/2021\/04\/SEI_23110.009580_2021_91.pdf\">Edital n\u00ba 04\/2021 &#8211; Chamada Regular<\/a>\n<ul>\n<li><a href=\"https:\/\/wp.ufpel.edu.br\/sisu\/files\/2021\/04\/SEI_23110.009580_2021_91-1.pdf\">Edital n\u00ba 04\/2021 &#8211; Retifica\u00e7\u00e3o<\/a><\/li>\n<li><a href=\"https:\/\/wp.ufpel.edu.br\/sisu\/files\/2021\/04\/Aprovados-\u2013-Chamada-Regular.pdf\">Aprovados \u2013 Chamada Regular<\/a><\/li>\n<\/ul>\n<\/li>\n<li><a href=\"https:\/\/wp.ufpel.edu.br\/sisu\/files\/2021\/04\/SEI_23110.009580_2021_91-2.pdf\">Edital n\u00ba 06\/2021 &#8211; Lista de Espera<\/a>\n<ul>\n<li><a href=\"https:\/\/wp.ufpel.edu.br\/sisu\/files\/2021\/04\/SISU-2021-1-Lista-de-espera-Geral.pdf\">Lista de espera &#8211; Geral<\/a><\/li>\n<li><a href=\"https:\/\/wp.ufpel.edu.br\/sisu\/files\/2021\/04\/SISU-2021-1-Lista-de-espera-Cotas.pdf\">Lista de espera &#8211; Cotas<\/a><\/li>\n<\/ul>\n<\/li>\n<li><a href=\"https:\/\/wp.ufpel.edu.br\/sisu\/files\/2021\/04\/Convocacao_SISU-2021_1-Lista-de-espera-1a-Convocacao.pdf\">1\u00aa Convoca\u00e7\u00e3o<\/a><\/li>\n<li><a href=\"https:\/\/wp.ufpel.edu.br\/sisu\/files\/2021\/06\/Convocacao_SISU-2021_1-Lista-de-espera-2a-Convocacao.pdf\">2\u00aa Convoca\u00e7\u00e3o<\/a><\/li>\n<li><a href=\"https:\/\/wp.ufpel.edu.br\/sisu\/files\/2021\/06\/Convocacao_SISU-2021_1-Lista-de-espera-3a-Convocacao.pdf\">3\u00aa Convoca\u00e7\u00e3o<\/a><\/li>\n<li><a href=\"https:\/\/wp.ufpel.edu.br\/sisu\/files\/2021\/07\/Convocacao_SISU-2021_1-Lista-de-espera-4a-Convocacao.pdf\">4\u00aa Convoca\u00e7\u00e3o<\/a><\/li>\n<li><a href=\"https:\/\/wp.ufpel.edu.br\/sisu\/files\/2021\/07\/Convocacao_SISU-2021_1-Lista-de-espera-5a-Convocacao.pdf\">5\u00aa Convoca\u00e7\u00e3o<\/a><\/li>\n<li><a href=\"https:\/\/wp.ufpel.edu.br\/sisu\/files\/2021\/07\/Convocacao_SISU-2021_1-Lista-de-espera-6a-Convocacao.pdf\">6\u00aa Convoca\u00e7\u00e3o<\/a><\/li>\n<li><a href=\"https:\/\/wp.ufpel.edu.br\/sisu\/files\/2021\/08\/Convocacao_SISU-2021_1-Lista-de-espera-7a-Convocacao.pdf\">7\u00aa Convoca\u00e7\u00e3o<\/a><\/li>\n<\/ul>\n\n\n<ul class=\"wp-block-list\">\n<li><strong>Resultados para ingresso nas cotas<\/strong>\n<ul class=\"wp-block-list\">\n<li><a href=\"https:\/\/wp.ufpel.edu.br\/sisu\/resultado-da-avaliacao-de-deficiencia\/\">Resultados da avalia\u00e7\u00e3o de defici\u00eancia<\/a><\/li>\n\n\n\n<li><a href=\"https:\/\/wp.ufpel.edu.br\/sisu\/resultado-da-avaliacao-etnico-racial\/\">Resultados da avalia\u00e7\u00e3o \u00e9tnico-racial<\/a><\/li>\n\n\n\n<li><a href=\"https:\/\/wp.ufpel.edu.br\/sisu\/editais-selecao-socioeconomica\/\">Resultados da avalia\u00e7\u00e3o socioecon\u00f4mica<\/a><\/li>\n<\/ul>\n<\/li>\n<\/ul>\n","protected":false},"excerpt":{"rendered":"<p>Editais e convoca\u00e7\u00f5es \u2013\u00a0SISU 2021\/1 Edital n\u00ba 10, de 10 de fevereiro de 2021 Edital n\u00ba 25, de 09 de abril de 2021 &#8211; Retifica\u00e7\u00e3o Termo de Ades\u00e3o SISU 2021\/1 Edital n\u00ba 04\/2021 &#8211; Chamada Regular Edital n\u00ba 04\/2021 &#8211; Retifica\u00e7\u00e3o Aprovados \u2013 Chamada Regular Edital n\u00ba 06\/2021 &#8211; Lista de Espera Lista de espera [&hellip;]<\/p>\n","protected":false},"author":743,"featured_media":0,"parent":18,"menu_order":0,"comment_status":"closed","ping_status":"closed","template":"","meta":{"advanced_seo_description":"","jetpack_seo_html_title":"","jetpack_seo_noindex":false,"jetpack_post_was_ever_published":false,"footnotes":""},"class_list":["post-3772","page","type-page","status-publish","hentry"],"jetpack_sharing_enabled":true,"jetpack_shortlink":"https:\/\/wp.me\/P8Nz4H-YQ","jetpack-related-posts":[{"id":4412,"url":"https:\/\/wp.ufpel.edu.br\/sisu\/editais\/sisu-2022-1\/","url_meta":{"origin":3772,"position":0},"title":"SISU 2022\/1","author":"sisu","date":"29\/08\/2022","format":false,"excerpt":"Editais e convoca\u00e7\u00f5es \u2013\u00a0SISU 2022\/1 Edital n\u00ba 73, de 26 de outubro de 2021 Edital n\u00ba 2, de 18 de janeiro de 2022 Retifica\u00e7\u00e3o: Edital n\u00ba 8, de 27 de janeiro de 2022 Termo de Ades\u00e3o SISU 2022\/1 Edital CRA N\u00ba 03\/2022 - Chamada Regular Aprovados - Chamada Regular Edital\u2026","rel":"","context":"Post similar","block_context":{"text":"Post similar","link":""},"img":{"alt_text":"","src":"","width":0,"height":0},"classes":[]},{"id":3195,"url":"https:\/\/wp.ufpel.edu.br\/sisu\/editais\/sisu-2020-1\/","url_meta":{"origin":3772,"position":1},"title":"SISU 2020\/1","author":"sisu","date":"13\/07\/2020","format":false,"excerpt":"Editais e convoca\u00e7\u00f5es \u2013\u00a0SISU 2020\/1 Edital N\u00b0 70, de 28 de novembro de 2019 Termo de ades\u00e3o SISU 2020\/1 Edital N\u00b0 2\/2020 \u2013 Chamada Regular Edital N\u00b0 02\/2020 \u2013 Retifica\u00e7\u00e3o Aprovados \u2013 Chamada Regular Edital N\u00b0 3\/2020 \u2013 Lista de Espera Edital N\u00b0 03\/2020 \u2013 Retifica\u00e7\u00e3o Lista de Espera \u2013\u2026","rel":"","context":"Post similar","block_context":{"text":"Post similar","link":""},"img":{"alt_text":"","src":"","width":0,"height":0},"classes":[]},{"id":967,"url":"https:\/\/wp.ufpel.edu.br\/sisu\/editais-selecao-socioeconomica\/resultados-da-avaliacao-socioeconomica-sisu-2018-1\/","url_meta":{"origin":3772,"position":2},"title":"Resultados da avalia\u00e7\u00e3o socioecon\u00f4mica SISU 2018\/1","author":"sisu","date":"15\/01\/2018","format":false,"excerpt":"RETIFICA\u00c7\u00c3O DO RESULTADO FINAL DO EDITAL 004\/2018 \u2013 COTA SOCIAL L1 6\u00b0 CONVOCA\u00c7\u00c3O\u2013SISU 2018\/1 RESULTADO FINAL DO EDITAL 004\/2018 COTAS SOCIAIS L1, L2, L9 e L10 11\u00aa CONVOCA\u00c7\u00c3O- SISU 2018\/1 RESULTADO FINAL DO EDITAL 004\/2018 COTAS SOCIAIS L1, L2, L9 e L10 9\u00aa CONVOCA\u00c7\u00c3O- SISU 2018\/1 RESULTADO FINAL DO EDITAL\u2026","rel":"","context":"Post similar","block_context":{"text":"Post similar","link":""},"img":{"alt_text":"","src":"","width":0,"height":0},"classes":[]},{"id":5590,"url":"https:\/\/wp.ufpel.edu.br\/sisu\/editais\/sisu-2023-1\/","url_meta":{"origin":3772,"position":3},"title":"SISU 2023\/1","author":"sisu","date":"03\/01\/2024","format":false,"excerpt":"SiSU - Ingresso 2023\/1 Matr\u00edculas encerradas. 4\u00aa Chamada3\u00aa Chamada2\u00aa Chamada1\u00aa ChamadaLista de esperaChamada RegularInscri\u00e7\u00e3o Lista de matriculados 28\/06\/23 Edital de matr\u00edculas 26\/06\/23 Resultados para ingresso nas cotas Raciais (Final) Aguarde Raciais (Parcial) Aguarde Renda (Final) 04\/09\/23 Renda (Parcial) 28\/07\/23 Lista de matriculados 06\/06\/23 Edital de matr\u00edculas 26\/05\/23 Resultados para ingresso\u2026","rel":"","context":"Post similar","block_context":{"text":"Post similar","link":""},"img":{"alt_text":"","src":"","width":0,"height":0},"classes":[]},{"id":6597,"url":"https:\/\/wp.ufpel.edu.br\/sisu\/editais\/sisu-2025\/","url_meta":{"origin":3772,"position":4},"title":"SISU 2025","author":"julia.stark","date":"02\/12\/2025","format":false,"excerpt":"Inscri\u00e7\u00f5es - SISU 2025 Inscri\u00e7\u00f5es 17\/01 a 21\/01\/25 Edital de Inscri\u00e7\u00e3o (Retificado) 28\/01\/24 Edital de Inscri\u00e7\u00e3o (Retificado) 27\/01\/24 Edital de Inscri\u00e7\u00e3o 23\/12\/24 Termo de Ades\u00e3o 19\/12\/24 Edital de Ades\u00e3o 22\/11\/24 SiSU - Ingresso 2025\/1 Matr\u00edculas encerradas. 4\u00aa Chamada3\u00aa Chamada2\u00aa Chamada1\u00aa ChamadaLista de esperaChamada Regular Edital de matr\u00edculas 05\/05\/25 Lista de\u2026","rel":"","context":"Post similar","block_context":{"text":"Post similar","link":""},"img":{"alt_text":"","src":"","width":0,"height":0},"classes":[]},{"id":4010,"url":"https:\/\/wp.ufpel.edu.br\/sisu\/editais\/sisu-2021-2\/","url_meta":{"origin":3772,"position":5},"title":"SISU 2021\/2","author":"sisu","date":"23\/03\/2022","format":false,"excerpt":"Editais e convoca\u00e7\u00f5es \u2013\u00a0SISU 2021\/2 Edital n\u00ba 30, de 17 de maio de 2021 Edital n\u00ba 39, de 23 de junho de 2021 Termo de Ades\u00e3o SISU 2021\/2 Edital n\u00ba 16\/2021 - Chamada Regular Aprovados - Chamada Regular Edital n\u00ba 17\/2021 - Lista de Espera Lista de Espera - Geral\u2026","rel":"","context":"Post similar","block_context":{"text":"Post similar","link":""},"img":{"alt_text":"","src":"","width":0,"height":0},"classes":[]}],"publishpress_future_action":{"enabled":false,"date":"2026-05-05 07:21:28","action":"change-status","newStatus":"draft","terms":[],"taxonomy":"","extraData":[]},"publishpress_future_workflow_manual_trigger":{"enabledWorkflows":[]},"_links":{"self":[{"href":"https:\/\/wp.ufpel.edu.br\/sisu\/wp-json\/wp\/v2\/pages\/3772","targetHints":{"allow":["GET"]}}],"collection":[{"href":"https:\/\/wp.ufpel.edu.br\/sisu\/wp-json\/wp\/v2\/pages"}],"about":[{"href":"https:\/\/wp.ufpel.edu.br\/sisu\/wp-json\/wp\/v2\/types\/page"}],"author":[{"embeddable":true,"href":"https:\/\/wp.ufpel.edu.br\/sisu\/wp-json\/wp\/v2\/users\/743"}],"replies":[{"embeddable":true,"href":"https:\/\/wp.ufpel.edu.br\/sisu\/wp-json\/wp\/v2\/comments?post=3772"}],"version-history":[{"count":7,"href":"https:\/\/wp.ufpel.edu.br\/sisu\/wp-json\/wp\/v2\/pages\/3772\/revisions"}],"predecessor-version":[{"id":5169,"href":"https:\/\/wp.ufpel.edu.br\/sisu\/wp-json\/wp\/v2\/pages\/3772\/revisions\/5169"}],"up":[{"embeddable":true,"href":"https:\/\/wp.ufpel.edu.br\/sisu\/wp-json\/wp\/v2\/pages\/18"}],"wp:attachment":[{"href":"https:\/\/wp.ufpel.edu.br\/sisu\/wp-json\/wp\/v2\/media?parent=3772"}],"curies":[{"name":"wp","href":"https:\/\/api.w.org\/{rel}","templated":true}]}}

<p><strong>Editais e convocações – SISU 2021/1</strong></p>
<ul>
<li><a href="https://www.in.gov.br/en/web/dou/-/edital-n-10-de-10-de-fevereiro-de-2021-sistema-de-selecao-unificada-sisu-processo-seletivo-primeira-edicao-de-2021-303253299">Edital nº 10, de 10 de fevereiro de 2021</a>
<ul>
<li><a href="https://pesquisa.in.gov.br/imprensa/jsp/visualiza/index.jsp?data=09/04/2021&amp;jornal=609&amp;pagina=1">Edital nº 25, de 09 de abril de 2021 &#8211; Retificação</a></li>
</ul>
</li>
<li><a href="https://wp.ufpel.edu.br/sisu/files/2021/02/Termo-de-adesao-ao-SISU_2021-1.pdf">Termo de Adesão SISU 2021/1</a></li>
<li><a href="https://wp.ufpel.edu.br/sisu/files/2021/04/SEI_23110.009580_2021_91.pdf">Edital nº 04/2021 &#8211; Chamada Regular</a>
<ul>
<li><a href="https://wp.ufpel.edu.br/sisu/files/2021/04/SEI_23110.009580_2021_91-1.pdf">Edital nº 04/2021 &#8211; Retificação</a></li>
<li><a href="https://wp.ufpel.edu.br/sisu/files/2021/04/Aprovados-–-Chamada-Regular.pdf">Aprovados – Chamada Regular</a></li>
</ul>
</li>
<li><a href="https://wp.ufpel.edu.br/sisu/files/2021/04/SEI_23110.009580_2021_91-2.pdf">Edital nº 06/2021 &#8211; Lista de Espera</a>
<ul>
<li><a href="https://wp.ufpel.edu.br/sisu/files/2021/04/SISU-2021-1-Lista-de-espera-Geral.pdf">Lista de espera &#8211; Geral</a></li>
<li><a href="https://wp.ufpel.edu.br/sisu/files/2021/04/SISU-2021-1-Lista-de-espera-Cotas.pdf">Lista de espera &#8211; Cotas</a></li>
</ul>
</li>
<li><a href="https://wp.ufpel.edu.br/sisu/files/2021/04/Convocacao_SISU-2021_1-Lista-de-espera-1a-Convocacao.pdf">1ª Convocação</a></li>
<li><a href="https://wp.ufpel.edu.br/sisu/files/2021/06/Convocacao_SISU-2021_1-Lista-de-espera-2a-Convocacao.pdf">2ª Convocação</a></li>
<li><a href="https://wp.ufpel.edu.br/sisu/files/2021/06/Convocacao_SISU-2021_1-Lista-de-espera-3a-Convocacao.pdf">3ª Convocação</a></li>
<li><a href="https://wp.ufpel.edu.br/sisu/files/2021/07/Convocacao_SISU-2021_1-Lista-de-espera-4a-Convocacao.pdf">4ª Convocação</a></li>
<li><a href="https://wp.ufpel.edu.br/sisu/files/2021/07/Convocacao_SISU-2021_1-Lista-de-espera-5a-Convocacao.pdf">5ª Convocação</a></li>
<li><a href="https://wp.ufpel.edu.br/sisu/files/2021/07/Convocacao_SISU-2021_1-Lista-de-espera-6a-Convocacao.pdf">6ª Convocação</a></li>
<li><a href="https://wp.ufpel.edu.br/sisu/files/2021/08/Convocacao_SISU-2021_1-Lista-de-espera-7a-Convocacao.pdf">7ª Convocação</a></li>
</ul>


<ul class="wp-block-list">
<li><strong>Resultados para ingresso nas cotas</strong>
<ul class="wp-block-list">
<li><a href="https://wp.ufpel.edu.br/sisu/resultado-da-avaliacao-de-deficiencia/">Resultados da avaliação de deficiência</a></li>



<li><a href="https://wp.ufpel.edu.br/sisu/resultado-da-avaliacao-etnico-racial/">Resultados da avaliação étnico-racial</a></li>



<li><a href="https://wp.ufpel.edu.br/sisu/editais-selecao-socioeconomica/">Resultados da avaliação socioeconômica</a></li>
</ul>
</li>
</ul>

<p>Editais e convocações – SISU 2021/1 Edital nº 10, de 10 de fevereiro de 2021 Edital nº 25, de 09 de abril de 2021 &#8211; Retificação Termo de Adesão SISU 2021/1 Edital nº 04/2021 &#8211; Chamada Regular Edital nº 04/2021 &#8211; Retificação Aprovados – Chamada Regular Edital nº 06/2021 &#8211; Lista de Espera Lista de espera [&hellip;]</p>

Editais e convocações – SISU 2022/1 Edital nº 73, de 26 de outubro de 2021 Edital nº 2, de 18 de janeiro de 2022 Retificação: Edital nº 8, de 27 de janeiro de 2022 Termo de Adesão SISU 2022/1 Edital CRA Nº 03/2022 - Chamada Regular Aprovados - Chamada Regular Edital…

Editais e convocações – SISU 2020/1 Edital N° 70, de 28 de novembro de 2019 Termo de adesão SISU 2020/1 Edital N° 2/2020 – Chamada Regular Edital N° 02/2020 – Retificação Aprovados – Chamada Regular Edital N° 3/2020 – Lista de Espera Edital N° 03/2020 – Retificação Lista de Espera –…

Resultados da avaliação socioeconômica SISU 2018/1

RETIFICAÇÃO DO RESULTADO FINAL DO EDITAL 004/2018 – COTA SOCIAL L1 6° CONVOCAÇÃO–SISU 2018/1 RESULTADO FINAL DO EDITAL 004/2018 COTAS SOCIAIS L1, L2, L9 e L10 11ª CONVOCAÇÃO- SISU 2018/1 RESULTADO FINAL DO EDITAL 004/2018 COTAS SOCIAIS L1, L2, L9 e L10 9ª CONVOCAÇÃO- SISU 2018/1 RESULTADO FINAL DO EDITAL…

SiSU - Ingresso 2023/1 Matrículas encerradas. 4ª Chamada3ª Chamada2ª Chamada1ª ChamadaLista de esperaChamada RegularInscrição Lista de matriculados 28/06/23 Edital de matrículas 26/06/23 Resultados para ingresso nas cotas Raciais (Final) Aguarde Raciais (Parcial) Aguarde Renda (Final) 04/09/23 Renda (Parcial) 28/07/23 Lista de matriculados 06/06/23 Edital de matrículas 26/05/23 Resultados para ingresso…

Inscrições - SISU 2025 Inscrições 17/01 a 21/01/25 Edital de Inscrição (Retificado) 28/01/24 Edital de Inscrição (Retificado) 27/01/24 Edital de Inscrição 23/12/24 Termo de Adesão 19/12/24 Edital de Adesão 22/11/24 SiSU - Ingresso 2025/1 Matrículas encerradas. 4ª Chamada3ª Chamada2ª Chamada1ª ChamadaLista de esperaChamada Regular Edital de matrículas 05/05/25 Lista de…

Editais e convocações – SISU 2021/2 Edital nº 30, de 17 de maio de 2021 Edital nº 39, de 23 de junho de 2021 Termo de Adesão SISU 2021/2 Edital nº 16/2021 - Chamada Regular Aprovados - Chamada Regular Edital nº 17/2021 - Lista de Espera Lista de Espera - Geral…
