{"id":3451,"date":"2021-04-01T13:52:10","date_gmt":"2021-04-01T16:52:10","guid":{"rendered":"https:\/\/wp.ufpel.edu.br\/sisu\/?page_id=3451"},"modified":"2023-01-05T16:58:28","modified_gmt":"2023-01-05T19:58:28","slug":"sisu-2020-2","status":"publish","type":"page","link":"https:\/\/wp.ufpel.edu.br\/sisu\/editais\/sisu-2020-2\/","title":{"rendered":"SISU 2020\/2"},"content":{"rendered":"<p><strong>Editais e convoca\u00e7\u00f5es \u2013&nbsp;SISU 2020\/2<\/strong><\/p>\n<ul>\n<li><a href=\"http:\/\/www.in.gov.br\/web\/dou\/-\/edital-n-41-de-16-de-junho-de-2020processo-seletivo-do-sistema-de-selecao-unificada-sisu-referente-a-segunda-edicao-de-2020-inscricao-classificacao-e-selecao-dos-candidatos-261986251?inheritRedirect=true&amp;redirect=%2Fweb%2Fguest%2Fsearch%3FqSearch%3DEDITAL%2520N%25C2%25BA%252041%252C%2520DE%252016%2520DE%2520JUNHO%2520DE%25202020PROCESSO%2520SELETIVO%2520DO%2520SISTEMA%2520DE%2520SELE%25C3%2587%25C3%2583O%2520UNIFICADA%2520-%2520SISU%2520REFERENTE%2520%25C3%2580%2520SEGUNDA%2520EDI%25C3%2587%25C3%2583O%2520DE%25202020%2520-%2520INSCRI%25C3%2587%25C3%2583O%252C%2520CLASSIFICA%25C3%2587%25C3%2583O%2520E%2520SELE%25C3%2587%25C3%2583O%2520DOS%2520CANDIDATOS\" target=\"_blank\" rel=\"noopener noreferrer\">Edital N\u00b0 41, de 16 de junho de 2020<\/a><\/li>\n<li><a href=\"https:\/\/wp.ufpel.edu.br\/sisu\/files\/2020\/06\/termo_adesao_634_UFPEL2020_2.pdf\" target=\"_blank\" rel=\"noopener noreferrer\">Termo de ades\u00e3o SISU 2020\/2<\/a><\/li>\n<li><a href=\"https:\/\/wp.ufpel.edu.br\/sisu\/files\/2020\/07\/SEI_23110.017241_2020_06.pdf\" target=\"_blank\" rel=\"noopener noreferrer\">Edital N\u00b0 8\/2020 \u2013 Chamada Regular<\/a>\n<ul>\n<li><a href=\"https:\/\/wp.ufpel.edu.br\/sisu\/files\/2020\/07\/ata_ordenado_por_i.nome__bytea-1.pdf\">Aprovados \u2013 Chamada Regular<\/a><\/li>\n<\/ul>\n<\/li>\n<li><a href=\"https:\/\/wp.ufpel.edu.br\/sisu\/files\/2020\/07\/Edital-CRA-n%C2%BA-092020.pdf\">Edital N\u00ba 09\/2020 \u2013 Lista de Espera<\/a>\n<ul>\n<li><a href=\"https:\/\/wp.ufpel.edu.br\/sisu\/files\/2020\/08\/SISU-20202-Lista-de-Espera-UFPel-AC.pdf\">Lista de Espera \u2013 Geral<\/a><\/li>\n<li><a href=\"https:\/\/wp.ufpel.edu.br\/sisu\/files\/2020\/08\/SISU-20202-Lista-de-Espera-UFPel-Cotas.pdf\">Lista de Espera \u2013 Cotas<\/a><\/li>\n<\/ul>\n<\/li>\n<li><a href=\"https:\/\/wp.ufpel.edu.br\/sisu\/files\/2020\/08\/Convoca%C3%A7%C3%A3o_SISU-2020_2-Lista-de-Espera-1%C2%AA-Convoca%C3%A7%C3%A3o.pdf\">1\u00aa Convoca\u00e7\u00e3o<\/a><\/li>\n<li><a href=\"https:\/\/wp.ufpel.edu.br\/sisu\/files\/2020\/08\/Convocacao_SISU_2020_2___Lista_de_Espera___2__Convocacao.pdf\">2\u00aa Convoca\u00e7\u00e3o<\/a><\/li>\n<li><a href=\"https:\/\/wp.ufpel.edu.br\/sisu\/files\/2020\/09\/Convocacao_SISU-2020_2-Lista-de-Espera-3a-Convocacao.pdf\">3\u00aa Convoca\u00e7\u00e3o<\/a><\/li>\n<li><a href=\"https:\/\/wp.ufpel.edu.br\/sisu\/files\/2020\/10\/Convocacao_SISU_2020_2-Lista-de-Espera-4a-Convocacao.pdf\">4\u00aa Convoca\u00e7\u00e3o<\/a><\/li>\n<li><a href=\"https:\/\/wp.ufpel.edu.br\/sisu\/files\/2021\/02\/Convocacao_SISU-2020_2-Lista-de-Espera-5a-Convocacao.pdf\">5\u00aa Convoca\u00e7\u00e3o<\/a><\/li>\n<li><a href=\"https:\/\/wp.ufpel.edu.br\/sisu\/files\/2021\/02\/Convocacao_SISU-2020_2-Lista-de-Espera-6a-Convocacao.pdf\">6\u00aa Convoca\u00e7\u00e3o<\/a><\/li>\n<li><a href=\"https:\/\/wp.ufpel.edu.br\/sisu\/files\/2021\/03\/Convocacao_SISU-2020_2-Lista-de-Espera-7a-Convocacao.pdf\">7\u00aa Convoca\u00e7\u00e3o<\/a><\/li>\n<li><a href=\"https:\/\/wp.ufpel.edu.br\/sisu\/files\/2021\/03\/Convocacao_SISU-2020_2-Lista-de-Espera-8a-Convocacao.pdf\">8\u00aa Convoca\u00e7\u00e3o<\/a><\/li>\n<li><a href=\"https:\/\/wp.ufpel.edu.br\/sisu\/files\/2021\/03\/Convocacao_SISU-2020_2-Lista-de-Espera-9a-Convocacao.pdf\">9\u00aa Convoca\u00e7\u00e3o<\/a><\/li>\n<li><a href=\"https:\/\/wp.ufpel.edu.br\/sisu\/files\/2021\/03\/Convocacao_SISU-2020_2-Lista-de-Espera-10a-Convocacao.pdf\">10\u00aa Convoca\u00e7\u00e3o<\/a><\/li>\n<\/ul>\n\n\n<ul class=\"wp-block-list\">\n<li><strong>Resultados para ingresso nas cotas<\/strong>\n<ul class=\"wp-block-list\">\n<li><a href=\"https:\/\/wp.ufpel.edu.br\/sisu\/resultado-da-avaliacao-de-deficiencia\/\">Resultados da avalia\u00e7\u00e3o de defici\u00eancia<\/a><\/li>\n\n\n\n<li><a href=\"https:\/\/wp.ufpel.edu.br\/sisu\/resultado-da-avaliacao-etnico-racial\/\">Resultados da avalia\u00e7\u00e3o \u00e9tnico-racial<\/a><\/li>\n\n\n\n<li><a href=\"https:\/\/wp.ufpel.edu.br\/sisu\/editais-selecao-socioeconomica\/\">Resultados da avalia\u00e7\u00e3o socioecon\u00f4mica<\/a><\/li>\n<\/ul>\n<\/li>\n<\/ul>\n","protected":false},"excerpt":{"rendered":"<p>Editais e convoca\u00e7\u00f5es \u2013&nbsp;SISU 2020\/2 Edital N\u00b0 41, de 16 de junho de 2020 Termo de ades\u00e3o SISU 2020\/2 Edital N\u00b0 8\/2020 \u2013 Chamada Regular Aprovados \u2013 Chamada Regular Edital N\u00ba 09\/2020 \u2013 Lista de Espera Lista de Espera \u2013 Geral Lista de Espera \u2013 Cotas 1\u00aa Convoca\u00e7\u00e3o 2\u00aa Convoca\u00e7\u00e3o 3\u00aa Convoca\u00e7\u00e3o 4\u00aa Convoca\u00e7\u00e3o 5\u00aa [&hellip;]<\/p>\n","protected":false},"author":743,"featured_media":0,"parent":18,"menu_order":0,"comment_status":"closed","ping_status":"closed","template":"","meta":{"advanced_seo_description":"","jetpack_seo_html_title":"","jetpack_seo_noindex":false,"jetpack_post_was_ever_published":false,"footnotes":""},"class_list":["post-3451","page","type-page","status-publish","hentry"],"jetpack_sharing_enabled":true,"jetpack_shortlink":"https:\/\/wp.me\/P8Nz4H-TF","jetpack-related-posts":[{"id":3195,"url":"https:\/\/wp.ufpel.edu.br\/sisu\/editais\/sisu-2020-1\/","url_meta":{"origin":3451,"position":0},"title":"SISU 2020\/1","author":"sisu","date":"13\/07\/2020","format":false,"excerpt":"Editais e convoca\u00e7\u00f5es \u2013\u00a0SISU 2020\/1 Edital N\u00b0 70, de 28 de novembro de 2019 Termo de ades\u00e3o SISU 2020\/1 Edital N\u00b0 2\/2020 \u2013 Chamada Regular Edital N\u00b0 02\/2020 \u2013 Retifica\u00e7\u00e3o Aprovados \u2013 Chamada Regular Edital N\u00b0 3\/2020 \u2013 Lista de Espera Edital N\u00b0 03\/2020 \u2013 Retifica\u00e7\u00e3o Lista de Espera \u2013\u2026","rel":"","context":"Post similar","block_context":{"text":"Post similar","link":""},"img":{"alt_text":"","src":"","width":0,"height":0},"classes":[]},{"id":4010,"url":"https:\/\/wp.ufpel.edu.br\/sisu\/editais\/sisu-2021-2\/","url_meta":{"origin":3451,"position":1},"title":"SISU 2021\/2","author":"sisu","date":"23\/03\/2022","format":false,"excerpt":"Editais e convoca\u00e7\u00f5es \u2013\u00a0SISU 2021\/2 Edital n\u00ba 30, de 17 de maio de 2021 Edital n\u00ba 39, de 23 de junho de 2021 Termo de Ades\u00e3o SISU 2021\/2 Edital n\u00ba 16\/2021 - Chamada Regular Aprovados - Chamada Regular Edital n\u00ba 17\/2021 - Lista de Espera Lista de Espera - Geral\u2026","rel":"","context":"Post similar","block_context":{"text":"Post similar","link":""},"img":{"alt_text":"","src":"","width":0,"height":0},"classes":[]},{"id":2842,"url":"https:\/\/wp.ufpel.edu.br\/sisu\/editais\/sisu-2019-2\/","url_meta":{"origin":3451,"position":2},"title":"SISU 2019\/2","author":"sisu","date":"05\/11\/2019","format":false,"excerpt":"Editais e convoca\u00e7\u00f5es \u2013\u00a0SISU 2019\/2 Edital N\u00b0 35, de 13 de maio de 2019 Termo de Ades\u00e3o SISU 2019\/2 Edital N\u00b0 07\/2019 - Chamada Regular Aprovados - Chamada Regular Edital N\u00b0 09\/2019 - Lista de Espera Lista de Espera - Geral Lista de Espera - Cotas 1\u00aa Convoca\u00e7\u00e3o 2\u00aa Convoca\u00e7\u00e3o\u2026","rel":"","context":"Post similar","block_context":{"text":"Post similar","link":""},"img":{"alt_text":"","src":"","width":0,"height":0},"classes":[]},{"id":4412,"url":"https:\/\/wp.ufpel.edu.br\/sisu\/editais\/sisu-2022-1\/","url_meta":{"origin":3451,"position":3},"title":"SISU 2022\/1","author":"sisu","date":"29\/08\/2022","format":false,"excerpt":"Editais e convoca\u00e7\u00f5es \u2013\u00a0SISU 2022\/1 Edital n\u00ba 73, de 26 de outubro de 2021 Edital n\u00ba 2, de 18 de janeiro de 2022 Retifica\u00e7\u00e3o: Edital n\u00ba 8, de 27 de janeiro de 2022 Termo de Ades\u00e3o SISU 2022\/1 Edital CRA N\u00ba 03\/2022 - Chamada Regular Aprovados - Chamada Regular Edital\u2026","rel":"","context":"Post similar","block_context":{"text":"Post similar","link":""},"img":{"alt_text":"","src":"","width":0,"height":0},"classes":[]},{"id":3772,"url":"https:\/\/wp.ufpel.edu.br\/sisu\/editais\/sisu-2021-1\/","url_meta":{"origin":3451,"position":4},"title":"SISU 2021\/1","author":"sisu","date":"25\/08\/2021","format":false,"excerpt":"Editais e convoca\u00e7\u00f5es \u2013\u00a0SISU 2021\/1 Edital n\u00ba 10, de 10 de fevereiro de 2021 Edital n\u00ba 25, de 09 de abril de 2021 - Retifica\u00e7\u00e3o Termo de Ades\u00e3o SISU 2021\/1 Edital n\u00ba 04\/2021 - Chamada Regular Edital n\u00ba 04\/2021 - Retifica\u00e7\u00e3o Aprovados \u2013 Chamada Regular Edital n\u00ba 06\/2021 - Lista\u2026","rel":"","context":"Post similar","block_context":{"text":"Post similar","link":""},"img":{"alt_text":"","src":"","width":0,"height":0},"classes":[]},{"id":1981,"url":"https:\/\/wp.ufpel.edu.br\/sisu\/editais\/sisu-2018-2\/","url_meta":{"origin":3451,"position":5},"title":"SISU 2018\/2","author":"sisu","date":"16\/11\/2018","format":false,"excerpt":"Editais e convoca\u00e7\u00f5es \u2013\u00a0SISU 2018\/2 Termo de Ades\u00e3o 2018\/2 Edital 013\/2018 \u2013 Chamada Regular Aprovados \u2013 Chamada Regular Edital 014\/2018 \u2013 Lista de Espera SISU 20182 \u2013 Lista de Espera UFPel \u2013 Geral SISU 20182 \u2013 Lista de Espera UFPel \u2013 Cotas Primeira convoca\u00e7\u00e3o Segunda convoca\u00e7\u00e3o Terceira convoca\u00e7\u00e3o Quarta Convoca\u00e7\u00e3o\u2026","rel":"","context":"Post similar","block_context":{"text":"Post similar","link":""},"img":{"alt_text":"","src":"","width":0,"height":0},"classes":[]}],"publishpress_future_action":{"enabled":false,"date":"2026-04-12 03:55:13","action":"change-status","newStatus":"draft","terms":[],"taxonomy":"","extraData":[]},"publishpress_future_workflow_manual_trigger":{"enabledWorkflows":[]},"_links":{"self":[{"href":"https:\/\/wp.ufpel.edu.br\/sisu\/wp-json\/wp\/v2\/pages\/3451","targetHints":{"allow":["GET"]}}],"collection":[{"href":"https:\/\/wp.ufpel.edu.br\/sisu\/wp-json\/wp\/v2\/pages"}],"about":[{"href":"https:\/\/wp.ufpel.edu.br\/sisu\/wp-json\/wp\/v2\/types\/page"}],"author":[{"embeddable":true,"href":"https:\/\/wp.ufpel.edu.br\/sisu\/wp-json\/wp\/v2\/users\/743"}],"replies":[{"embeddable":true,"href":"https:\/\/wp.ufpel.edu.br\/sisu\/wp-json\/wp\/v2\/comments?post=3451"}],"version-history":[{"count":4,"href":"https:\/\/wp.ufpel.edu.br\/sisu\/wp-json\/wp\/v2\/pages\/3451\/revisions"}],"predecessor-version":[{"id":4747,"href":"https:\/\/wp.ufpel.edu.br\/sisu\/wp-json\/wp\/v2\/pages\/3451\/revisions\/4747"}],"up":[{"embeddable":true,"href":"https:\/\/wp.ufpel.edu.br\/sisu\/wp-json\/wp\/v2\/pages\/18"}],"wp:attachment":[{"href":"https:\/\/wp.ufpel.edu.br\/sisu\/wp-json\/wp\/v2\/media?parent=3451"}],"curies":[{"name":"wp","href":"https:\/\/api.w.org\/{rel}","templated":true}]}}