{"id":3195,"date":"2020-07-13T20:35:47","date_gmt":"2020-07-13T23:35:47","guid":{"rendered":"https:\/\/wp.ufpel.edu.br\/sisu\/?page_id=3195"},"modified":"2023-01-05T16:58:33","modified_gmt":"2023-01-05T19:58:33","slug":"sisu-2020-1","status":"publish","type":"page","link":"https:\/\/wp.ufpel.edu.br\/sisu\/editais\/sisu-2020-1\/","title":{"rendered":"SISU 2020\/1"},"content":{"rendered":"<p><strong>Editais e convoca\u00e7\u00f5es \u2013&nbsp;SISU 2020\/1<\/strong><\/p>\n<ul>\n<li><a href=\"http:\/\/static03.mec.gov.br\/sisu\/portal\/static\/data\/edital-inscricao-2020-1.pdf\">Edital N\u00b0 70, de 28 de novembro de 2019<\/a><\/li>\n<li><a href=\"https:\/\/wp.ufpel.edu.br\/sisu\/files\/2019\/11\/termo_adesao_634_UFPEL-1.pdf\">Termo de ades\u00e3o SISU 2020\/1<\/a><\/li>\n<li><a href=\"https:\/\/wp.ufpel.edu.br\/sisu\/files\/2020\/01\/SEI_23110.051739_2019_56.pdf\">Edital N\u00b0 2\/2020 \u2013 Chamada Regular<\/a>\n<ul>\n<li><a href=\"https:\/\/wp.ufpel.edu.br\/sisu\/files\/2020\/01\/SEI_23110.051739_2019_56-1.pdf\">Edital N\u00b0 02\/2020 \u2013 Retifica\u00e7\u00e3o<\/a><\/li>\n<li><a href=\"https:\/\/wp.ufpel.edu.br\/sisu\/files\/2020\/01\/ata_ordenado_por_i.nome__bytea.pdf\">Aprovados \u2013 Chamada Regular<\/a><\/li>\n<\/ul>\n<\/li>\n<li><a href=\"https:\/\/wp.ufpel.edu.br\/sisu\/files\/2020\/01\/SEI_23110.051739_2019_56-1-1.pdf\">Edital N\u00b0 3\/2020 \u2013 Lista de Espera<\/a>\n<ul>\n<li><a href=\"https:\/\/wp.ufpel.edu.br\/sisu\/files\/2020\/01\/SEI_23110.051739_2019_56-1-2.pdf\">Edital N\u00b0 03\/2020 \u2013 Retifica\u00e7\u00e3o<\/a><\/li>\n<li><a href=\"https:\/\/wp.ufpel.edu.br\/sisu\/files\/2020\/01\/SISU-20201-Lista-de-Espera-Geral.pdf\">Lista de Espera \u2013 Geral<\/a><\/li>\n<li><a href=\"https:\/\/wp.ufpel.edu.br\/sisu\/files\/2020\/01\/SISU-20201-Lista-de-Espera-Cotas.pdf\">Lista de Espera \u2013 Cotas<\/a><\/li>\n<\/ul>\n<\/li>\n<li><a href=\"https:\/\/wp.ufpel.edu.br\/sisu\/files\/2020\/02\/Convoca%C3%A7%C3%A3o_SISU-2020_1-Lista-de-Espera-1%C2%AA-Convoca%C3%A7%C3%A3o.pdf\">1\u00aa Convoca\u00e7\u00e3o<\/a><\/li>\n<li><a href=\"https:\/\/wp.ufpel.edu.br\/sisu\/files\/2020\/02\/Convoca%C3%A7%C3%A3o_SISU-2020_1-Lista-de-Espera-2%C2%AA-Convoca%C3%A7%C3%A3o-1.pdf\">2\u00aa Convoca\u00e7\u00e3o<\/a><\/li>\n<li><a href=\"https:\/\/wp.ufpel.edu.br\/sisu\/files\/2020\/03\/Convoca%C3%A7%C3%A3o_SISU-2020_1-Lista-de-Espera-3%C2%AA-Convoca%C3%A7%C3%A3o.pdf\">3\u00aa Convoca\u00e7\u00e3o<\/a><\/li>\n<li><a href=\"https:\/\/wp.ufpel.edu.br\/sisu\/files\/2020\/03\/Convoca%C3%A7%C3%A3o_SISU-2020_1-Lista-de-Espera-4%C2%AA-Convoca%C3%A7%C3%A3o-I.pdf\">4\u00aa Convoca\u00e7\u00e3o<\/a><\/li>\n<li><a href=\"https:\/\/wp.ufpel.edu.br\/sisu\/files\/2020\/06\/Convoca%C3%A7%C3%A3o_SISU-2020_1-Lista-de-Espera-5%C2%AA-Convoca%C3%A7%C3%A3o.pdf\">5\u00aa Convoca\u00e7\u00e3o<\/a><\/li>\n<li><a href=\"https:\/\/wp.ufpel.edu.br\/sisu\/files\/2020\/06\/Convoca%C3%A7%C3%A3o_SISU-2020_1-Lista-de-Espera-6%C2%AA-Convoca%C3%A7%C3%A3o.pdf\">6\u00aa Convoca\u00e7\u00e3o<\/a><\/li>\n<li><a href=\"https:\/\/wp.ufpel.edu.br\/sisu\/files\/2020\/09\/Convocacao_SISU-2020_1-Lista-de-Espera-7a-Convocacao.pdf\">7\u00aa Convoca\u00e7\u00e3o<\/a><\/li>\n<li><a href=\"https:\/\/wp.ufpel.edu.br\/sisu\/files\/2020\/09\/Convocacao_SISU-2020_1-Lista-de-Espera-8a-Convocacao.pdf\">8\u00aa Convoca\u00e7\u00e3o<\/a><\/li>\n<li><a href=\"https:\/\/wp.ufpel.edu.br\/sisu\/files\/2020\/10\/Convocacao_SISU-2020_1-Lista-de-Espera-9a-Convocacao.pdf\">9\u00aa Convoca\u00e7\u00e3o<\/a><\/li>\n<li><a href=\"https:\/\/wp.ufpel.edu.br\/sisu\/files\/2020\/10\/Convocacao_SISU-2020_1-Lista-de-Espera-10a-Convocacao.pdf\">10\u00aa Convoca\u00e7\u00e3o<\/a><\/li>\n<\/ul>\n\n\n<ul class=\"wp-block-list\">\n<li><strong>Resultados para ingresso nas cotas<\/strong>\n<ul class=\"wp-block-list\">\n<li><a href=\"https:\/\/wp.ufpel.edu.br\/sisu\/resultado-da-avaliacao-de-deficiencia\/\">Resultados da avalia\u00e7\u00e3o de defici\u00eancia<\/a><\/li>\n\n\n\n<li><a href=\"https:\/\/wp.ufpel.edu.br\/sisu\/resultado-da-avaliacao-etnico-racial\/\">Resultados da avalia\u00e7\u00e3o \u00e9tnico-racial<\/a><\/li>\n\n\n\n<li><a href=\"https:\/\/wp.ufpel.edu.br\/sisu\/editais-selecao-socioeconomica\/\">Resultados da avalia\u00e7\u00e3o socioecon\u00f4mica<\/a><\/li>\n<\/ul>\n<\/li>\n<\/ul>\n","protected":false},"excerpt":{"rendered":"<p>Editais e convoca\u00e7\u00f5es \u2013&nbsp;SISU 2020\/1 Edital N\u00b0 70, de 28 de novembro de 2019 Termo de ades\u00e3o SISU 2020\/1 Edital N\u00b0 2\/2020 \u2013 Chamada Regular Edital N\u00b0 02\/2020 \u2013 Retifica\u00e7\u00e3o Aprovados \u2013 Chamada Regular Edital N\u00b0 3\/2020 \u2013 Lista de Espera Edital N\u00b0 03\/2020 \u2013 Retifica\u00e7\u00e3o Lista de Espera \u2013 Geral Lista de Espera \u2013 [&hellip;]<\/p>\n","protected":false},"author":743,"featured_media":0,"parent":18,"menu_order":0,"comment_status":"closed","ping_status":"closed","template":"","meta":{"advanced_seo_description":"","jetpack_seo_html_title":"","jetpack_seo_noindex":false,"jetpack_post_was_ever_published":false,"footnotes":""},"class_list":["post-3195","page","type-page","status-publish","hentry"],"jetpack_sharing_enabled":true,"jetpack_shortlink":"https:\/\/wp.me\/P8Nz4H-Px","jetpack-related-posts":[{"id":3772,"url":"https:\/\/wp.ufpel.edu.br\/sisu\/editais\/sisu-2021-1\/","url_meta":{"origin":3195,"position":0},"title":"SISU 2021\/1","author":"sisu","date":"25\/08\/2021","format":false,"excerpt":"Editais e convoca\u00e7\u00f5es \u2013\u00a0SISU 2021\/1 Edital n\u00ba 10, de 10 de fevereiro de 2021 Edital n\u00ba 25, de 09 de abril de 2021 - Retifica\u00e7\u00e3o Termo de Ades\u00e3o SISU 2021\/1 Edital n\u00ba 04\/2021 - Chamada Regular Edital n\u00ba 04\/2021 - Retifica\u00e7\u00e3o Aprovados \u2013 Chamada Regular Edital n\u00ba 06\/2021 - Lista\u2026","rel":"","context":"Post similar","block_context":{"text":"Post similar","link":""},"img":{"alt_text":"","src":"","width":0,"height":0},"classes":[]},{"id":4412,"url":"https:\/\/wp.ufpel.edu.br\/sisu\/editais\/sisu-2022-1\/","url_meta":{"origin":3195,"position":1},"title":"SISU 2022\/1","author":"sisu","date":"29\/08\/2022","format":false,"excerpt":"Editais e convoca\u00e7\u00f5es \u2013\u00a0SISU 2022\/1 Edital n\u00ba 73, de 26 de outubro de 2021 Edital n\u00ba 2, de 18 de janeiro de 2022 Retifica\u00e7\u00e3o: Edital n\u00ba 8, de 27 de janeiro de 2022 Termo de Ades\u00e3o SISU 2022\/1 Edital CRA N\u00ba 03\/2022 - Chamada Regular Aprovados - Chamada Regular Edital\u2026","rel":"","context":"Post similar","block_context":{"text":"Post similar","link":""},"img":{"alt_text":"","src":"","width":0,"height":0},"classes":[]},{"id":967,"url":"https:\/\/wp.ufpel.edu.br\/sisu\/editais-selecao-socioeconomica\/resultados-da-avaliacao-socioeconomica-sisu-2018-1\/","url_meta":{"origin":3195,"position":2},"title":"Resultados da avalia\u00e7\u00e3o socioecon\u00f4mica SISU 2018\/1","author":"sisu","date":"15\/01\/2018","format":false,"excerpt":"RETIFICA\u00c7\u00c3O DO RESULTADO FINAL DO EDITAL 004\/2018 \u2013 COTA SOCIAL L1 6\u00b0 CONVOCA\u00c7\u00c3O\u2013SISU 2018\/1 RESULTADO FINAL DO EDITAL 004\/2018 COTAS SOCIAIS L1, L2, L9 e L10 11\u00aa CONVOCA\u00c7\u00c3O- SISU 2018\/1 RESULTADO FINAL DO EDITAL 004\/2018 COTAS SOCIAIS L1, L2, L9 e L10 9\u00aa CONVOCA\u00c7\u00c3O- SISU 2018\/1 RESULTADO FINAL DO EDITAL\u2026","rel":"","context":"Post similar","block_context":{"text":"Post similar","link":""},"img":{"alt_text":"","src":"","width":0,"height":0},"classes":[]},{"id":5590,"url":"https:\/\/wp.ufpel.edu.br\/sisu\/editais\/sisu-2023-1\/","url_meta":{"origin":3195,"position":3},"title":"SISU 2023\/1","author":"sisu","date":"03\/01\/2024","format":false,"excerpt":"SiSU - Ingresso 2023\/1 Matr\u00edculas encerradas. 4\u00aa Chamada3\u00aa Chamada2\u00aa Chamada1\u00aa ChamadaLista de esperaChamada RegularInscri\u00e7\u00e3o Lista de matriculados 28\/06\/23 Edital de matr\u00edculas 26\/06\/23 Resultados para ingresso nas cotas Raciais (Final) Aguarde Raciais (Parcial) Aguarde Renda (Final) 04\/09\/23 Renda (Parcial) 28\/07\/23 Lista de matriculados 06\/06\/23 Edital de matr\u00edculas 26\/05\/23 Resultados para ingresso\u2026","rel":"","context":"Post similar","block_context":{"text":"Post similar","link":""},"img":{"alt_text":"","src":"","width":0,"height":0},"classes":[]},{"id":3451,"url":"https:\/\/wp.ufpel.edu.br\/sisu\/editais\/sisu-2020-2\/","url_meta":{"origin":3195,"position":4},"title":"SISU 2020\/2","author":"sisu","date":"01\/04\/2021","format":false,"excerpt":"Editais e convoca\u00e7\u00f5es \u2013\u00a0SISU 2020\/2 Edital N\u00b0 41, de 16 de junho de 2020 Termo de ades\u00e3o SISU 2020\/2 Edital N\u00b0 8\/2020 \u2013 Chamada Regular Aprovados \u2013 Chamada Regular Edital N\u00ba 09\/2020 \u2013 Lista de Espera Lista de Espera \u2013 Geral Lista de Espera \u2013 Cotas 1\u00aa Convoca\u00e7\u00e3o 2\u00aa Convoca\u00e7\u00e3o\u2026","rel":"","context":"Post similar","block_context":{"text":"Post similar","link":""},"img":{"alt_text":"","src":"","width":0,"height":0},"classes":[]},{"id":6096,"url":"https:\/\/wp.ufpel.edu.br\/sisu\/editais\/sisu-2024\/","url_meta":{"origin":3195,"position":5},"title":"SISU 2024","author":"sisu","date":"19\/12\/2024","format":false,"excerpt":"Inscri\u00e7\u00f5es Inscri\u00e7\u00f5es Termo de Ades\u00e3o Edital de Inscri\u00e7\u00e3o Edital de Ades\u00e3o 22\/01 a 25\/01 27\/12\/23 26\/12\/23 31\/10\/23 SiSU - Ingresso 2024\/2 Matr\u00edculas encerradas. 4\u00aa Chamada3\u00aa Chamada2\u00aa Chamada1\u00aa ChamadaLista de esperaChamada Regular Edital de matr\u00edculas 22\/11\/24 Retifica\u00e7\u00e3o das vagas 25\/11\/24 Lista de matriculados 27\/11\/24 Resultados para ingresso nas cotas Raciais (Final)\u2026","rel":"","context":"Post similar","block_context":{"text":"Post similar","link":""},"img":{"alt_text":"","src":"","width":0,"height":0},"classes":[]}],"publishpress_future_action":{"enabled":false,"date":"2026-05-04 14:03:29","action":"change-status","newStatus":"draft","terms":[],"taxonomy":"","extraData":[]},"publishpress_future_workflow_manual_trigger":{"enabledWorkflows":[]},"_links":{"self":[{"href":"https:\/\/wp.ufpel.edu.br\/sisu\/wp-json\/wp\/v2\/pages\/3195","targetHints":{"allow":["GET"]}}],"collection":[{"href":"https:\/\/wp.ufpel.edu.br\/sisu\/wp-json\/wp\/v2\/pages"}],"about":[{"href":"https:\/\/wp.ufpel.edu.br\/sisu\/wp-json\/wp\/v2\/types\/page"}],"author":[{"embeddable":true,"href":"https:\/\/wp.ufpel.edu.br\/sisu\/wp-json\/wp\/v2\/users\/743"}],"replies":[{"embeddable":true,"href":"https:\/\/wp.ufpel.edu.br\/sisu\/wp-json\/wp\/v2\/comments?post=3195"}],"version-history":[{"count":7,"href":"https:\/\/wp.ufpel.edu.br\/sisu\/wp-json\/wp\/v2\/pages\/3195\/revisions"}],"predecessor-version":[{"id":4748,"href":"https:\/\/wp.ufpel.edu.br\/sisu\/wp-json\/wp\/v2\/pages\/3195\/revisions\/4748"}],"up":[{"embeddable":true,"href":"https:\/\/wp.ufpel.edu.br\/sisu\/wp-json\/wp\/v2\/pages\/18"}],"wp:attachment":[{"href":"https:\/\/wp.ufpel.edu.br\/sisu\/wp-json\/wp\/v2\/media?parent=3195"}],"curies":[{"name":"wp","href":"https:\/\/api.w.org\/{rel}","templated":true}]}}

<p><strong>Editais e convocações –&nbsp;SISU 2020/1</strong></p>
<ul>
<li><a href="http://static03.mec.gov.br/sisu/portal/static/data/edital-inscricao-2020-1.pdf">Edital N° 70, de 28 de novembro de 2019</a></li>
<li><a href="https://wp.ufpel.edu.br/sisu/files/2019/11/termo_adesao_634_UFPEL-1.pdf">Termo de adesão SISU 2020/1</a></li>
<li><a href="https://wp.ufpel.edu.br/sisu/files/2020/01/SEI_23110.051739_2019_56.pdf">Edital N° 2/2020 – Chamada Regular</a>
<ul>
<li><a href="https://wp.ufpel.edu.br/sisu/files/2020/01/SEI_23110.051739_2019_56-1.pdf">Edital N° 02/2020 – Retificação</a></li>
<li><a href="https://wp.ufpel.edu.br/sisu/files/2020/01/ata_ordenado_por_i.nome__bytea.pdf">Aprovados – Chamada Regular</a></li>
</ul>
</li>
<li><a href="https://wp.ufpel.edu.br/sisu/files/2020/01/SEI_23110.051739_2019_56-1-1.pdf">Edital N° 3/2020 – Lista de Espera</a>
<ul>
<li><a href="https://wp.ufpel.edu.br/sisu/files/2020/01/SEI_23110.051739_2019_56-1-2.pdf">Edital N° 03/2020 – Retificação</a></li>
<li><a href="https://wp.ufpel.edu.br/sisu/files/2020/01/SISU-20201-Lista-de-Espera-Geral.pdf">Lista de Espera – Geral</a></li>
<li><a href="https://wp.ufpel.edu.br/sisu/files/2020/01/SISU-20201-Lista-de-Espera-Cotas.pdf">Lista de Espera – Cotas</a></li>
</ul>
</li>
<li><a href="https://wp.ufpel.edu.br/sisu/files/2020/02/Convoca%C3%A7%C3%A3o_SISU-2020_1-Lista-de-Espera-1%C2%AA-Convoca%C3%A7%C3%A3o.pdf">1ª Convocação</a></li>
<li><a href="https://wp.ufpel.edu.br/sisu/files/2020/02/Convoca%C3%A7%C3%A3o_SISU-2020_1-Lista-de-Espera-2%C2%AA-Convoca%C3%A7%C3%A3o-1.pdf">2ª Convocação</a></li>
<li><a href="https://wp.ufpel.edu.br/sisu/files/2020/03/Convoca%C3%A7%C3%A3o_SISU-2020_1-Lista-de-Espera-3%C2%AA-Convoca%C3%A7%C3%A3o.pdf">3ª Convocação</a></li>
<li><a href="https://wp.ufpel.edu.br/sisu/files/2020/03/Convoca%C3%A7%C3%A3o_SISU-2020_1-Lista-de-Espera-4%C2%AA-Convoca%C3%A7%C3%A3o-I.pdf">4ª Convocação</a></li>
<li><a href="https://wp.ufpel.edu.br/sisu/files/2020/06/Convoca%C3%A7%C3%A3o_SISU-2020_1-Lista-de-Espera-5%C2%AA-Convoca%C3%A7%C3%A3o.pdf">5ª Convocação</a></li>
<li><a href="https://wp.ufpel.edu.br/sisu/files/2020/06/Convoca%C3%A7%C3%A3o_SISU-2020_1-Lista-de-Espera-6%C2%AA-Convoca%C3%A7%C3%A3o.pdf">6ª Convocação</a></li>
<li><a href="https://wp.ufpel.edu.br/sisu/files/2020/09/Convocacao_SISU-2020_1-Lista-de-Espera-7a-Convocacao.pdf">7ª Convocação</a></li>
<li><a href="https://wp.ufpel.edu.br/sisu/files/2020/09/Convocacao_SISU-2020_1-Lista-de-Espera-8a-Convocacao.pdf">8ª Convocação</a></li>
<li><a href="https://wp.ufpel.edu.br/sisu/files/2020/10/Convocacao_SISU-2020_1-Lista-de-Espera-9a-Convocacao.pdf">9ª Convocação</a></li>
<li><a href="https://wp.ufpel.edu.br/sisu/files/2020/10/Convocacao_SISU-2020_1-Lista-de-Espera-10a-Convocacao.pdf">10ª Convocação</a></li>
</ul>


<ul class="wp-block-list">
<li><strong>Resultados para ingresso nas cotas</strong>
<ul class="wp-block-list">
<li><a href="https://wp.ufpel.edu.br/sisu/resultado-da-avaliacao-de-deficiencia/">Resultados da avaliação de deficiência</a></li>



<li><a href="https://wp.ufpel.edu.br/sisu/resultado-da-avaliacao-etnico-racial/">Resultados da avaliação étnico-racial</a></li>



<li><a href="https://wp.ufpel.edu.br/sisu/editais-selecao-socioeconomica/">Resultados da avaliação socioeconômica</a></li>
</ul>
</li>
</ul>

<p>Editais e convocações –&nbsp;SISU 2020/1 Edital N° 70, de 28 de novembro de 2019 Termo de adesão SISU 2020/1 Edital N° 2/2020 – Chamada Regular Edital N° 02/2020 – Retificação Aprovados – Chamada Regular Edital N° 3/2020 – Lista de Espera Edital N° 03/2020 – Retificação Lista de Espera – Geral Lista de Espera – [&hellip;]</p>

Editais e convocações – SISU 2021/1 Edital nº 10, de 10 de fevereiro de 2021 Edital nº 25, de 09 de abril de 2021 - Retificação Termo de Adesão SISU 2021/1 Edital nº 04/2021 - Chamada Regular Edital nº 04/2021 - Retificação Aprovados – Chamada Regular Edital nº 06/2021 - Lista…

Editais e convocações – SISU 2022/1 Edital nº 73, de 26 de outubro de 2021 Edital nº 2, de 18 de janeiro de 2022 Retificação: Edital nº 8, de 27 de janeiro de 2022 Termo de Adesão SISU 2022/1 Edital CRA Nº 03/2022 - Chamada Regular Aprovados - Chamada Regular Edital…

Resultados da avaliação socioeconômica SISU 2018/1

RETIFICAÇÃO DO RESULTADO FINAL DO EDITAL 004/2018 – COTA SOCIAL L1 6° CONVOCAÇÃO–SISU 2018/1 RESULTADO FINAL DO EDITAL 004/2018 COTAS SOCIAIS L1, L2, L9 e L10 11ª CONVOCAÇÃO- SISU 2018/1 RESULTADO FINAL DO EDITAL 004/2018 COTAS SOCIAIS L1, L2, L9 e L10 9ª CONVOCAÇÃO- SISU 2018/1 RESULTADO FINAL DO EDITAL…

SiSU - Ingresso 2023/1 Matrículas encerradas. 4ª Chamada3ª Chamada2ª Chamada1ª ChamadaLista de esperaChamada RegularInscrição Lista de matriculados 28/06/23 Edital de matrículas 26/06/23 Resultados para ingresso nas cotas Raciais (Final) Aguarde Raciais (Parcial) Aguarde Renda (Final) 04/09/23 Renda (Parcial) 28/07/23 Lista de matriculados 06/06/23 Edital de matrículas 26/05/23 Resultados para ingresso…

Editais e convocações – SISU 2020/2 Edital N° 41, de 16 de junho de 2020 Termo de adesão SISU 2020/2 Edital N° 8/2020 – Chamada Regular Aprovados – Chamada Regular Edital Nº 09/2020 – Lista de Espera Lista de Espera – Geral Lista de Espera – Cotas 1ª Convocação 2ª Convocação…

Inscrições Inscrições Termo de Adesão Edital de Inscrição Edital de Adesão 22/01 a 25/01 27/12/23 26/12/23 31/10/23 SiSU - Ingresso 2024/2 Matrículas encerradas. 4ª Chamada3ª Chamada2ª Chamada1ª ChamadaLista de esperaChamada Regular Edital de matrículas 22/11/24 Retificação das vagas 25/11/24 Lista de matriculados 27/11/24 Resultados para ingresso nas cotas Raciais (Final)…
