{"id":2278,"date":"2019-05-02T08:49:54","date_gmt":"2019-05-02T11:49:54","guid":{"rendered":"https:\/\/wp.ufpel.edu.br\/sisu\/?page_id=2278"},"modified":"2023-01-05T16:59:27","modified_gmt":"2023-01-05T19:59:27","slug":"sisu-2019-1","status":"publish","type":"page","link":"https:\/\/wp.ufpel.edu.br\/sisu\/editais\/sisu-2019-1\/","title":{"rendered":"SISU 2019\/1"},"content":{"rendered":"<p><strong>Editais e convoca\u00e7\u00f5es \u2013&nbsp;SISU 2019\/1<\/strong><\/p>\n<ul>\n<li><a href=\"https:\/\/wp.ufpel.edu.br\/sisu\/files\/2018\/11\/EDITAL-N\u00c2\u00ba-83-DE-13-DE-NOVEMBRO-DE-2018.pdf\">Edital N\u00ba 83, de 13 de novembro de 2018<\/a><\/li>\n<li><a href=\"https:\/\/wp.ufpel.edu.br\/sisu\/files\/2018\/12\/Termo-Ades\u00e3o-SISU-20191.pdf\">Termo Ades\u00e3o SISU 2019\/1<\/a><\/li>\n<li><a href=\"https:\/\/wp.ufpel.edu.br\/sisu\/files\/2019\/01\/SEI_23110.058477_2018_70.pdf\">Edital de Matr\u00edculas \u2013 Chamada Regular<\/a>\n<ul>\n<li><a href=\"https:\/\/wp.ufpel.edu.br\/sisu\/files\/2019\/01\/ata_ordenado_por_i.nome__bytea.pdf\">Aprovados \u2013 Chamada Regular<\/a><\/li>\n<\/ul>\n<\/li>\n<li><a href=\"https:\/\/wp.ufpel.edu.br\/sisu\/files\/2019\/01\/SEI_23110.058477_2018_70-1.pdf\">Edital de Matr\u00edculas \u2013 Lista de Espera<\/a>\n<ul>\n<li><a href=\"https:\/\/wp.ufpel.edu.br\/sisu\/files\/2019\/02\/SISU-2019_1-lista_espera_geral.pdf\">SISU 2019_1 \u2013 lista_espera_geral<\/a><\/li>\n<li><a href=\"https:\/\/wp.ufpel.edu.br\/sisu\/files\/2019\/02\/SISU-2019_1-lista_espera_cotas.pdf\">SISU 2019_1 \u2013 lista_espera_cotas<\/a><\/li>\n<\/ul>\n<\/li>\n<li><a href=\"https:\/\/wp.ufpel.edu.br\/sisu\/files\/2019\/02\/Convoca\u00e7\u00e3o_SISU-2019_1-Lista-de-Espera-\u2013-1\u00aa-Convoca\u00e7\u00e3o.pdf\">1\u00aa Convoca\u00e7\u00e3o<\/a><\/li>\n<li><a href=\"https:\/\/wp.ufpel.edu.br\/sisu\/files\/2019\/02\/Convoca\u00e7\u00e3o_SISU-2019_1-Lista-de-Espera-\u2013-2\u00aa-Convoca\u00e7\u00e3o.pdf\">2\u00aa Convoca\u00e7\u00e3o<\/a><\/li>\n<li><a href=\"https:\/\/wp.ufpel.edu.br\/sisu\/files\/2019\/03\/Convoca\u00e7\u00e3o_SISU-2019_1-Lista-de-Espera-\u2013-3\u00aa-Convoca\u00e7\u00e3o.pdf\">3\u00aa Convoca\u00e7\u00e3o<\/a><\/li>\n<li><a href=\"https:\/\/wp.ufpel.edu.br\/sisu\/files\/2019\/03\/Convoca\u00e7\u00e3o_SISU-2019_1-Lista-de-Espera-\u2013-4\u00aa-Convoca\u00e7\u00e3o.pdf\">4\u00aa Convoca\u00e7\u00e3o<\/a><\/li>\n<li><a href=\"https:\/\/wp.ufpel.edu.br\/sisu\/files\/2019\/03\/Convoca\u00e7\u00e3o_SISU-2019_1-Lista-de-Espera-\u2013-5\u00aa-Convoca\u00e7\u00e3o.pdf\">5\u00aa Convoca\u00e7\u00e3o<\/a><\/li>\n<li><a href=\"https:\/\/wp.ufpel.edu.br\/sisu\/files\/2019\/03\/Convoca\u00e7\u00e3o_SISU-2019_1-Lista-de-Espera-\u2013-6\u00aa-Convoca\u00e7\u00e3o.pdf\">6\u00aa Convoca\u00e7\u00e3o<\/a><\/li>\n<li><a href=\"https:\/\/wp.ufpel.edu.br\/sisu\/files\/2019\/04\/Convoca\u00e7\u00e3o_SISU-2019_1-Lista-de-Espera-\u2013-7\u00aa-Convoca\u00e7\u00e3o-Odontologia.pdf\">7\u00aa Convoca\u00e7\u00e3o (Odontologia)<\/a><\/li>\n<\/ul>\n\n\n<ul class=\"wp-block-list\">\n<li><strong>Resultados para ingresso nas cotas<\/strong>\n<ul class=\"wp-block-list\">\n<li><a href=\"https:\/\/wp.ufpel.edu.br\/sisu\/resultado-da-avaliacao-de-deficiencia\/\">Resultados da avalia\u00e7\u00e3o de defici\u00eancia<\/a><\/li>\n\n\n\n<li><a href=\"https:\/\/wp.ufpel.edu.br\/sisu\/resultado-da-avaliacao-etnico-racial\/\">Resultados da avalia\u00e7\u00e3o \u00e9tnico-racial<\/a><\/li>\n\n\n\n<li><a href=\"https:\/\/wp.ufpel.edu.br\/sisu\/editais-selecao-socioeconomica\/\">Resultados da avalia\u00e7\u00e3o socioecon\u00f4mica<\/a><\/li>\n<\/ul>\n<\/li>\n<\/ul>\n","protected":false},"excerpt":{"rendered":"<p>Editais e convoca\u00e7\u00f5es \u2013&nbsp;SISU 2019\/1 Edital N\u00ba 83, de 13 de novembro de 2018 Termo Ades\u00e3o SISU 2019\/1 Edital de Matr\u00edculas \u2013 Chamada Regular Aprovados \u2013 Chamada Regular Edital de Matr\u00edculas \u2013 Lista de Espera SISU 2019_1 \u2013 lista_espera_geral SISU 2019_1 \u2013 lista_espera_cotas 1\u00aa Convoca\u00e7\u00e3o 2\u00aa Convoca\u00e7\u00e3o 3\u00aa Convoca\u00e7\u00e3o 4\u00aa Convoca\u00e7\u00e3o 5\u00aa Convoca\u00e7\u00e3o 6\u00aa Convoca\u00e7\u00e3o [&hellip;]<\/p>\n","protected":false},"author":743,"featured_media":0,"parent":18,"menu_order":0,"comment_status":"closed","ping_status":"closed","template":"","meta":{"advanced_seo_description":"","jetpack_seo_html_title":"","jetpack_seo_noindex":false,"jetpack_post_was_ever_published":false,"footnotes":""},"class_list":["post-2278","page","type-page","status-publish","hentry"],"jetpack_sharing_enabled":true,"jetpack_shortlink":"https:\/\/wp.me\/P8Nz4H-AK","jetpack-related-posts":[{"id":1615,"url":"https:\/\/wp.ufpel.edu.br\/sisu\/editais-selecao-socioeconomica\/resultado-da-avaliacao-socioeconomica-sisu-2018-2\/","url_meta":{"origin":2278,"position":0},"title":"Resultados da avalia\u00e7\u00e3o socioecon\u00f4mica SISU 2018\/2","author":"prae","date":"23\/07\/2018","format":false,"excerpt":"RESULTADO FINAL DO EDITAL CRA N\u00ba 13\/2018 MATR\u00cdCULAS SISU 2018\/2 9\u00aa CONVOCA\u00c7\u00c3O RESULTADO FINAL DO EDITAL CRA N\u00ba 13\/2018 MATR\u00cdCULAS SISU 2018\/2 8\u00aa CONVOCA\u00c7\u00c3O RESULTADO PARCIAL DO EDITAL CRA N\u00ba 13\/2018 MATR\u00cdCULAS SISU 2018\/2 9\u00aa CONVOCA\u00c7\u00c3O RESULTADO PARCIAL DO EDITAL CRA N\u00ba 13\/2018 MATR\u00cdCULAS SISU 2018\/2 8\u00aa CONVOCA\u00c7\u00c3O RESULTADO FINAL\u2026","rel":"","context":"Post similar","block_context":{"text":"Post similar","link":""},"img":{"alt_text":"","src":"","width":0,"height":0},"classes":[]},{"id":5590,"url":"https:\/\/wp.ufpel.edu.br\/sisu\/editais\/sisu-2023-1\/","url_meta":{"origin":2278,"position":1},"title":"SISU 2023\/1","author":"sisu","date":"03\/01\/2024","format":false,"excerpt":"SiSU - Ingresso 2023\/1 Matr\u00edculas encerradas. 4\u00aa Chamada3\u00aa Chamada2\u00aa Chamada1\u00aa ChamadaLista de esperaChamada RegularInscri\u00e7\u00e3o Lista de matriculados 28\/06\/23 Edital de matr\u00edculas 26\/06\/23 Resultados para ingresso nas cotas Raciais (Final) Aguarde Raciais (Parcial) Aguarde Renda (Final) 04\/09\/23 Renda (Parcial) 28\/07\/23 Lista de matriculados 06\/06\/23 Edital de matr\u00edculas 26\/05\/23 Resultados para ingresso\u2026","rel":"","context":"Post similar","block_context":{"text":"Post similar","link":""},"img":{"alt_text":"","src":"","width":0,"height":0},"classes":[]},{"id":6096,"url":"https:\/\/wp.ufpel.edu.br\/sisu\/editais\/sisu-2024\/","url_meta":{"origin":2278,"position":2},"title":"SISU 2024","author":"sisu","date":"19\/12\/2024","format":false,"excerpt":"Inscri\u00e7\u00f5es Inscri\u00e7\u00f5es Termo de Ades\u00e3o Edital de Inscri\u00e7\u00e3o Edital de Ades\u00e3o 22\/01 a 25\/01 27\/12\/23 26\/12\/23 31\/10\/23 SiSU - Ingresso 2024\/2 Matr\u00edculas encerradas. 4\u00aa Chamada3\u00aa Chamada2\u00aa Chamada1\u00aa ChamadaLista de esperaChamada Regular Edital de matr\u00edculas 22\/11\/24 Retifica\u00e7\u00e3o das vagas 25\/11\/24 Lista de matriculados 27\/11\/24 Resultados para ingresso nas cotas Raciais (Final)\u2026","rel":"","context":"Post similar","block_context":{"text":"Post similar","link":""},"img":{"alt_text":"","src":"","width":0,"height":0},"classes":[]},{"id":5215,"url":"https:\/\/wp.ufpel.edu.br\/sisu\/editais\/sisu-2022-2\/","url_meta":{"origin":2278,"position":3},"title":"SISU 2022\/2","author":"sisu","date":"02\/06\/2023","format":false,"excerpt":"SiSU - Ingresso 2022\/2 Matr\u00edculas encerradas. 6\u00aa Chamada5\u00aa Chamada4\u00aa Chamada3\u00aa Chamada2\u00aa Chamada1\u00aa ChamadaLista de esperaChamada RegularInscri\u00e7\u00e3o Lista de matriculados 10\/02\/23 Edital de matr\u00edculas 03\/02\/23 Resultados para ingresso nas cotas Renda (Final) 08\/03\/23 Renda (Parcial) 23\/02\/23 Lista de matriculados 23\/01\/23 Edital de matr\u00edculas 13\/01\/23 Resultados para ingresso nas cotas Deficientes (Final)\u2026","rel":"","context":"Post similar","block_context":{"text":"Post similar","link":""},"img":{"alt_text":"","src":"","width":0,"height":0},"classes":[]},{"id":6597,"url":"https:\/\/wp.ufpel.edu.br\/sisu\/editais\/sisu-2025\/","url_meta":{"origin":2278,"position":4},"title":"SISU 2025","author":"julia.stark","date":"02\/12\/2025","format":false,"excerpt":"Inscri\u00e7\u00f5es - SISU 2025 Inscri\u00e7\u00f5es 17\/01 a 21\/01\/25 Edital de Inscri\u00e7\u00e3o (Retificado) 28\/01\/24 Edital de Inscri\u00e7\u00e3o (Retificado) 27\/01\/24 Edital de Inscri\u00e7\u00e3o 23\/12\/24 Termo de Ades\u00e3o 19\/12\/24 Edital de Ades\u00e3o 22\/11\/24 SiSU - Ingresso 2025\/1 Matr\u00edculas encerradas. 4\u00aa Chamada3\u00aa Chamada2\u00aa Chamada1\u00aa ChamadaLista de esperaChamada Regular Edital de matr\u00edculas 05\/05\/25 Lista de\u2026","rel":"","context":"Post similar","block_context":{"text":"Post similar","link":""},"img":{"alt_text":"","src":"","width":0,"height":0},"classes":[]},{"id":5587,"url":"https:\/\/wp.ufpel.edu.br\/sisu\/editais\/sisu-2023-2\/","url_meta":{"origin":2278,"position":5},"title":"SISU 2023\/2","author":"sisu","date":"03\/01\/2024","format":false,"excerpt":"SiSU - Ingresso 2023\/2 Matr\u00edculas encerradas. 4\u00aa Chamada3\u00aa Chamada2\u00aa Chamada1\u00aa ChamadaLista de esperaChamada RegularInscri\u00e7\u00e3o Lista de matriculados 07\/11\/23 Edital de matr\u00edculas 01\/11\/23 Resultados para ingresso nas cotas Raciais (Final) Aguarde Raciais (Parcial) Aguarde Raciais (Hor\u00e1rio das Bancas) Aguarde Renda (Final) 07\/11\/23 Lista de matriculados 19\/10\/23 Edital de matr\u00edculas 16\/10\/23 Resultados\u2026","rel":"","context":"Post similar","block_context":{"text":"Post similar","link":""},"img":{"alt_text":"","src":"","width":0,"height":0},"classes":[]}],"publishpress_future_action":{"enabled":false,"date":"2026-05-04 18:00:47","action":"change-status","newStatus":"draft","terms":[],"taxonomy":"","extraData":[]},"publishpress_future_workflow_manual_trigger":{"enabledWorkflows":[]},"_links":{"self":[{"href":"https:\/\/wp.ufpel.edu.br\/sisu\/wp-json\/wp\/v2\/pages\/2278","targetHints":{"allow":["GET"]}}],"collection":[{"href":"https:\/\/wp.ufpel.edu.br\/sisu\/wp-json\/wp\/v2\/pages"}],"about":[{"href":"https:\/\/wp.ufpel.edu.br\/sisu\/wp-json\/wp\/v2\/types\/page"}],"author":[{"embeddable":true,"href":"https:\/\/wp.ufpel.edu.br\/sisu\/wp-json\/wp\/v2\/users\/743"}],"replies":[{"embeddable":true,"href":"https:\/\/wp.ufpel.edu.br\/sisu\/wp-json\/wp\/v2\/comments?post=2278"}],"version-history":[{"count":5,"href":"https:\/\/wp.ufpel.edu.br\/sisu\/wp-json\/wp\/v2\/pages\/2278\/revisions"}],"predecessor-version":[{"id":4750,"href":"https:\/\/wp.ufpel.edu.br\/sisu\/wp-json\/wp\/v2\/pages\/2278\/revisions\/4750"}],"up":[{"embeddable":true,"href":"https:\/\/wp.ufpel.edu.br\/sisu\/wp-json\/wp\/v2\/pages\/18"}],"wp:attachment":[{"href":"https:\/\/wp.ufpel.edu.br\/sisu\/wp-json\/wp\/v2\/media?parent=2278"}],"curies":[{"name":"wp","href":"https:\/\/api.w.org\/{rel}","templated":true}]}}

<p><strong>Editais e convocações –&nbsp;SISU 2019/1</strong></p>
<ul>
<li><a href="https://wp.ufpel.edu.br/sisu/files/2018/11/EDITAL-NÂº-83-DE-13-DE-NOVEMBRO-DE-2018.pdf">Edital Nº 83, de 13 de novembro de 2018</a></li>
<li><a href="https://wp.ufpel.edu.br/sisu/files/2018/12/Termo-Adesão-SISU-20191.pdf">Termo Adesão SISU 2019/1</a></li>
<li><a href="https://wp.ufpel.edu.br/sisu/files/2019/01/SEI_23110.058477_2018_70.pdf">Edital de Matrículas – Chamada Regular</a>
<ul>
<li><a href="https://wp.ufpel.edu.br/sisu/files/2019/01/ata_ordenado_por_i.nome__bytea.pdf">Aprovados – Chamada Regular</a></li>
</ul>
</li>
<li><a href="https://wp.ufpel.edu.br/sisu/files/2019/01/SEI_23110.058477_2018_70-1.pdf">Edital de Matrículas – Lista de Espera</a>
<ul>
<li><a href="https://wp.ufpel.edu.br/sisu/files/2019/02/SISU-2019_1-lista_espera_geral.pdf">SISU 2019_1 – lista_espera_geral</a></li>
<li><a href="https://wp.ufpel.edu.br/sisu/files/2019/02/SISU-2019_1-lista_espera_cotas.pdf">SISU 2019_1 – lista_espera_cotas</a></li>
</ul>
</li>
<li><a href="https://wp.ufpel.edu.br/sisu/files/2019/02/Convocação_SISU-2019_1-Lista-de-Espera-–-1ª-Convocação.pdf">1ª Convocação</a></li>
<li><a href="https://wp.ufpel.edu.br/sisu/files/2019/02/Convocação_SISU-2019_1-Lista-de-Espera-–-2ª-Convocação.pdf">2ª Convocação</a></li>
<li><a href="https://wp.ufpel.edu.br/sisu/files/2019/03/Convocação_SISU-2019_1-Lista-de-Espera-–-3ª-Convocação.pdf">3ª Convocação</a></li>
<li><a href="https://wp.ufpel.edu.br/sisu/files/2019/03/Convocação_SISU-2019_1-Lista-de-Espera-–-4ª-Convocação.pdf">4ª Convocação</a></li>
<li><a href="https://wp.ufpel.edu.br/sisu/files/2019/03/Convocação_SISU-2019_1-Lista-de-Espera-–-5ª-Convocação.pdf">5ª Convocação</a></li>
<li><a href="https://wp.ufpel.edu.br/sisu/files/2019/03/Convocação_SISU-2019_1-Lista-de-Espera-–-6ª-Convocação.pdf">6ª Convocação</a></li>
<li><a href="https://wp.ufpel.edu.br/sisu/files/2019/04/Convocação_SISU-2019_1-Lista-de-Espera-–-7ª-Convocação-Odontologia.pdf">7ª Convocação (Odontologia)</a></li>
</ul>


<ul class="wp-block-list">
<li><strong>Resultados para ingresso nas cotas</strong>
<ul class="wp-block-list">
<li><a href="https://wp.ufpel.edu.br/sisu/resultado-da-avaliacao-de-deficiencia/">Resultados da avaliação de deficiência</a></li>



<li><a href="https://wp.ufpel.edu.br/sisu/resultado-da-avaliacao-etnico-racial/">Resultados da avaliação étnico-racial</a></li>



<li><a href="https://wp.ufpel.edu.br/sisu/editais-selecao-socioeconomica/">Resultados da avaliação socioeconômica</a></li>
</ul>
</li>
</ul>

<p>Editais e convocações –&nbsp;SISU 2019/1 Edital Nº 83, de 13 de novembro de 2018 Termo Adesão SISU 2019/1 Edital de Matrículas – Chamada Regular Aprovados – Chamada Regular Edital de Matrículas – Lista de Espera SISU 2019_1 – lista_espera_geral SISU 2019_1 – lista_espera_cotas 1ª Convocação 2ª Convocação 3ª Convocação 4ª Convocação 5ª Convocação 6ª Convocação [&hellip;]</p>

Resultados da avaliação socioeconômica SISU 2018/2

RESULTADO FINAL DO EDITAL CRA Nº 13/2018 MATRÍCULAS SISU 2018/2 9ª CONVOCAÇÃO RESULTADO FINAL DO EDITAL CRA Nº 13/2018 MATRÍCULAS SISU 2018/2 8ª CONVOCAÇÃO RESULTADO PARCIAL DO EDITAL CRA Nº 13/2018 MATRÍCULAS SISU 2018/2 9ª CONVOCAÇÃO RESULTADO PARCIAL DO EDITAL CRA Nº 13/2018 MATRÍCULAS SISU 2018/2 8ª CONVOCAÇÃO RESULTADO FINAL…

SiSU - Ingresso 2023/1 Matrículas encerradas. 4ª Chamada3ª Chamada2ª Chamada1ª ChamadaLista de esperaChamada RegularInscrição Lista de matriculados 28/06/23 Edital de matrículas 26/06/23 Resultados para ingresso nas cotas Raciais (Final) Aguarde Raciais (Parcial) Aguarde Renda (Final) 04/09/23 Renda (Parcial) 28/07/23 Lista de matriculados 06/06/23 Edital de matrículas 26/05/23 Resultados para ingresso…

Inscrições Inscrições Termo de Adesão Edital de Inscrição Edital de Adesão 22/01 a 25/01 27/12/23 26/12/23 31/10/23 SiSU - Ingresso 2024/2 Matrículas encerradas. 4ª Chamada3ª Chamada2ª Chamada1ª ChamadaLista de esperaChamada Regular Edital de matrículas 22/11/24 Retificação das vagas 25/11/24 Lista de matriculados 27/11/24 Resultados para ingresso nas cotas Raciais (Final)…

SiSU - Ingresso 2022/2 Matrículas encerradas. 6ª Chamada5ª Chamada4ª Chamada3ª Chamada2ª Chamada1ª ChamadaLista de esperaChamada RegularInscrição Lista de matriculados 10/02/23 Edital de matrículas 03/02/23 Resultados para ingresso nas cotas Renda (Final) 08/03/23 Renda (Parcial) 23/02/23 Lista de matriculados 23/01/23 Edital de matrículas 13/01/23 Resultados para ingresso nas cotas Deficientes (Final)…

Inscrições - SISU 2025 Inscrições 17/01 a 21/01/25 Edital de Inscrição (Retificado) 28/01/24 Edital de Inscrição (Retificado) 27/01/24 Edital de Inscrição 23/12/24 Termo de Adesão 19/12/24 Edital de Adesão 22/11/24 SiSU - Ingresso 2025/1 Matrículas encerradas. 4ª Chamada3ª Chamada2ª Chamada1ª ChamadaLista de esperaChamada Regular Edital de matrículas 05/05/25 Lista de…

SiSU - Ingresso 2023/2 Matrículas encerradas. 4ª Chamada3ª Chamada2ª Chamada1ª ChamadaLista de esperaChamada RegularInscrição Lista de matriculados 07/11/23 Edital de matrículas 01/11/23 Resultados para ingresso nas cotas Raciais (Final) Aguarde Raciais (Parcial) Aguarde Raciais (Horário das Bancas) Aguarde Renda (Final) 07/11/23 Lista de matriculados 19/10/23 Edital de matrículas 16/10/23 Resultados…
