{"id":1615,"date":"2018-07-23T12:33:12","date_gmt":"2018-07-23T15:33:12","guid":{"rendered":"https:\/\/wp.ufpel.edu.br\/sisu\/?page_id=1615"},"modified":"2023-01-05T13:54:12","modified_gmt":"2023-01-05T16:54:12","slug":"resultado-da-avaliacao-socioeconomica-sisu-2018-2","status":"publish","type":"page","link":"https:\/\/wp.ufpel.edu.br\/sisu\/editais-selecao-socioeconomica\/resultado-da-avaliacao-socioeconomica-sisu-2018-2\/","title":{"rendered":"Resultados da avalia\u00e7\u00e3o socioecon\u00f4mica SISU 2018\/2"},"content":{"rendered":"<p><a href=\"https:\/\/wp.ufpel.edu.br\/sisu\/2018\/10\/16\/resultado-final-do-edital-cra-no-13-2018-matriculas-sisu-2018-2-9a-convocacao\/\">RESULTADO FINAL DO EDITAL CRA N\u00ba 13\/2018 MATR\u00cdCULAS SISU 2018\/2 9\u00aa CONVOCA\u00c7\u00c3O<\/a><\/p>\n<p><a href=\"https:\/\/wp.ufpel.edu.br\/sisu\/2018\/10\/16\/resultado-final-do-edital-cra-no-13-2018-matriculas-sisu-2018-2-8a-convocacao\/\">RESULTADO FINAL DO EDITAL CRA N\u00ba 13\/2018 MATR\u00cdCULAS SISU 2018\/2 8\u00aa CONVOCA\u00c7\u00c3O<\/a><\/p>\n<p><a href=\"https:\/\/wp.ufpel.edu.br\/sisu\/2018\/09\/24\/resultado-parcial-do-edital-cra-no-13-2018-matriculas-sisu-2018-2-9a-convocacao\/\">RESULTADO PARCIAL DO EDITAL CRA N\u00ba 13\/2018 MATR\u00cdCULAS SISU 2018\/2 9\u00aa CONVOCA\u00c7\u00c3O<\/a><\/p>\n<p><a href=\"https:\/\/wp.ufpel.edu.br\/sisu\/2018\/09\/24\/resultado-parcial-do-edital-cra-no-13-2018-matriculas-sisu-2018-2-8a-convocacao\/\">RESULTADO PARCIAL DO EDITAL CRA N\u00ba 13\/2018 MATR\u00cdCULAS SISU 2018\/2 8\u00aa CONVOCA\u00c7\u00c3O<\/a><\/p>\n<p><a href=\"https:\/\/wp.ufpel.edu.br\/sisu\/2018\/09\/24\/resultado-final-do-edital-cra-no-13-2018-matriculas-sisu-2018-2-7a-convocacao\/\">RESULTADO FINAL DO EDITAL CRA N\u00ba 13\/2018 MATR\u00cdCULAS SISU 2018\/2 7\u00aa CONVOCA\u00c7\u00c3O<\/a><\/p>\n<p><a href=\"https:\/\/wp.ufpel.edu.br\/sisu\/2018\/09\/12\/resultado-parcial-do-edital-cra-no-13-2018-matriculas-sisu-2018-2-7a-convocacao\/\">RESULTADO PARCIAL DO EDITAL CRA N\u00ba 13\/2018 MATR\u00cdCULAS SISU 2018\/2 7\u00aa CONVOCA\u00c7\u00c3O<\/a><\/p>\n<p><a href=\"https:\/\/wp.ufpel.edu.br\/sisu\/2018\/09\/12\/resultado-final-do-edital-cra-no-13-2018-matriculas-sisu-2018-2-6a-convocacao\/\">RESULTADO FINAL DO EDITAL CRA N\u00ba 13\/2018 MATR\u00cdCULAS SISU 2018\/2 6\u00aa CONVOCA\u00c7\u00c3O<\/a><\/p>\n<p><a href=\"https:\/\/wp.ufpel.edu.br\/sisu\/2018\/09\/12\/resultado-final-do-edital-cra-no-13-2018-matriculas-sisu-2018-2-5a-convocacao\/\">RESULTADO FINAL DO EDITAL CRA N\u00ba 13\/2018 MATR\u00cdCULAS SISU 2018\/2 5\u00aa CONVOCA\u00c7\u00c3O<\/a><\/p>\n<p><a href=\"https:\/\/wp.ufpel.edu.br\/sisu\/2018\/09\/12\/resultado-final-do-edital-cra-no-13-2018-matriculas-sisu-2018-2-4a-convocacao\/\">RESULTADO FINAL DO EDITAL CRA N\u00ba 13\/2018 MATR\u00cdCULAS SISU 2018\/2 4\u00aa CONVOCA\u00c7\u00c3O<\/a><\/p>\n<p><a href=\"https:\/\/wp.ufpel.edu.br\/sisu\/2018\/09\/12\/resultado-final-do-edital-cra-no-13-2018-matriculas-sisu-2018-2-3a-convocacao\/\">RESULTADO FINAL DO EDITAL CRA N\u00ba 13\/2018 MATR\u00cdCULAS SISU 2018\/2 3\u00aa CONVOCA\u00c7\u00c3O<\/a><\/p>\n<p><a href=\"https:\/\/wp.ufpel.edu.br\/sisu\/2018\/08\/31\/resultado-final-do-edital-cra-no-13-2018-matriculas-sisu-2018-2-2a-convocacao\/\">RESULTADO FINAL DO EDITAL CRA N\u00ba 13\/2018 MATR\u00cdCULAS SISU 2018\/2 2\u00aa CONVOCA\u00c7\u00c3O<\/a><\/p>\n<p><a href=\"https:\/\/wp.ufpel.edu.br\/sisu\/2018\/08\/31\/resultado-final-do-edital-cra-no-13-2018-matriculas-sisu-2018-2-1a-convocacao\/\">RESULTADO FINAL DO EDITAL CRA N\u00ba 13\/2018 MATR\u00cdCULAS SISU 2018\/2 1\u00aa CONVOCA\u00c7\u00c3O<\/a><\/p>\n<p><a href=\"https:\/\/wp.ufpel.edu.br\/sisu\/2018\/08\/27\/resultado-parcial-do-edital-cra-no-13-2018-matriculas-sisu-2018-2-6a-convocacao\/\">RESULTADO PARCIAL DO EDITAL CRA N\u00ba 13\/2018 MATR\u00cdCULAS SISU 2018\/2 6\u00aa CONVOCA\u00c7\u00c3O<\/a><\/p>\n<p><a href=\"https:\/\/wp.ufpel.edu.br\/sisu\/2018\/08\/22\/resultado-parcial-do-edital-cra-no-13-2018-matriculas-sisu-2018-2-5a-convocacao\/\">RESULTADO PARCIAL DO EDITAL CRA N\u00ba 13\/2018 MATR\u00cdCULAS SISU 2018\/2 5\u00aa CONVOCA\u00c7\u00c3O<\/a><\/p>\n<p><a href=\"https:\/\/wp.ufpel.edu.br\/sisu\/2018\/08\/15\/resultado-parcial-do-edital-cra-no-13-2018-matriculas-sisu-2018-2-4a-convocacao\/\">RESULTADO PARCIAL DO EDITAL CRA N\u00ba 13\/2018 MATR\u00cdCULAS SISU 2018\/2 4\u00aa CONVOCA\u00c7\u00c3O<\/a><\/p>\n<p><a href=\"https:\/\/wp.ufpel.edu.br\/sisu\/2018\/08\/15\/resultado-parcial-do-edital-cra-no-13-2018-matriculas-sisu-2018-2-3a-convocacao\/\">RESULTADO PARCIAL DO EDITAL CRA N\u00ba 13\/2018 MATR\u00cdCULAS SISU 2018\/2 3\u00aa CONVOCA\u00c7\u00c3O<\/a><\/p>\n<p><a href=\"https:\/\/wp.ufpel.edu.br\/sisu\/2018\/08\/15\/resultado-parcial-do-edital-cra-no-13-2018-matriculas-sisu-2018-2-2a-convocacao\/\">RESULTADO PARCIAL DO EDITAL CRA N\u00ba 13\/2018 MATR\u00cdCULAS SISU 2018\/2 2\u00aa CONVOCA\u00c7\u00c3O<\/a><\/p>\n<p><a href=\"https:\/\/wp.ufpel.edu.br\/sisu\/2018\/08\/17\/resultado-final-do-edital-cra-no-13-2018-matriculas-sisu-2018-2-chamada-regular\/\">RESULTADO FINAL DO EDITAL CRA N\u00ba 13\/2018 MATR\u00cdCULAS SISU 2018\/2 CHAMADA REGULAR<\/a><\/p>\n<p><a href=\"https:\/\/wp.ufpel.edu.br\/sisu\/2018\/08\/09\/resultado-parcial-do-edital-cra-no-13-2018-matriculas-sisu-2018-2-1a-convocacao\/\">RESULTADO PARCIAL DO EDITAL CRA N\u00ba 13\/2018 MATR\u00cdCULAS SISU 2018\/2 1\u00aa CONVOCA\u00c7\u00c3O<\/a><\/p>\n<p><a href=\"https:\/\/wp.ufpel.edu.br\/sisu\/2018\/07\/23\/resultado-parcial-do-edital-cra-no-13-2018-matriculas-sisu-2018-2-chamada-regular\/\">RESULTADO PARCIAL DO EDITAL CRA N\u00ba 13\/2018 MATR\u00cdCULAS SISU 2018\/2 CHAMADA REGULAR<\/a><\/p>\n","protected":false},"excerpt":{"rendered":"<p>RESULTADO FINAL DO EDITAL CRA N\u00ba 13\/2018 MATR\u00cdCULAS SISU 2018\/2 9\u00aa CONVOCA\u00c7\u00c3O RESULTADO FINAL DO EDITAL CRA N\u00ba 13\/2018 MATR\u00cdCULAS SISU 2018\/2 8\u00aa CONVOCA\u00c7\u00c3O RESULTADO PARCIAL DO EDITAL CRA N\u00ba 13\/2018 MATR\u00cdCULAS SISU 2018\/2 9\u00aa CONVOCA\u00c7\u00c3O RESULTADO PARCIAL DO EDITAL CRA N\u00ba 13\/2018 MATR\u00cdCULAS SISU 2018\/2 8\u00aa CONVOCA\u00c7\u00c3O RESULTADO FINAL DO EDITAL CRA N\u00ba 13\/2018 [&hellip;]<\/p>\n","protected":false},"author":229,"featured_media":0,"parent":45,"menu_order":0,"comment_status":"closed","ping_status":"closed","template":"","meta":{"advanced_seo_description":"","jetpack_seo_html_title":"","jetpack_seo_noindex":false,"jetpack_post_was_ever_published":false,"footnotes":""},"class_list":["post-1615","page","type-page","status-publish","hentry"],"jetpack_sharing_enabled":true,"jetpack_shortlink":"https:\/\/wp.me\/P8Nz4H-q3","jetpack-related-posts":[{"id":967,"url":"https:\/\/wp.ufpel.edu.br\/sisu\/editais-selecao-socioeconomica\/resultados-da-avaliacao-socioeconomica-sisu-2018-1\/","url_meta":{"origin":1615,"position":0},"title":"Resultados da avalia\u00e7\u00e3o socioecon\u00f4mica SISU 2018\/1","author":"sisu","date":"15\/01\/2018","format":false,"excerpt":"RETIFICA\u00c7\u00c3O DO RESULTADO FINAL DO EDITAL 004\/2018 \u2013 COTA SOCIAL L1 6\u00b0 CONVOCA\u00c7\u00c3O\u2013SISU 2018\/1 RESULTADO FINAL DO EDITAL 004\/2018 COTAS SOCIAIS L1, L2, L9 e L10 11\u00aa CONVOCA\u00c7\u00c3O- SISU 2018\/1 RESULTADO FINAL DO EDITAL 004\/2018 COTAS SOCIAIS L1, L2, L9 e L10 9\u00aa CONVOCA\u00c7\u00c3O- SISU 2018\/1 RESULTADO FINAL DO EDITAL\u2026","rel":"","context":"Post similar","block_context":{"text":"Post similar","link":""},"img":{"alt_text":"","src":"","width":0,"height":0},"classes":[]},{"id":373,"url":"https:\/\/wp.ufpel.edu.br\/sisu\/editais-selecao-socioeconomica\/resultados-da-avaliacao-socioeconomica-sisu-20172\/","url_meta":{"origin":1615,"position":1},"title":"Resultados da avalia\u00e7\u00e3o socioecon\u00f4mica SISU 2017\/2","author":"prae","date":"14\/06\/2017","format":false,"excerpt":"RESULTADO FINAL DO EDITAL 13\/2017 \u2013 CRA SISU 2017\/2 CHAMADA REGULAR 1\u00aa, 2\u00aa, 3\u00aa, 4\u00aa, 5\u00aa, 6\u00aa CONVOCA\u00c7\u00d5ES - COTAS SOCIAIS RESULTADO FINAL - 9\u00aa CONVOCA\u00c7\u00c3O - ODONTOLOGIA - COTAS SOCIAIS L1, L2, L9 E L10 RESULTADO FINAL DO EDITAL 13\/2017-CRA PAVE 8\u00aa CONVOCA\u00c7\u00c3O COMUNICADO 20 COTAS SOCIAIS L1, L2,\u2026","rel":"","context":"Post similar","block_context":{"text":"Post similar","link":""},"img":{"alt_text":"","src":"","width":0,"height":0},"classes":[]},{"id":2121,"url":"https:\/\/wp.ufpel.edu.br\/sisu\/editais-selecao-socioeconomica\/resultado-da-avaliacao-socioeconomica-2019-1\/","url_meta":{"origin":1615,"position":2},"title":"Resultados da avalia\u00e7\u00e3o socioecon\u00f4mica SISU 2019\/1","author":"prae","date":"22\/02\/2019","format":false,"excerpt":"RESULTADO FINAL DO EDITAL CRA n\u00ba 03\/2019 6\u00aa CONVOCA\u00c7\u00c3O \u2013 SISU 2019\/1 COTAS SOCIAIS L1, L2, L9 e L10 RESULTADO FINAL DO EDITAL CRA n\u00ba 03\/2019 5\u00aa CONVOCA\u00c7\u00c3O \u2013 SISU 2019\/1 COTAS SOCIAIS L1, L2, L9 e L10 RESULTADO FINAL DO EDITAL CRA n\u00ba 03\/2019 3\u00aa CONVOCA\u00c7\u00c3O \u2013 SISU 2019\/1\u2026","rel":"","context":"Post similar","block_context":{"text":"Post similar","link":""},"img":{"alt_text":"","src":"","width":0,"height":0},"classes":[]},{"id":2446,"url":"https:\/\/wp.ufpel.edu.br\/sisu\/editais-selecao-socioeconomica\/resultado-da-avaliacao-socioeconomica-sisu-2019-2\/","url_meta":{"origin":1615,"position":3},"title":"Resultados da avalia\u00e7\u00e3o socioecon\u00f4mica SISU 2019\/2","author":"prae","date":"28\/06\/2019","format":false,"excerpt":"RESULTADO FINAL DO EDITAL 07\/2019 COTAS SOCIAIS L1, L2, L9 e L10 7\u00aa CONVOCA\u00c7\u00c3O SISU 2019\/2 RESULTADO FINAL DO EDITAL 07\/2019 COTAS SOCIAIS L1, L2, L9 e L10 8\u00aa CONVOCA\u00c7\u00c3O SISU2019\/2 RESULTADO PARCIAL DO EDITAL 07\/2019 CRA SISU 2019\/2 7\u00aa CONVOCA\u00c7\u00c3O COTAS SOCIAIS L1, L2, L9 e L10 RESULTADO FINAL\u2026","rel":"","context":"Post similar","block_context":{"text":"Post similar","link":""},"img":{"alt_text":"","src":"","width":0,"height":0},"classes":[]},{"id":331,"url":"https:\/\/wp.ufpel.edu.br\/sisu\/editais-selecao-socioeconomica\/resultados-da-avaliacao-socioeconomica-sisu-20171\/","url_meta":{"origin":1615,"position":4},"title":"Resultados da avalia\u00e7\u00e3o socioecon\u00f4mica SISU 2017\/1","author":"prae","date":"06\/06\/2017","format":false,"excerpt":"SISU RESULTADO PARCIAL DO EDITAL 03\/2017-CRA \u2013 COMUNICADO 16 SISU RESULTADO PARCIAL DO EDITAL 03\/2017-CRA \u2013 COMUNICADO 12 SISU Ver\u00e3o 2017 e PAVE \u2013 Resultado FINAL da an\u00e1lise socioecon\u00f4mica \u2013 Comunicados 10 e 11 RESULTADO FINAL DOS EDITAIS 003 e 004\/2017-CRA SISU\/ENEM VER\u00c3O 2017 e PAVE COMUNICADOS 10 E 11\u2026","rel":"","context":"Post similar","block_context":{"text":"Post similar","link":""},"img":{"alt_text":"","src":"","width":0,"height":0},"classes":[]},{"id":2278,"url":"https:\/\/wp.ufpel.edu.br\/sisu\/editais\/sisu-2019-1\/","url_meta":{"origin":1615,"position":5},"title":"SISU 2019\/1","author":"sisu","date":"02\/05\/2019","format":false,"excerpt":"Editais e convoca\u00e7\u00f5es \u2013\u00a0SISU 2019\/1 Edital N\u00ba 83, de 13 de novembro de 2018 Termo Ades\u00e3o SISU 2019\/1 Edital de Matr\u00edculas \u2013 Chamada Regular Aprovados \u2013 Chamada Regular Edital de Matr\u00edculas \u2013 Lista de Espera SISU 2019_1 \u2013 lista_espera_geral SISU 2019_1 \u2013 lista_espera_cotas 1\u00aa Convoca\u00e7\u00e3o 2\u00aa Convoca\u00e7\u00e3o 3\u00aa Convoca\u00e7\u00e3o 4\u00aa\u2026","rel":"","context":"Post similar","block_context":{"text":"Post similar","link":""},"img":{"alt_text":"","src":"","width":0,"height":0},"classes":[]}],"publishpress_future_action":{"enabled":false,"date":"2026-05-13 07:31:15","action":"change-status","newStatus":"draft","terms":[],"taxonomy":"","extraData":[]},"publishpress_future_workflow_manual_trigger":{"enabledWorkflows":[]},"_links":{"self":[{"href":"https:\/\/wp.ufpel.edu.br\/sisu\/wp-json\/wp\/v2\/pages\/1615","targetHints":{"allow":["GET"]}}],"collection":[{"href":"https:\/\/wp.ufpel.edu.br\/sisu\/wp-json\/wp\/v2\/pages"}],"about":[{"href":"https:\/\/wp.ufpel.edu.br\/sisu\/wp-json\/wp\/v2\/types\/page"}],"author":[{"embeddable":true,"href":"https:\/\/wp.ufpel.edu.br\/sisu\/wp-json\/wp\/v2\/users\/229"}],"replies":[{"embeddable":true,"href":"https:\/\/wp.ufpel.edu.br\/sisu\/wp-json\/wp\/v2\/comments?post=1615"}],"version-history":[{"count":14,"href":"https:\/\/wp.ufpel.edu.br\/sisu\/wp-json\/wp\/v2\/pages\/1615\/revisions"}],"predecessor-version":[{"id":4678,"href":"https:\/\/wp.ufpel.edu.br\/sisu\/wp-json\/wp\/v2\/pages\/1615\/revisions\/4678"}],"up":[{"embeddable":true,"href":"https:\/\/wp.ufpel.edu.br\/sisu\/wp-json\/wp\/v2\/pages\/45"}],"wp:attachment":[{"href":"https:\/\/wp.ufpel.edu.br\/sisu\/wp-json\/wp\/v2\/media?parent=1615"}],"curies":[{"name":"wp","href":"https:\/\/api.w.org\/{rel}","templated":true}]}}