{"id":1492,"date":"2018-06-18T11:00:38","date_gmt":"2018-06-18T14:00:38","guid":{"rendered":"https:\/\/wp.ufpel.edu.br\/sisu\/?page_id=1492"},"modified":"2018-11-30T18:00:30","modified_gmt":"2018-11-30T20:00:30","slug":"resultados-da-avaliacao-etnico-racial-sisu-2018-2","status":"publish","type":"page","link":"https:\/\/wp.ufpel.edu.br\/sisu\/resultado-da-avaliacao-etnico-racial\/resultados-da-avaliacao-etnico-racial-sisu-2018-2\/","title":{"rendered":"Resultados da avalia\u00e7\u00e3o \u00e9tnico-racial SISU 2018\/2"},"content":{"rendered":"<p><strong><span style=\"font-family: arial, helvetica, sans-serif\">IMPORTANTE:<\/span><\/strong><\/p>\n<p><span style=\"font-family: arial, helvetica, sans-serif\">Se o seu nome consta no<strong>\u00a0<\/strong>Relat\u00f3rio Preliminar do SISU 2018\/2<strong>\u00a0<\/strong>como INDEFERIDO e voc\u00ea pretende interpor Recurso, siga as diretrizes indicadas abaixo:<\/span><\/p>\n<p><span style=\"font-family: arial, helvetica, sans-serif\">Em caso de indeferimento o candidato(a) poder\u00e1 apresentar recurso por escrito e encaminh\u00e1-lo \u00e0 Comiss\u00e3o de Controle na Identifica\u00e7\u00e3o do Componente \u00c9tnico-racial \u2013 CCICE \u2013 no prazo de at\u00e9 72 horas, contadas a partir da divulga\u00e7\u00e3o do Relat\u00f3rio Preliminar (considerando-se apenas os dias \u00fateis).<\/span><\/p>\n<p><span style=\"font-family: arial, helvetica, sans-serif\">O recurso poder\u00e1 ser entregue pessoalmente no N\u00facleo de A\u00e7\u00f5es Afirmativas e Diversidade \u2013 NUAAD ou enviado por SEDEX \u2013 com postagem at\u00e9 a data limite, de prefer\u00eancia contendo texto e fotografias atuais do candidato, de acordo com a Portaria Normativa N\u00ba 4, de 6 de abril de 2018.\u00a0 Ao final da an\u00e1lise dos Recursos ser\u00e1 publicado o Relat\u00f3rio Definitivo nas p\u00e1ginas do SISU, CID e NUAAD.<\/span><\/p>\n<p><span style=\"font-family: arial, helvetica, sans-serif;font-size: 12pt\"><strong>ATEN\u00c7\u00c3O: O NUAAD N\u00c3O RECEBER\u00c1 RECURSOS VIA E-MAIL<\/strong><\/span><\/p>\n<p><span style=\"font-size: 12pt;font-family: arial, helvetica, sans-serif\">O NUAAD localiza-se \u00e0 Rua Almirante Barroso 1734, sala 1,\u00a0\u00a0CEP:\u00a096010-280 Pelotas\u00a0\u2013\u00a0Hor\u00e1rio de Atendimento: entre 14h00min e 18h00min \u2013 Fone: (53)3284-4306\u00a0<\/span><\/p>\n<p><span style=\"font-family: arial, helvetica, sans-serif;font-size: 12pt\">Outras informa\u00e7\u00f5es:\u00a0\u00a0 e-mail \u2013\u00a0<a href=\"mailto:naaf.cid.ufpel@gmail.com\" target=\"_blank\" rel=\"noopener\">naaf.cid.ufpel@gmail.com<\/a><\/span><\/p>\n<p>&nbsp;<\/p>\n<p><span style=\"font-family: georgia, palatino, serif\"><strong>Chamada Regular<\/strong><\/span><\/p>\n<p><span style=\"font-family: arial, helvetica, sans-serif\"><a href=\"https:\/\/wp.ufpel.edu.br\/sisu\/files\/2018\/07\/Relat\u00f3rio_Parecer_cotas_Preliminar_chamada-oral_-SISU.pdf(05\/Jul\/2018)\" target=\"_blank\" rel=\"noopener\"><span style=\"font-family: georgia, palatino, serif\">Relat\u00f3rio Preliminar SISU \u2013 Chamada Regular \u2013 Parecer Cotas \u00c9tnico-Raciais 2018-2 (05 julho 2018)<\/span><\/a><\/span><\/p>\n<p><a href=\"https:\/\/wp.ufpel.edu.br\/sisu\/2018\/07\/31\/o-nucleo-de-acoes-afirmativas-e-diversidade-divulga-o-resultado-definitivo-do-processo-seletivo-sisu-2018-2-chamada-regular\/\">Relat\u00f3rio Definitivo do Edital n\u00ba 13\/2018 Chamada Regular SISU 2018\/2 COTAS \u00c9TNICO-RACIAIS(01\/Ago\/2018)<\/a><\/p>\n<p><strong>Primeira Convoca\u00e7\u00e3o<\/strong><\/p>\n<p><a href=\"https:\/\/wp.ufpel.edu.br\/naaf\/files\/2018\/07\/Relat%C3%B3rio-Preliminar-Primeira-Convoca%C3%A7%C3%A3o.pdf\">Relat\u00f3rio Preliminar da Lista de Espera &#8211; Primeira Convoca\u00e7\u00e3o SISU 2018\/2 (23\/Jul\/2018)<\/a><\/p>\n<p><a href=\"https:\/\/wp.ufpel.edu.br\/sisu\/files\/2018\/08\/Relat\u00f3rio-Final-PRIMEIRA-CONVOCA\u00c7\u00c3O-Parecer-Cotas-\u00c9tnico-Raciais-SISU-2018-2.pdf\">Relat\u00f3rio Definitivo do Edital n\u00ba14\/2018 Lista de Espera &#8211; Primeira Convoca\u00e7\u00e3o SISU 2018\/2 Cotas \u00c9tnico Raciais (27\/Ago\/2018)<\/a><\/p>\n<p><strong>Segunda Convoca\u00e7\u00e3o<\/strong><\/p>\n<p><a href=\"https:\/\/wp.ufpel.edu.br\/sisu\/2018\/07\/31\/o-nucleo-de-acoes-afirmativas-e-diversidade-divulga-o-relatorio-preliminar-do-processo-seletivo-sisu-2018-02-lista-de-espera-segunda-convocacao\/\">Relat\u00f3rio Preliminar do Edital n\u00ba 14\/2018 Lista de Espera &#8211; Segunda Convoca\u00e7\u00e3o COTAS \u00c9TNICO-RACIAIS (31\/Jul\/2018)<\/a><\/p>\n<p><a href=\"https:\/\/wp.ufpel.edu.br\/sisu\/files\/2018\/09\/relat\u00f3rio_parecer_cotas_Definitivo-2-CONVOCA\u00c7\u00c3O-2018_02.pdf\">Relat\u00f3rio Definitivo do edital n\u00ba14\/2018 Lista de espera &#8211; Segunda Convoca\u00e7\u00e3o COTAS \u00c9TNICO RACIAIS (03\/set\/2018)<\/a><\/p>\n<p><strong>Terceira Convoca\u00e7\u00e3o<\/strong><\/p>\n<p><a href=\"https:\/\/wp.ufpel.edu.br\/sisu\/files\/2018\/08\/Relat\u00f3rio-Preliminar-Lista-de-Espera-Terceira-Convoca\u00e7\u00e3o-SISU-2018-2.pdf\">Relat\u00f3rio Preliminar do edital n\u00ba14\/2018 Lista de Espera &#8211; Terceira Convoca\u00e7\u00e3o SISU 2018\/2 &#8211; Cotas \u00c9tnicos Raciais (03\/Ago\/2018)<\/a><\/p>\n<p><a href=\"https:\/\/wp.ufpel.edu.br\/sisu\/files\/2018\/08\/Relat\u00f3rio-Final-TERCEIRA-CONVOCA\u00c7\u00c3O-Parecer-Cotas-\u00c9tnico-Raciais-SISU-2018-2.pdf\" target=\"_blank\" rel=\"noopener\">Relat\u00f3rio Definitivo do edital n\u00ba14\/2018 Lista de Espera &#8211; Terceira Convoca\u00e7\u00e3o SISU 2018\/2 &#8211; Cotas \u00c9tnicos Raciais (03\/Ago\/2018)<\/a><\/p>\n<p><strong>Quarta Convoca\u00e7\u00e3o<\/strong><\/p>\n<p><a href=\"https:\/\/wp.ufpel.edu.br\/sisu\/files\/2018\/08\/Relat\u00f3rio-Preliminar-Lista-de-Espera-Quarta-Convoca\u00e7\u00e3o-SISU-2018-2.pdf\">Relat\u00f3rio Preliminar do edital n\u00ba14\/2018 Lista de Espera &#8211; Quarta Convoca\u00e7\u00e3o SISU 2018\/2 &#8211; Cotas \u00c9tnicos Raciais (27\/Ago\/2018)<\/a><\/p>\n<p><a href=\"https:\/\/wp.ufpel.edu.br\/sisu\/files\/2018\/09\/relat\u00f3rio_parecer_cotas_Definitivo-4-convoca\u00e7\u00e3o-2018-02-DEFINITIVO.pdf\" target=\"_blank\" rel=\"noopener\">Relat\u00f3rio Definitivo do edital n\u00ba14\/2018 Lista de Espera &#8211; Quarta Convoca\u00e7\u00e3o SISU 2018\/2 &#8211; Cotas \u00c9tnicos Raciais (18\/Set\/2018)<\/a><\/p>\n<p><strong>Quinta Convoca\u00e7\u00e3o<\/strong><\/p>\n<p><a href=\"https:\/\/wp.ufpel.edu.br\/sisu\/files\/2018\/08\/Relat\u00f3rio-Preliminar-Lista-de-Espera-Quinta-Convoca\u00e7\u00e3o-SISU-2018-2.pdf\">Relat\u00f3rio Preliminar do edital n\u00ba14\/2018 Lista de Espera &#8211; Quinta Convoca\u00e7\u00e3o SISU 2018\/2 &#8211; Cotas \u00c9tnicos Raciais (27\/Ago\/2018)<\/a><\/p>\n<p><a href=\"https:\/\/wp.ufpel.edu.br\/sisu\/files\/2018\/10\/relat\u00f3rio_parecer_cotas_Definitivo-3.pdf\" target=\"_blank\" rel=\"noopener\">Relat\u00f3rio Definitivo do edital n\u00ba 14\/2018 Lista de Espera &#8211; Quinta Convoca\u00e7\u00e3o SISU 2018\/2 &#8211; Cotas \u00c9tnicos Raciais (10\/Out\/2018)<\/a><\/p>\n<p><strong>S\u00e9tima Convoca\u00e7\u00e3o<\/strong><\/p>\n<p><a href=\"https:\/\/wp.ufpel.edu.br\/sisu\/files\/2018\/08\/Relat\u00f3rio-Preliminar-Lista-de-Espera-S\u00e9tima-Convoca\u00e7\u00e3o-SISU-2018-2.pdf\">Relat\u00f3rio Preliminar do edital n\u00ba14\/2018 Lista de Espera &#8211; S\u00e9tima Convoca\u00e7\u00e3o SISU 2018\/2 &#8211; Cotas \u00c9tnicos Raciais(27\/Ago\/2018)<\/a><\/p>\n<p><a href=\"https:\/\/wp.ufpel.edu.br\/sisu\/files\/2018\/08\/Relat\u00f3rio-Final-S\u00c9TIMA-CONVOCA\u00c7\u00c3O-Parecer-Cotas-\u00c9tnico-Raciais-SISU-2018-2.pdf\" target=\"_blank\" rel=\"noopener\">Relat\u00f3rio Definitivo do edital n\u00ba14\/2018 Lista de Espera &#8211; S\u00e9tima Convoca\u00e7\u00e3o SISU 2018\/2 &#8211; Cotas \u00c9tnicos Raciais (27\/Ago\/2018)<\/a><\/p>\n<p><strong>Oitava Convoca\u00e7\u00e3o<\/strong><\/p>\n<p><a href=\"https:\/\/wp.ufpel.edu.br\/naaf\/files\/2018\/09\/Relat\u00f3rio_parecer_cotas_Preliminar-8-CONVOCA\u00c7\u00c3O-2018-02.pdf\">Relat\u00f3rio Preliminar do edital n\u00ba14\/2018 Lista de Espera \u2013 Oitava Convoca\u00e7\u00e3o SISU 2018\/2 \u2013 Cotas \u00c9tnicos Raciais(03\/Set\/2018)<\/a><\/p>\n<p><a href=\"https:\/\/wp.ufpel.edu.br\/sisu\/files\/2018\/11\/relat\u00f3rio_parecer_cotas_Definitivo-3.pdf\" target=\"_blank\" rel=\"noopener\">Relat\u00f3rio Definitivo do edital n\u00ba14\/2018 Lista de Espera \u2013 Oitava Convoca\u00e7\u00e3o SISU 2018\/2 \u2013 Cotas \u00c9tnicos Raciais (05\/Nov\/2018)<\/a><\/p>\n<p><strong>Nona Convoca\u00e7\u00e3o<\/strong><\/p>\n<p><a href=\"https:\/\/wp.ufpel.edu.br\/sisu\/files\/2018\/10\/relat\u00f3rio_parecer_cotas_Preliminar-NONA-CONVOCA\u00c7\u00c3O.pdf\" target=\"_blank\" rel=\"noopener\">Relat\u00f3rio Preliminar do edital n\u00ba14\/2018 Lista de Espera &#8211; Nona Convoca\u00e7\u00e3o SISU 2018\/2 &#8211; Cotas \u00c9tnicos Raciais (31\/Out\/2018)<\/a><\/p>\n<p><a href=\"https:\/\/wp.ufpel.edu.br\/sisu\/files\/2018\/10\/relat\u00f3rio_parecer_cotas_Definitivo-NONA-CONVOCA\u00c7\u00c3O.pdf\" target=\"_blank\" rel=\"noopener\">Relat\u00f3rio Definitivo do edital n\u00ba14\/2018 Lista de Espera &#8211; Nona Convoca\u00e7\u00e3o SISU 2018\/2 &#8211; Cotas \u00c9tnicos Raciais (31\/Out\/2018)<\/a><\/p>\n<p><strong>D\u00e9cima Convoca\u00e7\u00e3o<\/strong><\/p>\n<p><a href=\"https:\/\/wp.ufpel.edu.br\/sisu\/files\/2018\/11\/relat\u00f3rio_parecer_cotas_Preliminar-6.pdf\" target=\"_blank\" rel=\"noopener\">Relat\u00f3rio Preliminar do edital n\u00ba14\/2018 Lista de Espera &#8211; D\u00e9cima Convoca\u00e7\u00e3o SISU 2018\/2 &#8211; Cotas \u00c9tnicos Raciais (30\/Nov\/2018)<\/a><\/p>\n<p><a href=\"https:\/\/wp.ufpel.edu.br\/sisu\/files\/2018\/11\/relat\u00f3rio_parecer_cotas_Definitivo-3-1.pdf\" target=\"_blank\" rel=\"noopener\">Relat\u00f3rio Definitivo do edital n\u00ba14\/2018 Lista de Espera &#8211; D\u00e9cima Convoca\u00e7\u00e3o SISU 2018\/2 &#8211; Cotas \u00c9tnicos Raciais (30\/Nov\/2018)<\/a><\/p>\n","protected":false},"excerpt":{"rendered":"<p>IMPORTANTE: Se o seu nome consta no\u00a0Relat\u00f3rio Preliminar do SISU 2018\/2\u00a0como INDEFERIDO e voc\u00ea pretende interpor Recurso, siga as diretrizes indicadas abaixo: Em caso de indeferimento o candidato(a) poder\u00e1 apresentar recurso por escrito e encaminh\u00e1-lo \u00e0 Comiss\u00e3o de Controle na Identifica\u00e7\u00e3o do Componente \u00c9tnico-racial \u2013 CCICE \u2013 no prazo de at\u00e9 72 horas, contadas a [&hellip;]<\/p>\n","protected":false},"author":781,"featured_media":0,"parent":48,"menu_order":0,"comment_status":"closed","ping_status":"closed","template":"","meta":{"advanced_seo_description":"","jetpack_seo_html_title":"","jetpack_seo_noindex":false,"jetpack_post_was_ever_published":false,"footnotes":""},"class_list":["post-1492","page","type-page","status-publish","hentry"],"jetpack_sharing_enabled":true,"jetpack_shortlink":"https:\/\/wp.me\/P8Nz4H-o4","jetpack-related-posts":[{"id":977,"url":"https:\/\/wp.ufpel.edu.br\/sisu\/resultado-da-avaliacao-etnico-racial\/resultados-da-avaliacao-etnico-racial-sisu-2018-1\/","url_meta":{"origin":1492,"position":0},"title":"Resultados da avalia\u00e7\u00e3o \u00e9tnico-racial SISU 2018\/1","author":"sisu","date":"15\/01\/2018","format":false,"excerpt":"IMPORTANTE: Se o seu nome consta no\u00a0Relat\u00f3rio Preliminar do SISU 2018\/1\u00a0como INDEFERIDO e voc\u00ea pretende entrar com Recurso, siga as diretrizes indicadas abaixo: Em caso de indeferimento o candidato(a) poder\u00e1 apresentar recurso por escrito e encaminh\u00e1-lo \u00e0 Comiss\u00e3o de Controle na Identifica\u00e7\u00e3o do Componente \u00c9tnico-racial \u2013 CCICE \u2013 no prazo\u2026","rel":"","context":"Post similar","block_context":{"text":"Post similar","link":""},"img":{"alt_text":"","src":"","width":0,"height":0},"classes":[]},{"id":2037,"url":"https:\/\/wp.ufpel.edu.br\/sisu\/resultado-da-avaliacao-etnico-racial\/resultados-da-avaliacao-etnico-racial-sisu-2019-1\/","url_meta":{"origin":1492,"position":1},"title":"Resultados da avalia\u00e7\u00e3o \u00e9tnico-racial SISU 2019\/1","author":"naaf","date":"18\/12\/2018","format":false,"excerpt":"IMPORTANTE: Se o seu nome consta no\u00a0Relat\u00f3rio Preliminar do SISU 2019\/1\u00a0como INDEFERIDO e voc\u00ea pretende interpor Recurso, siga as diretrizes indicadas abaixo: Em caso de indeferimento o candidato(a) poder\u00e1 apresentar recurso por escrito e encaminh\u00e1-lo \u00e0 Comiss\u00e3o de Controle na Identifica\u00e7\u00e3o do Componente \u00c9tnico-racial \u2013 CCICE \u2013 no prazo de\u2026","rel":"","context":"Post similar","block_context":{"text":"Post similar","link":""},"img":{"alt_text":"","src":"","width":0,"height":0},"classes":[]},{"id":2394,"url":"https:\/\/wp.ufpel.edu.br\/sisu\/resultado-da-avaliacao-etnico-racial\/resultados-da-avaliacao-etnico-racial-sisu-2019-2\/","url_meta":{"origin":1492,"position":2},"title":"Resultados da avalia\u00e7\u00e3o \u00e9tnico-racial SISU 2019\/2","author":"naaf","date":"18\/06\/2019","format":false,"excerpt":"IMPORTANTE: Se o seu nome consta no\u00a0Relat\u00f3rio Preliminar acima\u00a0como INDEFERIDO e voc\u00ea pretende entrar com Recurso, siga as diretrizes indicadas abaixo: Em caso de indeferimento o(a) candidato(a) poder\u00e1 encaminhar Recurso \u00e0 Comiss\u00e3o de Controle na Identifica\u00e7\u00e3o do Componente \u00c9tnico-racial (CCICE), no prazo de 72 horas contadas a partir da divulga\u00e7\u00e3o\u2026","rel":"","context":"Post similar","block_context":{"text":"Post similar","link":""},"img":{"alt_text":"","src":"","width":0,"height":0},"classes":[]},{"id":381,"url":"https:\/\/wp.ufpel.edu.br\/sisu\/resultado-da-avaliacao-etnico-racial\/resultados-da-avaliacao-etnico-racial-sisu-20172\/","url_meta":{"origin":1492,"position":3},"title":"Resultados da avalia\u00e7\u00e3o \u00e9tnico-racial SISU 2017\/2","author":"cid","date":"14\/06\/2017","format":false,"excerpt":"Acesse aqui os relat\u00f3rios referentes a matr\u00edcula na Chamada Regular do SISU 2017\/2: Relat\u00f3rio Preliminar SISU\/Inverno 2017\/2 - Chamada Regular Relat\u00f3rio Final Cotas Etnico Raciais - Chamada Regular - 2017-2 \u00a0 Acesse aqui os relat\u00f3rios referentes a matr\u00edcula na Primeira Convoca\u00e7\u00e3o da Lista de Espera da UFPel - SISU 2017\/2:\u2026","rel":"","context":"Post similar","block_context":{"text":"Post similar","link":""},"img":{"alt_text":"","src":"","width":0,"height":0},"classes":[]},{"id":2985,"url":"https:\/\/wp.ufpel.edu.br\/sisu\/resultado-da-avaliacao-etnico-racial\/resultados-da-avaliacao-etnico-racial-sisu-2020-1\/","url_meta":{"origin":1492,"position":4},"title":"Resultados da avalia\u00e7\u00e3o \u00e9tnico-racial SISU 2020\/1","author":"naaf","date":"11\/02\/2020","format":false,"excerpt":"Relat\u00f3rio Preliminar SISU 2020\/1 - Chamada Regular Relat\u00f3rio_Definitivo_SISU_2020-1_Chamada Regular Relat\u00f3rio Preliminar SISU 2020\/1 - Lista de Espera 1\u00aa Convoca\u00e7\u00e3o Relat\u00f3rio Definitivo SISU 2020\/1 - Lista de Espera 1\u00aa Convoca\u00e7\u00e3o Relat\u00f3rio Preliminar SISU 2020\/1 - Lista de Espera 2\u00aa Convoca\u00e7\u00e3o Relat\u00f3rio Definitivo SISU 2020\/1 \u2013 Lista de Espera 2\u00aa Convoca\u00e7\u00e3o Relat\u00f3rio\u2026","rel":"","context":"Post similar","block_context":{"text":"Post similar","link":""},"img":{"alt_text":"","src":"","width":0,"height":0},"classes":[]},{"id":4554,"url":"https:\/\/wp.ufpel.edu.br\/sisu\/resultado-da-avaliacao-etnico-racial\/resultados-da-avaliacao-etnico-racial-sisu-2022-1\/","url_meta":{"origin":1492,"position":5},"title":"Resultados da avalia\u00e7\u00e3o \u00e9tnico-racial SISU 2022\/1","author":"COACE","date":"27\/10\/2022","format":false,"excerpt":"Relat\u00f3rio Final - SISU-PAVE 2022-1 - Chamada regular - Cursos com lista de espera Relat\u00f3rio Final - SISU-PAVE - listas de espera 2022-1 Relat\u00f3rio Final - SISU-PAVE - Bancas de segunda chamada - 2022-1 Relat\u00f3rio Final - SISU-PAVE - Cursos sem lista de espera 2022-1 Relat\u00f3rio Final - SISU-PAVE -\u2026","rel":"","context":"Post similar","block_context":{"text":"Post similar","link":""},"img":{"alt_text":"","src":"","width":0,"height":0},"classes":[]}],"publishpress_future_action":{"enabled":false,"date":"2026-04-17 07:06:29","action":"change-status","newStatus":"draft","terms":[],"taxonomy":"","extraData":[]},"publishpress_future_workflow_manual_trigger":{"enabledWorkflows":[]},"_links":{"self":[{"href":"https:\/\/wp.ufpel.edu.br\/sisu\/wp-json\/wp\/v2\/pages\/1492","targetHints":{"allow":["GET"]}}],"collection":[{"href":"https:\/\/wp.ufpel.edu.br\/sisu\/wp-json\/wp\/v2\/pages"}],"about":[{"href":"https:\/\/wp.ufpel.edu.br\/sisu\/wp-json\/wp\/v2\/types\/page"}],"author":[{"embeddable":true,"href":"https:\/\/wp.ufpel.edu.br\/sisu\/wp-json\/wp\/v2\/users\/781"}],"replies":[{"embeddable":true,"href":"https:\/\/wp.ufpel.edu.br\/sisu\/wp-json\/wp\/v2\/comments?post=1492"}],"version-history":[{"count":26,"href":"https:\/\/wp.ufpel.edu.br\/sisu\/wp-json\/wp\/v2\/pages\/1492\/revisions"}],"predecessor-version":[{"id":2007,"href":"https:\/\/wp.ufpel.edu.br\/sisu\/wp-json\/wp\/v2\/pages\/1492\/revisions\/2007"}],"up":[{"embeddable":true,"href":"https:\/\/wp.ufpel.edu.br\/sisu\/wp-json\/wp\/v2\/pages\/48"}],"wp:attachment":[{"href":"https:\/\/wp.ufpel.edu.br\/sisu\/wp-json\/wp\/v2\/media?parent=1492"}],"curies":[{"name":"wp","href":"https:\/\/api.w.org\/{rel}","templated":true}]}}