{"id":1463,"date":"2018-06-05T16:55:33","date_gmt":"2018-06-05T19:55:33","guid":{"rendered":"https:\/\/wp.ufpel.edu.br\/sisu\/?page_id=1463"},"modified":"2023-01-05T16:59:51","modified_gmt":"2023-01-05T19:59:51","slug":"sisu-2018-1","status":"publish","type":"page","link":"https:\/\/wp.ufpel.edu.br\/sisu\/editais\/sisu-2018-1\/","title":{"rendered":"SISU 2018\/1"},"content":{"rendered":"<p><strong>Editais e convoca\u00e7\u00f5es \u2013&nbsp;SISU 2018\/1<\/strong><\/p>\n<ul>\n<li><a href=\"https:\/\/wp.ufpel.edu.br\/sisu\/files\/2017\/10\/termo_adesao_634_UFPEL-Retificado-17-novembro.pdf\">Termo de ades\u00e3o 2018\/1<\/a><\/li>\n<li><a href=\"https:\/\/wp.ufpel.edu.br\/sisu\/files\/2018\/01\/Edital_02_2018.pdf\">Edital 002\/2018 &#8211; Chamada Regular<\/a>\n<ul>\n<li><a href=\"https:\/\/wp.ufpel.edu.br\/sisu\/files\/2018\/01\/Aprovados_chamada_regular_SISU_2018_1.pdf\">Aprovados_chamada_regular<\/a><\/li>\n<\/ul>\n<\/li>\n<li><a href=\"https:\/\/wp.ufpel.edu.br\/sisu\/files\/2018\/02\/SEI_23110.002799_2018_64.pdf\">Edital 004\/2018 &#8211; Lista de espera<\/a>\n<ul>\n<li><a href=\"https:\/\/wp.ufpel.edu.br\/sisu\/files\/2018\/02\/SISU_2018_1_lista_espera_geral.pdf\">Lista_Espera_Geral<\/a><\/li>\n<li><a href=\"https:\/\/wp.ufpel.edu.br\/sisu\/files\/2018\/02\/SISU_2018_1_lista_espera_cotas.pdf\">Lista_Espera_Cotas<\/a><\/li>\n<\/ul>\n<\/li>\n<li><a href=\"https:\/\/wp.ufpel.edu.br\/sisu\/files\/2018\/02\/Convoca\u00e7\u00e3o_SISU-Lista-de-espera-Primeira-Convoca\u00e7\u00e3o.pdf\">Primeira Convoca\u00e7\u00e3o<\/a><\/li>\n<li><a href=\"https:\/\/wp.ufpel.edu.br\/sisu\/files\/2018\/03\/Convoca\u00e7\u00e3o-SISU-Lista-de-espera-Segunda-Convoca\u00e7\u00e3o.pdf\">Segunda Convoca\u00e7\u00e3o<\/a><\/li>\n<li><a href=\"https:\/\/wp.ufpel.edu.br\/sisu\/files\/2018\/03\/Convoca\u00e7\u00e3o_SISU-Lista-de-espera-Terceira-Convoca\u00e7\u00e3o.pdf\">Terceira Convoca\u00e7\u00e3o<\/a><\/li>\n<li><a href=\"https:\/\/wp.ufpel.edu.br\/sisu\/files\/2018\/03\/Convoca\u00e7\u00e3o_SISU-Lista-de-espera-Quarta-Convoca\u00e7\u00e3o.pdf\">Quarta Convoca\u00e7\u00e3o<\/a><\/li>\n<li><a href=\"https:\/\/wp.ufpel.edu.br\/sisu\/files\/2018\/03\/Convoca\u00e7\u00e3o_SISU-Lista-de-espera-Quinta-Convoca\u00e7\u00e3o.pdf\">Quinta Convoca\u00e7\u00e3o<\/a><\/li>\n<li><a href=\"https:\/\/wp.ufpel.edu.br\/sisu\/files\/2018\/04\/Convoca\u00e7\u00e3o_SISU-Lista-de-espera-Sexta-Convoca\u00e7\u00e3o.pdf\">Sexta Convoca\u00e7\u00e3o<\/a><\/li>\n<li><a href=\"https:\/\/wp.ufpel.edu.br\/sisu\/files\/2018\/04\/Convoca\u00e7\u00e3o_SISU-Lista-de-espera-S\u00e9tima-Convoca\u00e7\u00e3o.pdf\">S\u00e9tima Convoca\u00e7\u00e3o<\/a><\/li>\n<li><a href=\"https:\/\/wp.ufpel.edu.br\/sisu\/files\/2018\/04\/Convoca\u00e7\u00e3o_SISU-Lista-de-espera-Oitava-Convoca\u00e7\u00e3o.pdf\">Oitava Convoca\u00e7\u00e3o<\/a><\/li>\n<li><a href=\"https:\/\/wp.ufpel.edu.br\/sisu\/files\/2018\/04\/Convoca\u00e7\u00e3o_SISU-Lista-de-espera-Nona-Convoca\u00e7\u00e3o.pdf\">Nona Convoca\u00e7\u00e3o<\/a><\/li>\n<li><a href=\"https:\/\/wp.ufpel.edu.br\/sisu\/files\/2018\/06\/Convoca\u00e7\u00e3o_SISU-Lista-de-espera-D\u00e9cima-Convoca\u00e7\u00e3o.pdf\">D\u00e9cima Convoca\u00e7\u00e3o<\/a><\/li>\n<li><a href=\"https:\/\/wp.ufpel.edu.br\/sisu\/files\/2018\/06\/Convoca\u00e7\u00e3o_SISU-Lista-de-espera-D\u00e9cima-Primeira-Convoca\u00e7\u00e3o.pdf\">D\u00e9cima Primeira Convoca\u00e7\u00e3o<\/a><\/li>\n<\/ul>\n\n\n<ul class=\"wp-block-list\">\n<li><strong>Resultados para ingresso nas cotas<\/strong>\n<ul class=\"wp-block-list\">\n<li><a href=\"https:\/\/wp.ufpel.edu.br\/sisu\/resultado-da-avaliacao-de-deficiencia\/\">Resultados da avalia\u00e7\u00e3o de defici\u00eancia<\/a><\/li>\n\n\n\n<li><a href=\"https:\/\/wp.ufpel.edu.br\/sisu\/resultado-da-avaliacao-etnico-racial\/\">Resultados da avalia\u00e7\u00e3o \u00e9tnico-racial<\/a><\/li>\n\n\n\n<li><a href=\"https:\/\/wp.ufpel.edu.br\/sisu\/editais-selecao-socioeconomica\/\">Resultados da avalia\u00e7\u00e3o socioecon\u00f4mica<\/a><\/li>\n<\/ul>\n<\/li>\n<\/ul>\n","protected":false},"excerpt":{"rendered":"<p>Editais e convoca\u00e7\u00f5es \u2013&nbsp;SISU 2018\/1 Termo de ades\u00e3o 2018\/1 Edital 002\/2018 &#8211; Chamada Regular Aprovados_chamada_regular Edital 004\/2018 &#8211; Lista de espera Lista_Espera_Geral Lista_Espera_Cotas Primeira Convoca\u00e7\u00e3o Segunda Convoca\u00e7\u00e3o Terceira Convoca\u00e7\u00e3o Quarta Convoca\u00e7\u00e3o Quinta Convoca\u00e7\u00e3o Sexta Convoca\u00e7\u00e3o S\u00e9tima Convoca\u00e7\u00e3o Oitava Convoca\u00e7\u00e3o Nona Convoca\u00e7\u00e3o D\u00e9cima Convoca\u00e7\u00e3o D\u00e9cima Primeira Convoca\u00e7\u00e3o<\/p>\n","protected":false},"author":743,"featured_media":0,"parent":18,"menu_order":0,"comment_status":"closed","ping_status":"closed","template":"","meta":{"advanced_seo_description":"","jetpack_seo_html_title":"","jetpack_seo_noindex":false,"jetpack_post_was_ever_published":false,"footnotes":""},"class_list":["post-1463","page","type-page","status-publish","hentry"],"jetpack_sharing_enabled":true,"jetpack_shortlink":"https:\/\/wp.me\/P8Nz4H-nB","jetpack-related-posts":[{"id":1615,"url":"https:\/\/wp.ufpel.edu.br\/sisu\/editais-selecao-socioeconomica\/resultado-da-avaliacao-socioeconomica-sisu-2018-2\/","url_meta":{"origin":1463,"position":0},"title":"Resultados da avalia\u00e7\u00e3o socioecon\u00f4mica SISU 2018\/2","author":"prae","date":"23\/07\/2018","format":false,"excerpt":"RESULTADO FINAL DO EDITAL CRA N\u00ba 13\/2018 MATR\u00cdCULAS SISU 2018\/2 9\u00aa CONVOCA\u00c7\u00c3O RESULTADO FINAL DO EDITAL CRA N\u00ba 13\/2018 MATR\u00cdCULAS SISU 2018\/2 8\u00aa CONVOCA\u00c7\u00c3O RESULTADO PARCIAL DO EDITAL CRA N\u00ba 13\/2018 MATR\u00cdCULAS SISU 2018\/2 9\u00aa CONVOCA\u00c7\u00c3O RESULTADO PARCIAL DO EDITAL CRA N\u00ba 13\/2018 MATR\u00cdCULAS SISU 2018\/2 8\u00aa CONVOCA\u00c7\u00c3O RESULTADO FINAL\u2026","rel":"","context":"Post similar","block_context":{"text":"Post similar","link":""},"img":{"alt_text":"","src":"","width":0,"height":0},"classes":[]},{"id":967,"url":"https:\/\/wp.ufpel.edu.br\/sisu\/editais-selecao-socioeconomica\/resultados-da-avaliacao-socioeconomica-sisu-2018-1\/","url_meta":{"origin":1463,"position":1},"title":"Resultados da avalia\u00e7\u00e3o socioecon\u00f4mica SISU 2018\/1","author":"sisu","date":"15\/01\/2018","format":false,"excerpt":"RETIFICA\u00c7\u00c3O DO RESULTADO FINAL DO EDITAL 004\/2018 \u2013 COTA SOCIAL L1 6\u00b0 CONVOCA\u00c7\u00c3O\u2013SISU 2018\/1 RESULTADO FINAL DO EDITAL 004\/2018 COTAS SOCIAIS L1, L2, L9 e L10 11\u00aa CONVOCA\u00c7\u00c3O- SISU 2018\/1 RESULTADO FINAL DO EDITAL 004\/2018 COTAS SOCIAIS L1, L2, L9 e L10 9\u00aa CONVOCA\u00c7\u00c3O- SISU 2018\/1 RESULTADO FINAL DO EDITAL\u2026","rel":"","context":"Post similar","block_context":{"text":"Post similar","link":""},"img":{"alt_text":"","src":"","width":0,"height":0},"classes":[]},{"id":1492,"url":"https:\/\/wp.ufpel.edu.br\/sisu\/resultado-da-avaliacao-etnico-racial\/resultados-da-avaliacao-etnico-racial-sisu-2018-2\/","url_meta":{"origin":1463,"position":2},"title":"Resultados da avalia\u00e7\u00e3o \u00e9tnico-racial SISU 2018\/2","author":"naaf","date":"18\/06\/2018","format":false,"excerpt":"IMPORTANTE: Se o seu nome consta no\u00a0Relat\u00f3rio Preliminar do SISU 2018\/2\u00a0como INDEFERIDO e voc\u00ea pretende interpor Recurso, siga as diretrizes indicadas abaixo: Em caso de indeferimento o candidato(a) poder\u00e1 apresentar recurso por escrito e encaminh\u00e1-lo \u00e0 Comiss\u00e3o de Controle na Identifica\u00e7\u00e3o do Componente \u00c9tnico-racial \u2013 CCICE \u2013 no prazo de\u2026","rel":"","context":"Post similar","block_context":{"text":"Post similar","link":""},"img":{"alt_text":"","src":"","width":0,"height":0},"classes":[]},{"id":45,"url":"https:\/\/wp.ufpel.edu.br\/sisu\/editais-selecao-socioeconomica\/","url_meta":{"origin":1463,"position":3},"title":"Resultados Sele\u00e7\u00e3o Socioecon\u00f4mica","author":"prae","date":"01\/06\/2017","format":false,"excerpt":"SISU 2022 2022\/2 Chamada Regular: Banca Socioecon\u00f4mica - Inscri\u00e7\u00f5es Completas\/Incompletas Banca Socioecon\u00f4mica - Resultado Preliminar Banca Socioecon\u00f4mica - Resultado Final 1a Convoca\u00e7\u00e3o: Banca Socioecon\u00f4mica - Inscri\u00e7\u00f5es Completas\/Incompletas Banca Socioecon\u00f4mica - Resultado Preliminar Banca Socioecon\u00f4mica - Resultado Final 2a Convoca\u00e7\u00e3o: Banca Socioecon\u00f4mica - Resultado Preliminar Banca Socioecon\u00f4mica - Resultado Final 3a\u2026","rel":"","context":"Post similar","block_context":{"text":"Post similar","link":""},"img":{"alt_text":"","src":"","width":0,"height":0},"classes":[]},{"id":2278,"url":"https:\/\/wp.ufpel.edu.br\/sisu\/editais\/sisu-2019-1\/","url_meta":{"origin":1463,"position":4},"title":"SISU 2019\/1","author":"sisu","date":"02\/05\/2019","format":false,"excerpt":"Editais e convoca\u00e7\u00f5es \u2013\u00a0SISU 2019\/1 Edital N\u00ba 83, de 13 de novembro de 2018 Termo Ades\u00e3o SISU 2019\/1 Edital de Matr\u00edculas \u2013 Chamada Regular Aprovados \u2013 Chamada Regular Edital de Matr\u00edculas \u2013 Lista de Espera SISU 2019_1 \u2013 lista_espera_geral SISU 2019_1 \u2013 lista_espera_cotas 1\u00aa Convoca\u00e7\u00e3o 2\u00aa Convoca\u00e7\u00e3o 3\u00aa Convoca\u00e7\u00e3o 4\u00aa\u2026","rel":"","context":"Post similar","block_context":{"text":"Post similar","link":""},"img":{"alt_text":"","src":"","width":0,"height":0},"classes":[]},{"id":1981,"url":"https:\/\/wp.ufpel.edu.br\/sisu\/editais\/sisu-2018-2\/","url_meta":{"origin":1463,"position":5},"title":"SISU 2018\/2","author":"sisu","date":"16\/11\/2018","format":false,"excerpt":"Editais e convoca\u00e7\u00f5es \u2013\u00a0SISU 2018\/2 Termo de Ades\u00e3o 2018\/2 Edital 013\/2018 \u2013 Chamada Regular Aprovados \u2013 Chamada Regular Edital 014\/2018 \u2013 Lista de Espera SISU 20182 \u2013 Lista de Espera UFPel \u2013 Geral SISU 20182 \u2013 Lista de Espera UFPel \u2013 Cotas Primeira convoca\u00e7\u00e3o Segunda convoca\u00e7\u00e3o Terceira convoca\u00e7\u00e3o Quarta Convoca\u00e7\u00e3o\u2026","rel":"","context":"Post similar","block_context":{"text":"Post similar","link":""},"img":{"alt_text":"","src":"","width":0,"height":0},"classes":[]}],"publishpress_future_action":{"enabled":false,"date":"2026-05-06 11:24:04","action":"change-status","newStatus":"draft","terms":[],"taxonomy":"","extraData":[]},"publishpress_future_workflow_manual_trigger":{"enabledWorkflows":[]},"_links":{"self":[{"href":"https:\/\/wp.ufpel.edu.br\/sisu\/wp-json\/wp\/v2\/pages\/1463","targetHints":{"allow":["GET"]}}],"collection":[{"href":"https:\/\/wp.ufpel.edu.br\/sisu\/wp-json\/wp\/v2\/pages"}],"about":[{"href":"https:\/\/wp.ufpel.edu.br\/sisu\/wp-json\/wp\/v2\/types\/page"}],"author":[{"embeddable":true,"href":"https:\/\/wp.ufpel.edu.br\/sisu\/wp-json\/wp\/v2\/users\/743"}],"replies":[{"embeddable":true,"href":"https:\/\/wp.ufpel.edu.br\/sisu\/wp-json\/wp\/v2\/comments?post=1463"}],"version-history":[{"count":7,"href":"https:\/\/wp.ufpel.edu.br\/sisu\/wp-json\/wp\/v2\/pages\/1463\/revisions"}],"predecessor-version":[{"id":4752,"href":"https:\/\/wp.ufpel.edu.br\/sisu\/wp-json\/wp\/v2\/pages\/1463\/revisions\/4752"}],"up":[{"embeddable":true,"href":"https:\/\/wp.ufpel.edu.br\/sisu\/wp-json\/wp\/v2\/pages\/18"}],"wp:attachment":[{"href":"https:\/\/wp.ufpel.edu.br\/sisu\/wp-json\/wp\/v2\/media?parent=1463"}],"curies":[{"name":"wp","href":"https:\/\/api.w.org\/{rel}","templated":true}]}}

<p><strong>Editais e convocações –&nbsp;SISU 2018/1</strong></p>
<ul>
<li><a href="https://wp.ufpel.edu.br/sisu/files/2017/10/termo_adesao_634_UFPEL-Retificado-17-novembro.pdf">Termo de adesão 2018/1</a></li>
<li><a href="https://wp.ufpel.edu.br/sisu/files/2018/01/Edital_02_2018.pdf">Edital 002/2018 &#8211; Chamada Regular</a>
<ul>
<li><a href="https://wp.ufpel.edu.br/sisu/files/2018/01/Aprovados_chamada_regular_SISU_2018_1.pdf">Aprovados_chamada_regular</a></li>
</ul>
</li>
<li><a href="https://wp.ufpel.edu.br/sisu/files/2018/02/SEI_23110.002799_2018_64.pdf">Edital 004/2018 &#8211; Lista de espera</a>
<ul>
<li><a href="https://wp.ufpel.edu.br/sisu/files/2018/02/SISU_2018_1_lista_espera_geral.pdf">Lista_Espera_Geral</a></li>
<li><a href="https://wp.ufpel.edu.br/sisu/files/2018/02/SISU_2018_1_lista_espera_cotas.pdf">Lista_Espera_Cotas</a></li>
</ul>
</li>
<li><a href="https://wp.ufpel.edu.br/sisu/files/2018/02/Convocação_SISU-Lista-de-espera-Primeira-Convocação.pdf">Primeira Convocação</a></li>
<li><a href="https://wp.ufpel.edu.br/sisu/files/2018/03/Convocação-SISU-Lista-de-espera-Segunda-Convocação.pdf">Segunda Convocação</a></li>
<li><a href="https://wp.ufpel.edu.br/sisu/files/2018/03/Convocação_SISU-Lista-de-espera-Terceira-Convocação.pdf">Terceira Convocação</a></li>
<li><a href="https://wp.ufpel.edu.br/sisu/files/2018/03/Convocação_SISU-Lista-de-espera-Quarta-Convocação.pdf">Quarta Convocação</a></li>
<li><a href="https://wp.ufpel.edu.br/sisu/files/2018/03/Convocação_SISU-Lista-de-espera-Quinta-Convocação.pdf">Quinta Convocação</a></li>
<li><a href="https://wp.ufpel.edu.br/sisu/files/2018/04/Convocação_SISU-Lista-de-espera-Sexta-Convocação.pdf">Sexta Convocação</a></li>
<li><a href="https://wp.ufpel.edu.br/sisu/files/2018/04/Convocação_SISU-Lista-de-espera-Sétima-Convocação.pdf">Sétima Convocação</a></li>
<li><a href="https://wp.ufpel.edu.br/sisu/files/2018/04/Convocação_SISU-Lista-de-espera-Oitava-Convocação.pdf">Oitava Convocação</a></li>
<li><a href="https://wp.ufpel.edu.br/sisu/files/2018/04/Convocação_SISU-Lista-de-espera-Nona-Convocação.pdf">Nona Convocação</a></li>
<li><a href="https://wp.ufpel.edu.br/sisu/files/2018/06/Convocação_SISU-Lista-de-espera-Décima-Convocação.pdf">Décima Convocação</a></li>
<li><a href="https://wp.ufpel.edu.br/sisu/files/2018/06/Convocação_SISU-Lista-de-espera-Décima-Primeira-Convocação.pdf">Décima Primeira Convocação</a></li>
</ul>


<ul class="wp-block-list">
<li><strong>Resultados para ingresso nas cotas</strong>
<ul class="wp-block-list">
<li><a href="https://wp.ufpel.edu.br/sisu/resultado-da-avaliacao-de-deficiencia/">Resultados da avaliação de deficiência</a></li>



<li><a href="https://wp.ufpel.edu.br/sisu/resultado-da-avaliacao-etnico-racial/">Resultados da avaliação étnico-racial</a></li>



<li><a href="https://wp.ufpel.edu.br/sisu/editais-selecao-socioeconomica/">Resultados da avaliação socioeconômica</a></li>
</ul>
</li>
</ul>

<p>Editais e convocações –&nbsp;SISU 2018/1 Termo de adesão 2018/1 Edital 002/2018 &#8211; Chamada Regular Aprovados_chamada_regular Edital 004/2018 &#8211; Lista de espera Lista_Espera_Geral Lista_Espera_Cotas Primeira Convocação Segunda Convocação Terceira Convocação Quarta Convocação Quinta Convocação Sexta Convocação Sétima Convocação Oitava Convocação Nona Convocação Décima Convocação Décima Primeira Convocação</p>

Resultados da avaliação socioeconômica SISU 2018/2

RESULTADO FINAL DO EDITAL CRA Nº 13/2018 MATRÍCULAS SISU 2018/2 9ª CONVOCAÇÃO RESULTADO FINAL DO EDITAL CRA Nº 13/2018 MATRÍCULAS SISU 2018/2 8ª CONVOCAÇÃO RESULTADO PARCIAL DO EDITAL CRA Nº 13/2018 MATRÍCULAS SISU 2018/2 9ª CONVOCAÇÃO RESULTADO PARCIAL DO EDITAL CRA Nº 13/2018 MATRÍCULAS SISU 2018/2 8ª CONVOCAÇÃO RESULTADO FINAL…

Resultados da avaliação socioeconômica SISU 2018/1

RETIFICAÇÃO DO RESULTADO FINAL DO EDITAL 004/2018 – COTA SOCIAL L1 6° CONVOCAÇÃO–SISU 2018/1 RESULTADO FINAL DO EDITAL 004/2018 COTAS SOCIAIS L1, L2, L9 e L10 11ª CONVOCAÇÃO- SISU 2018/1 RESULTADO FINAL DO EDITAL 004/2018 COTAS SOCIAIS L1, L2, L9 e L10 9ª CONVOCAÇÃO- SISU 2018/1 RESULTADO FINAL DO EDITAL…

Resultados da avaliação étnico-racial SISU 2018/2

IMPORTANTE: Se o seu nome consta no Relatório Preliminar do SISU 2018/2 como INDEFERIDO e você pretende interpor Recurso, siga as diretrizes indicadas abaixo: Em caso de indeferimento o candidato(a) poderá apresentar recurso por escrito e encaminhá-lo à Comissão de Controle na Identificação do Componente Étnico-racial – CCICE – no prazo de…

Resultados Seleção Socioeconômica

SISU 2022 2022/2 Chamada Regular: Banca Socioeconômica - Inscrições Completas/Incompletas Banca Socioeconômica - Resultado Preliminar Banca Socioeconômica - Resultado Final 1a Convocação: Banca Socioeconômica - Inscrições Completas/Incompletas Banca Socioeconômica - Resultado Preliminar Banca Socioeconômica - Resultado Final 2a Convocação: Banca Socioeconômica - Resultado Preliminar Banca Socioeconômica - Resultado Final 3a…

Editais e convocações – SISU 2019/1 Edital Nº 83, de 13 de novembro de 2018 Termo Adesão SISU 2019/1 Edital de Matrículas – Chamada Regular Aprovados – Chamada Regular Edital de Matrículas – Lista de Espera SISU 2019_1 – lista_espera_geral SISU 2019_1 – lista_espera_cotas 1ª Convocação 2ª Convocação 3ª Convocação 4ª…

Editais e convocações – SISU 2018/2 Termo de Adesão 2018/2 Edital 013/2018 – Chamada Regular Aprovados – Chamada Regular Edital 014/2018 – Lista de Espera SISU 20182 – Lista de Espera UFPel – Geral SISU 20182 – Lista de Espera UFPel – Cotas Primeira convocação Segunda convocação Terceira convocação Quarta Convocação…
