{"id":99,"date":"2013-12-18T19:47:47","date_gmt":"2013-12-18T21:47:47","guid":{"rendered":"https:\/\/wp.ufpel.edu.br\/bibesef\/?page_id=99"},"modified":"2019-03-13T14:50:07","modified_gmt":"2019-03-13T17:50:07","slug":"secretaria","status":"publish","type":"page","link":"https:\/\/wp.ufpel.edu.br\/sisbi\/coordenacao-3\/equipe\/secretaria\/","title":{"rendered":"Assessoria"},"content":{"rendered":"<p>A Assessoria \u00e9 o \u00f3rg\u00e3o subordinado \u00e0 Coordena\u00e7\u00e3o de Bibliotecas que tem por finalidade desenvolver \u00a0atividades administrativas.<\/p>\n<p>&#8211; Patr\u00edcia de Borba Pereira \u2013 Bibliotec\u00e1ria \u2013 Documentalista &#8211; Coordenadora<\/p>\n<p>Tel.: +55 (53) 3284-4036<\/p>\n<p><b>Assessoria:<\/b><\/p>\n<p>&#8211; Raquel Padilha Silveira<\/p>\n<p>&nbsp;<\/p>\n<p>-Dafne Silva de Freitas<\/p>\n<p>&nbsp;<\/p>\n<p>PORTARIA N\u00ba 1027, DE 10 DE MAIO DE 2018<\/p>\n<p>e-mail: nucleodebibliotecas@gmail.com<br \/>\nTel.: +55 (53) 3284-4035<\/p>\n","protected":false},"excerpt":{"rendered":"<p>A Assessoria \u00e9 o \u00f3rg\u00e3o subordinado \u00e0 Coordena\u00e7\u00e3o de Bibliotecas que tem por finalidade desenvolver \u00a0atividades administrativas. &#8211; Patr\u00edcia de Borba Pereira \u2013 Bibliotec\u00e1ria \u2013 Documentalista &#8211; Coordenadora Tel.: +55 (53) 3284-4036 Assessoria: &#8211; Raquel Padilha Silveira &nbsp; -Dafne Silva de Freitas &nbsp; PORTARIA N\u00ba 1027, DE 10 DE MAIO DE 2018 e-mail: nucleodebibliotecas@gmail.com Tel.: [&hellip;]<\/p>\n","protected":false},"author":168,"featured_media":0,"parent":81,"menu_order":6,"comment_status":"closed","ping_status":"closed","template":"","meta":{"footnotes":""},"class_list":["post-99","page","type-page","status-publish","hentry"],"_links":{"self":[{"href":"https:\/\/wp.ufpel.edu.br\/sisbi\/wp-json\/wp\/v2\/pages\/99","targetHints":{"allow":["GET"]}}],"collection":[{"href":"https:\/\/wp.ufpel.edu.br\/sisbi\/wp-json\/wp\/v2\/pages"}],"about":[{"href":"https:\/\/wp.ufpel.edu.br\/sisbi\/wp-json\/wp\/v2\/types\/page"}],"author":[{"embeddable":true,"href":"https:\/\/wp.ufpel.edu.br\/sisbi\/wp-json\/wp\/v2\/users\/168"}],"replies":[{"embeddable":true,"href":"https:\/\/wp.ufpel.edu.br\/sisbi\/wp-json\/wp\/v2\/comments?post=99"}],"version-history":[{"count":20,"href":"https:\/\/wp.ufpel.edu.br\/sisbi\/wp-json\/wp\/v2\/pages\/99\/revisions"}],"predecessor-version":[{"id":3840,"href":"https:\/\/wp.ufpel.edu.br\/sisbi\/wp-json\/wp\/v2\/pages\/99\/revisions\/3840"}],"up":[{"embeddable":true,"href":"https:\/\/wp.ufpel.edu.br\/sisbi\/wp-json\/wp\/v2\/pages\/81"}],"wp:attachment":[{"href":"https:\/\/wp.ufpel.edu.br\/sisbi\/wp-json\/wp\/v2\/media?parent=99"}],"curies":[{"name":"wp","href":"https:\/\/api.w.org\/{rel}","templated":true}]}}

<p>A Assessoria é o órgão subordinado à Coordenação de Bibliotecas que tem por finalidade desenvolver  atividades administrativas.</p>
<p>&#8211; Patrícia de Borba Pereira – Bibliotecária – Documentalista &#8211; Coordenadora</p>
<p>Tel.: +55 (53) 3284-4036</p>
<p><b>Assessoria:</b></p>
<p>&#8211; Raquel Padilha Silveira</p>
<p>&nbsp;</p>
<p>-Dafne Silva de Freitas</p>
<p>&nbsp;</p>
<p>PORTARIA Nº 1027, DE 10 DE MAIO DE 2018</p>
<p>e-mail: nucleodebibliotecas@gmail.com<br />
Tel.: +55 (53) 3284-4035</p>

<p>A Assessoria é o órgão subordinado à Coordenação de Bibliotecas que tem por finalidade desenvolver  atividades administrativas. &#8211; Patrícia de Borba Pereira – Bibliotecária – Documentalista &#8211; Coordenadora Tel.: +55 (53) 3284-4036 Assessoria: &#8211; Raquel Padilha Silveira &nbsp; -Dafne Silva de Freitas &nbsp; PORTARIA Nº 1027, DE 10 DE MAIO DE 2018 e-mail: nucleodebibliotecas@gmail.com Tel.: [&hellip;]</p>
