{"id":93,"date":"2013-12-18T19:45:32","date_gmt":"2013-12-18T21:45:32","guid":{"rendered":"https:\/\/wp.ufpel.edu.br\/bibesef\/?page_id=93"},"modified":"2017-06-07T14:09:21","modified_gmt":"2017-06-07T17:09:21","slug":"guaiaca-repositorio-institucional","status":"publish","type":"page","link":"https:\/\/wp.ufpel.edu.br\/sisbi\/coordenacao-3\/equipe\/guaiaca-repositorio-institucional\/","title":{"rendered":"Guaiaca &#8211; Reposit\u00f3rio Institucional"},"content":{"rendered":"<p>Guaiaca &#8211; Reposit\u00f3rio Institucional trata-se de um sistema de informa\u00e7\u00e3o que serve para armazenar, preservar, organizar e disseminar amplamente a produ\u00e7\u00e3o de ensino e pesquisa da institui\u00e7\u00e3o. Abrange os seguintes materiais: artigos cient\u00edficos, trabalhos apresentados em eventos, cap\u00edtulos de livros, teses e disserta\u00e7\u00f5es.<\/p>\n<p>\u2013 Patr\u00edcia de Borba Pereira\u00a0\u2013 Bibliotec\u00e1ria \u2013 Documentalista &#8211; Coordenadora<br \/>\nTel.: +55 (53) 3284-4036<\/p>\n<p><strong>Guaiaca &#8211; Reposit\u00f3rio Institucional<\/strong><\/p>\n<p>&#8211; Aline Batista &#8211; Bibliotec\u00e1ria &#8211; Documentalista<br \/>\ne-mail: aline.batista@ufpel.edu.br<br \/>\nTel.: +55 (53) 3284-4038<\/p>\n<p>&nbsp;<\/p>\n","protected":false},"excerpt":{"rendered":"<p>Guaiaca &#8211; Reposit\u00f3rio Institucional trata-se de um sistema de informa\u00e7\u00e3o que serve para armazenar, preservar, organizar e disseminar amplamente a produ\u00e7\u00e3o de ensino e pesquisa da institui\u00e7\u00e3o. Abrange os seguintes materiais: artigos cient\u00edficos, trabalhos apresentados em eventos, cap\u00edtulos de livros, teses e disserta\u00e7\u00f5es. \u2013 Patr\u00edcia de Borba Pereira\u00a0\u2013 Bibliotec\u00e1ria \u2013 Documentalista &#8211; Coordenadora Tel.: +55 [&hellip;]<\/p>\n","protected":false},"author":168,"featured_media":0,"parent":81,"menu_order":3,"comment_status":"closed","ping_status":"closed","template":"","meta":{"footnotes":""},"class_list":["post-93","page","type-page","status-publish","hentry"],"_links":{"self":[{"href":"https:\/\/wp.ufpel.edu.br\/sisbi\/wp-json\/wp\/v2\/pages\/93","targetHints":{"allow":["GET"]}}],"collection":[{"href":"https:\/\/wp.ufpel.edu.br\/sisbi\/wp-json\/wp\/v2\/pages"}],"about":[{"href":"https:\/\/wp.ufpel.edu.br\/sisbi\/wp-json\/wp\/v2\/types\/page"}],"author":[{"embeddable":true,"href":"https:\/\/wp.ufpel.edu.br\/sisbi\/wp-json\/wp\/v2\/users\/168"}],"replies":[{"embeddable":true,"href":"https:\/\/wp.ufpel.edu.br\/sisbi\/wp-json\/wp\/v2\/comments?post=93"}],"version-history":[{"count":18,"href":"https:\/\/wp.ufpel.edu.br\/sisbi\/wp-json\/wp\/v2\/pages\/93\/revisions"}],"predecessor-version":[{"id":2438,"href":"https:\/\/wp.ufpel.edu.br\/sisbi\/wp-json\/wp\/v2\/pages\/93\/revisions\/2438"}],"up":[{"embeddable":true,"href":"https:\/\/wp.ufpel.edu.br\/sisbi\/wp-json\/wp\/v2\/pages\/81"}],"wp:attachment":[{"href":"https:\/\/wp.ufpel.edu.br\/sisbi\/wp-json\/wp\/v2\/media?parent=93"}],"curies":[{"name":"wp","href":"https:\/\/api.w.org\/{rel}","templated":true}]}}