{"id":89,"date":"2013-12-18T19:43:46","date_gmt":"2013-12-18T21:43:46","guid":{"rendered":"https:\/\/wp.ufpel.edu.br\/bibesef\/?page_id=89"},"modified":"2026-02-13T10:29:03","modified_gmt":"2026-02-13T13:29:03","slug":"coordenacao-de-bibliotecas","status":"publish","type":"page","link":"https:\/\/wp.ufpel.edu.br\/sisbi\/coordenacao-3\/equipe\/coordenacao-de-bibliotecas\/","title":{"rendered":"Coordena\u00e7\u00e3o de Bibliotecas"},"content":{"rendered":"<p>A Coordena\u00e7\u00e3o de Bibliotecas &#8211; CBib \u00e9 o \u00f3rg\u00e3o respons\u00e1vel pelo gerenciamento t\u00e9cnico e administrativo das bibliotecas, ligada diretamente \u00a0ao Gabinete da Vice-reitoria. \u00c9 composta por seis bibliotecas, sendo uma no Campus Cap\u00e3o do Le\u00e3o e as demais nas diversas unidades da cidade de Pelotas.<\/p>\n<p><strong>Coordenadora<\/strong>:<\/p>\n<p>&#8211; Daiane de Almeida Schramm \u2013 Bibliotec\u00e1ria &#8211; Documentalista (CRB 10\/1881)<\/p>\n<p>Tel.: +55 (53) 3284-4036<\/p>\n<p>E-mail: daiane.schramm@ufpel.edu.br<\/p>\n<p>&nbsp;<\/p>\n<p><strong style=\"font-style: inherit\">Assessoria:<\/strong><\/p>\n<p>A Assessoria \u00e9 o \u00f3rg\u00e3o subordinado \u00e0 Coordena\u00e7\u00e3o de Bibliotecas que tem por finalidade desenvolver \u00a0atividades administrativas.<\/p>\n<p>Equipe:<\/p>\n<p>\u2013 Dafne Silva de Freitas &#8211; Bibliotec\u00e1ria \u2013 Documentalista<\/p>\n<p>&#8211; Frederico Maciel Kuhn &#8211; T\u00e9cnico de Tecnologia da Informa\u00e7\u00e3o<\/p>\n<p>\u2013 Raquel Padilha Silveira &#8211; Assistente em Administra\u00e7\u00e3o<\/p>\n<p>Tel.: +55 (53) 3284-4036<\/p>\n<p>E-mail: cbib@ufpel.edu.br<\/p>\n<p><strong>Setor de Aquisi\u00e7\u00e3o<\/strong><\/p>\n<p>O Setor de Aquisi\u00e7\u00e3o de Material Bibliogr\u00e1fico \u00e9 o \u00f3rg\u00e3o respons\u00e1vel pela composi\u00e7\u00e3o do acervo, realizada em conformidade com a Pol\u00edtica de Desenvolvimento de Cole\u00e7\u00f5es e a Pol\u00edtica de Aquisi\u00e7\u00e3o Institucional.<\/p>\n<p>Equipe:<\/p>\n<p>\u2013 Raquel Padilha \u00a0Silveira \u2013 \u00a0Assistente em Administra\u00e7\u00e3o<\/p>\n<p>\u2013 Dafne Silva de Freitas \u00a0\u2013 Bibliotec\u00e1ria \u2013 Documentalista<\/p>\n<p>E-mail: aquisicaoufpel@gmail.com<br \/>\nTel.: +55 (53) 3284-4036<\/p>\n<p><strong>Comit\u00ea de Automa\u00e7\u00e3o do Pergamum<\/strong><\/p>\n<p>Atua no planejamento, coordena\u00e7\u00e3o, execu\u00e7\u00e3o e implanta\u00e7\u00e3o do novo software adquirido pelo Sistema de Bibliotecas. Respons\u00e1vel pela resolu\u00e7\u00e3o de problemas e demais assuntos pertinentes ao processo de automa\u00e7\u00e3o, bem como a execu\u00e7\u00e3o de estudos peri\u00f3dicos com vistas a modernizar os equipamentos a fim de agilizar os processos efetuados pelo sistema.<\/p>\n<p>Equipe:<\/p>\n<p style=\"margin: 0cm 0cm 0.0001pt;text-align: justify\">\u2013 Aline Herbstrith Batista \u2013 Bibliotec\u00e1ria \u2013 Documentalista (CBR 10\/1737)<br \/>\nE-mail: <a href=\"mailto:aline.batista@ufpel.edu.br\">aline.batista@ufpel.edu.br<\/a><br \/>\n\u2013 Catarina de Quevedo Prestes de Carvalho \u2013 Bibliotec\u00e1ria \u2013 Documentalista (CBR 10\/2046)<br \/>\nE-mail: <a href=\"mailto:catarina.carvalho@ufpel.edu.br\">catarina.carvalho@ufpel.edu.br<\/a><\/p>\n<p style=\"margin: 0cm 0cm 0.0001pt;text-align: justify\">\u2013 Elionara Giovana Rech \u2013 Bibliotec\u00e1ria \u2013 Documentalista (CBR 10\/1693)<br \/>\nE-mail: <a href=\"mailto:elionara_rech@ufpel.edu.br\">elionara_rech@ufpel.edu.br<\/a><\/p>\n<p style=\"margin: 0cm 0cm 0.0001pt;text-align: justify\">\u2013 Fabiano Domingues Malheiro \u2013 Bibliotec\u00e1rio \u2013 Documentalista (CBR 10\/1955)<br \/>\nE-mail: <a href=\"mailto:fabiano.malheiro@ufpel.edu.br\">fabiano.malheiro@ufpel.edu.br\u00a0<\/a><\/p>\n<p style=\"text-align: justify\">&#8211; Frederico Maciel Kuhn \u2013 T\u00e9cnico de Tecnologia da Informa\u00e7\u00e3o<\/p>\n<p style=\"text-align: justify\">E-mail: <a href=\"mailto:fredericomk@gmail.com\">fredericomk@gmail.com<\/a><\/p>\n<p style=\"margin: 0cm 0cm 0.0001pt;text-align: justify\">\u2013 Simone Godinho Maisonave \u2013 Bibliotec\u00e1ria \u2013 Documentalista (CBR 10\/1733)<\/p>\n<p style=\"margin: 0cm 0cm 0.0001pt;text-align: justify\">E-mail: <a href=\"mailto:simone.maisonave@ufpel.edu.br\">simone.maisonave@ufpel.edu.br<\/a><\/p>\n<p><strong>Guaiaca \u2013 Reposit\u00f3rio Institucional<\/strong><\/p>\n<p>Guaiaca \u2013 Reposit\u00f3rio Institucional trata-se de um sistema de informa\u00e7\u00e3o que serve para armazenar, preservar, organizar e disseminar amplamente a produ\u00e7\u00e3o de ensino e pesquisa da institui\u00e7\u00e3o. Abrange os seguintes materiais: artigos cient\u00edficos, trabalhos apresentados em eventos, cap\u00edtulos de livros, teses e disserta\u00e7\u00f5es.<\/p>\n<p>Equipe<\/p>\n<p>-Aline Herbstrith Batista \u2013 Bibliotec\u00e1ria \u2013 Documentalista (CBR 10\/1737)<\/p>\n<p>-Simone Godinho Maisonave \u2013 Bibliotec\u00e1ria \u2013 Documentalista (CBR 10\/1733)<br \/>\nE-mail: repositorio@ufpel.edu.br, <a href=\"mailto:aline.batista@ufpel.edu.br\">aline.batista@ufpel.edu.br, <\/a><a href=\"mailto:simone.maisonave@ufpel.edu.br\">simone.maisonave@ufpel.edu.br<\/a><\/p>\n<p>Tel.: +55 (53) 3284-4039<\/p>\n<p><strong>Help Desk Portal de Peri\u00f3dicos CAPES<\/strong><\/p>\n<p>O Portal de Peri\u00f3dicos Capes \u00e9 uma das maiores bibliotecas virtuais do mundo, reunindo conte\u00fado cient\u00edfico de alto n\u00edvel dispon\u00edvel \u00e0 comunidade acad\u00eamico-cient\u00edfica brasileira. S\u00e3o atribui\u00e7\u00f5es do Bibliotec\u00e1rio Respons\u00e1vel pelo Portal de Peri\u00f3dicos da CAPES: estar devidamente cadastrado junto ao CAPES atrav\u00e9s de portaria emitida pelo Reitor para administrar o Portal, o que representa manter atualizado IP\u2019s, cadastro do pessoal, conhecimento das bases dispon\u00edveis para a Universidade.<\/p>\n<p>Equipe:<\/p>\n<p>&#8211; Patr\u00edcia de Borba Pereira &#8211; Bibliotec\u00e1ria &#8211; Documentalista (CRB 10\/1487)<br \/>\nE-mail: ppborba@ufpel.edu.br<br \/>\nTel.: +55 (53) 99134-2943<\/p>\n<p><strong>Peri\u00f3dicos Eletr\u00f4nicos UFPel<\/strong><\/p>\n<p>O Portal de Peri\u00f3dicos da Universidade Federal de Pelotas (UFPel) tem o prop\u00f3sito de criar um ambiente comum, que re\u00fana todos os peri\u00f3dicos da Universidade. Busca ainda ir ao encontro do alinhamento e \u00e0s iniciativas nacionais, coordenadas pelo Instituto Brasileiro de Ci\u00eancia e Tecnologia (IBICT), e internacionais lideradas pelo Directory of Open Access Journals (DOAJ) e o Public Knowledge Project (PKP). Vale-se do Sistema Eletr\u00f4nico de Editora\u00e7\u00e3o de Revistas (SEER) visando ado\u00e7\u00e3o de padr\u00f5es de interoperabilidade e de acesso aberto que proporcionem maior visibilidade \u00e0 produ\u00e7\u00e3o cient\u00edfica da Universidade, adequando-se aos paradigmas atuais da comunica\u00e7\u00e3o cient\u00edfica.<\/p>\n<p>Equipe:<\/p>\n<p>&#8211; Frederico Maciel Kuhn \u2013 T\u00e9cnico de Tecnologia da Informa\u00e7\u00e3o<\/p>\n<p>\u2013\u00a0Patr\u00edcia de Borba Pereira &#8211; Bibliotec\u00e1ria &#8211; Documentalista<\/p>\n<p>\u2013 Raquel Padilha Silveira &#8211; Assistente em Administra\u00e7\u00e3o<\/p>\n<p>E-mail: seer@ufpel.edu.br<\/p>\n<p>Tel.: +55 (53) 3284-4036<\/p>\n<p>&nbsp;<\/p>\n","protected":false},"excerpt":{"rendered":"<p>A Coordena\u00e7\u00e3o de Bibliotecas &#8211; CBib \u00e9 o \u00f3rg\u00e3o respons\u00e1vel pelo gerenciamento t\u00e9cnico e administrativo das bibliotecas, ligada diretamente \u00a0ao Gabinete da Vice-reitoria. \u00c9 composta por seis bibliotecas, sendo uma no Campus Cap\u00e3o do Le\u00e3o e as demais nas diversas unidades da cidade de Pelotas. Coordenadora: &#8211; Daiane de Almeida Schramm \u2013 Bibliotec\u00e1ria &#8211; Documentalista [&hellip;]<\/p>\n","protected":false},"author":168,"featured_media":0,"parent":81,"menu_order":1,"comment_status":"closed","ping_status":"closed","template":"","meta":{"footnotes":""},"class_list":["post-89","page","type-page","status-publish","hentry"],"_links":{"self":[{"href":"https:\/\/wp.ufpel.edu.br\/sisbi\/wp-json\/wp\/v2\/pages\/89","targetHints":{"allow":["GET"]}}],"collection":[{"href":"https:\/\/wp.ufpel.edu.br\/sisbi\/wp-json\/wp\/v2\/pages"}],"about":[{"href":"https:\/\/wp.ufpel.edu.br\/sisbi\/wp-json\/wp\/v2\/types\/page"}],"author":[{"embeddable":true,"href":"https:\/\/wp.ufpel.edu.br\/sisbi\/wp-json\/wp\/v2\/users\/168"}],"replies":[{"embeddable":true,"href":"https:\/\/wp.ufpel.edu.br\/sisbi\/wp-json\/wp\/v2\/comments?post=89"}],"version-history":[{"count":4,"href":"https:\/\/wp.ufpel.edu.br\/sisbi\/wp-json\/wp\/v2\/pages\/89\/revisions"}],"predecessor-version":[{"id":6945,"href":"https:\/\/wp.ufpel.edu.br\/sisbi\/wp-json\/wp\/v2\/pages\/89\/revisions\/6945"}],"up":[{"embeddable":true,"href":"https:\/\/wp.ufpel.edu.br\/sisbi\/wp-json\/wp\/v2\/pages\/81"}],"wp:attachment":[{"href":"https:\/\/wp.ufpel.edu.br\/sisbi\/wp-json\/wp\/v2\/media?parent=89"}],"curies":[{"name":"wp","href":"https:\/\/api.w.org\/{rel}","templated":true}]}}

Coordenação de Bibliotecas

<p>A Coordenação de Bibliotecas &#8211; CBib é o órgão responsável pelo gerenciamento técnico e administrativo das bibliotecas, ligada diretamente  ao Gabinete da Vice-reitoria. É composta por seis bibliotecas, sendo uma no Campus Capão do Leão e as demais nas diversas unidades da cidade de Pelotas.</p>
<p><strong>Coordenadora</strong>:</p>
<p>&#8211; Daiane de Almeida Schramm – Bibliotecária &#8211; Documentalista (CRB 10/1881)</p>
<p>Tel.: +55 (53) 3284-4036</p>
<p>E-mail: daiane.schramm@ufpel.edu.br</p>
<p>&nbsp;</p>
<p><strong style="font-style: inherit">Assessoria:</strong></p>
<p>A Assessoria é o órgão subordinado à Coordenação de Bibliotecas que tem por finalidade desenvolver  atividades administrativas.</p>
<p>Equipe:</p>
<p>– Dafne Silva de Freitas &#8211; Bibliotecária – Documentalista</p>
<p>&#8211; Frederico Maciel Kuhn &#8211; Técnico de Tecnologia da Informação</p>
<p>– Raquel Padilha Silveira &#8211; Assistente em Administração</p>
<p>Tel.: +55 (53) 3284-4036</p>
<p>E-mail: cbib@ufpel.edu.br</p>
<p><strong>Setor de Aquisição</strong></p>
<p>O Setor de Aquisição de Material Bibliográfico é o órgão responsável pela composição do acervo, realizada em conformidade com a Política de Desenvolvimento de Coleções e a Política de Aquisição Institucional.</p>
<p>Equipe:</p>
<p>– Raquel Padilha  Silveira –  Assistente em Administração</p>
<p>– Dafne Silva de Freitas  – Bibliotecária – Documentalista</p>
<p>E-mail: aquisicaoufpel@gmail.com<br />
Tel.: +55 (53) 3284-4036</p>
<p><strong>Comitê de Automação do Pergamum</strong></p>
<p>Atua no planejamento, coordenação, execução e implantação do novo software adquirido pelo Sistema de Bibliotecas. Responsável pela resolução de problemas e demais assuntos pertinentes ao processo de automação, bem como a execução de estudos periódicos com vistas a modernizar os equipamentos a fim de agilizar os processos efetuados pelo sistema.</p>
<p>Equipe:</p>
<p style="margin: 0cm 0cm 0.0001pt;text-align: justify">– Aline Herbstrith Batista – Bibliotecária – Documentalista (CBR 10/1737)<br />
E-mail: <a href="mailto:aline.batista@ufpel.edu.br">aline.batista@ufpel.edu.br</a><br />
– Catarina de Quevedo Prestes de Carvalho – Bibliotecária – Documentalista (CBR 10/2046)<br />
E-mail: <a href="mailto:catarina.carvalho@ufpel.edu.br">catarina.carvalho@ufpel.edu.br</a></p>
<p style="margin: 0cm 0cm 0.0001pt;text-align: justify">– Elionara Giovana Rech – Bibliotecária – Documentalista (CBR 10/1693)<br />
E-mail: <a href="mailto:elionara_rech@ufpel.edu.br">elionara_rech@ufpel.edu.br</a></p>
<p style="margin: 0cm 0cm 0.0001pt;text-align: justify">– Fabiano Domingues Malheiro – Bibliotecário – Documentalista (CBR 10/1955)<br />
E-mail: <a href="mailto:fabiano.malheiro@ufpel.edu.br">fabiano.malheiro@ufpel.edu.br </a></p>
<p style="text-align: justify">&#8211; Frederico Maciel Kuhn – Técnico de Tecnologia da Informação</p>
<p style="text-align: justify">E-mail: <a href="mailto:fredericomk@gmail.com">fredericomk@gmail.com</a></p>
<p style="margin: 0cm 0cm 0.0001pt;text-align: justify">– Simone Godinho Maisonave – Bibliotecária – Documentalista (CBR 10/1733)</p>
<p style="margin: 0cm 0cm 0.0001pt;text-align: justify">E-mail: <a href="mailto:simone.maisonave@ufpel.edu.br">simone.maisonave@ufpel.edu.br</a></p>
<p><strong>Guaiaca – Repositório Institucional</strong></p>
<p>Guaiaca – Repositório Institucional trata-se de um sistema de informação que serve para armazenar, preservar, organizar e disseminar amplamente a produção de ensino e pesquisa da instituição. Abrange os seguintes materiais: artigos científicos, trabalhos apresentados em eventos, capítulos de livros, teses e dissertações.</p>
<p>Equipe</p>
<p>-Aline Herbstrith Batista – Bibliotecária – Documentalista (CBR 10/1737)</p>
<p>-Simone Godinho Maisonave – Bibliotecária – Documentalista (CBR 10/1733)<br />
E-mail: repositorio@ufpel.edu.br, <a href="mailto:aline.batista@ufpel.edu.br">aline.batista@ufpel.edu.br, </a><a href="mailto:simone.maisonave@ufpel.edu.br">simone.maisonave@ufpel.edu.br</a></p>
<p>Tel.: +55 (53) 3284-4039</p>
<p><strong>Help Desk Portal de Periódicos CAPES</strong></p>
<p>O Portal de Periódicos Capes é uma das maiores bibliotecas virtuais do mundo, reunindo conteúdo científico de alto nível disponível à comunidade acadêmico-científica brasileira. São atribuições do Bibliotecário Responsável pelo Portal de Periódicos da CAPES: estar devidamente cadastrado junto ao CAPES através de portaria emitida pelo Reitor para administrar o Portal, o que representa manter atualizado IP’s, cadastro do pessoal, conhecimento das bases disponíveis para a Universidade.</p>
<p>Equipe:</p>
<p>&#8211; Patrícia de Borba Pereira &#8211; Bibliotecária &#8211; Documentalista (CRB 10/1487)<br />
E-mail: ppborba@ufpel.edu.br<br />
Tel.: +55 (53) 99134-2943</p>
<p><strong>Periódicos Eletrônicos UFPel</strong></p>
<p>O Portal de Periódicos da Universidade Federal de Pelotas (UFPel) tem o propósito de criar um ambiente comum, que reúna todos os periódicos da Universidade. Busca ainda ir ao encontro do alinhamento e às iniciativas nacionais, coordenadas pelo Instituto Brasileiro de Ciência e Tecnologia (IBICT), e internacionais lideradas pelo Directory of Open Access Journals (DOAJ) e o Public Knowledge Project (PKP). Vale-se do Sistema Eletrônico de Editoração de Revistas (SEER) visando adoção de padrões de interoperabilidade e de acesso aberto que proporcionem maior visibilidade à produção científica da Universidade, adequando-se aos paradigmas atuais da comunicação científica.</p>
<p>Equipe:</p>
<p>&#8211; Frederico Maciel Kuhn – Técnico de Tecnologia da Informação</p>
<p>– Patrícia de Borba Pereira &#8211; Bibliotecária &#8211; Documentalista</p>
<p>– Raquel Padilha Silveira &#8211; Assistente em Administração</p>
<p>E-mail: seer@ufpel.edu.br</p>
<p>Tel.: +55 (53) 3284-4036</p>
<p>&nbsp;</p>

<p>A Coordenação de Bibliotecas &#8211; CBib é o órgão responsável pelo gerenciamento técnico e administrativo das bibliotecas, ligada diretamente  ao Gabinete da Vice-reitoria. É composta por seis bibliotecas, sendo uma no Campus Capão do Leão e as demais nas diversas unidades da cidade de Pelotas. Coordenadora: &#8211; Daiane de Almeida Schramm – Bibliotecária &#8211; Documentalista [&hellip;]</p>
