{"id":707,"date":"2014-08-22T23:59:24","date_gmt":"2014-08-23T02:59:24","guid":{"rendered":"https:\/\/wp.ufpel.edu.br\/sisbi\/?page_id=707"},"modified":"2014-09-10T12:06:37","modified_gmt":"2014-09-10T15:06:37","slug":"inscricao-para-bolsa","status":"publish","type":"page","link":"https:\/\/wp.ufpel.edu.br\/sisbi\/inscricao-para-bolsa\/","title":{"rendered":"Inscri\u00e7\u00e3o para bolsas"},"content":{"rendered":"<p><span style=\"color: #ff0000\">Inscri\u00e7\u00f5es encerradas. Aguarde o pr\u00f3ximo edital.<\/span><\/p>\n","protected":false},"excerpt":{"rendered":"<p>Inscri\u00e7\u00f5es encerradas. Aguarde o pr\u00f3ximo edital.<\/p>\n","protected":false},"author":296,"featured_media":0,"parent":0,"menu_order":0,"comment_status":"closed","ping_status":"open","template":"","meta":{"footnotes":""},"class_list":["post-707","page","type-page","status-publish","hentry"],"_links":{"self":[{"href":"https:\/\/wp.ufpel.edu.br\/sisbi\/wp-json\/wp\/v2\/pages\/707","targetHints":{"allow":["GET"]}}],"collection":[{"href":"https:\/\/wp.ufpel.edu.br\/sisbi\/wp-json\/wp\/v2\/pages"}],"about":[{"href":"https:\/\/wp.ufpel.edu.br\/sisbi\/wp-json\/wp\/v2\/types\/page"}],"author":[{"embeddable":true,"href":"https:\/\/wp.ufpel.edu.br\/sisbi\/wp-json\/wp\/v2\/users\/296"}],"replies":[{"embeddable":true,"href":"https:\/\/wp.ufpel.edu.br\/sisbi\/wp-json\/wp\/v2\/comments?post=707"}],"version-history":[{"count":24,"href":"https:\/\/wp.ufpel.edu.br\/sisbi\/wp-json\/wp\/v2\/pages\/707\/revisions"}],"predecessor-version":[{"id":1006,"href":"https:\/\/wp.ufpel.edu.br\/sisbi\/wp-json\/wp\/v2\/pages\/707\/revisions\/1006"}],"wp:attachment":[{"href":"https:\/\/wp.ufpel.edu.br\/sisbi\/wp-json\/wp\/v2\/media?parent=707"}],"curies":[{"name":"wp","href":"https:\/\/api.w.org\/{rel}","templated":true}]}}