{"id":6031,"date":"2024-12-26T08:09:06","date_gmt":"2024-12-26T11:09:06","guid":{"rendered":"https:\/\/wp.ufpel.edu.br\/sisbi\/?page_id=6031"},"modified":"2025-10-15T12:47:42","modified_gmt":"2025-10-15T15:47:42","slug":"biblioteca-de-direito-bibdir","status":"publish","type":"page","link":"https:\/\/wp.ufpel.edu.br\/sisbi\/equipe-de-bibliotecarios\/biblioteca-de-direito-bibdir\/","title":{"rendered":"Biblioteca de Direito &#8211; BIBDIR"},"content":{"rendered":"<p><a href=\"https:\/\/wp.ufpel.edu.br\/sisbi\/files\/2024\/12\/BIBDIR.jpg\"><img class=\"aligncenter size-medium wp-image-6033\" src=\"https:\/\/wp.ufpel.edu.br\/sisbi\/files\/2024\/12\/BIBDIR-400x230.jpg\" alt=\"\" width=\"400\" height=\"230\" srcset=\"https:\/\/wp.ufpel.edu.br\/sisbi\/files\/2024\/12\/BIBDIR-400x230.jpg 400w, https:\/\/wp.ufpel.edu.br\/sisbi\/files\/2024\/12\/BIBDIR-1024x590.jpg 1024w, https:\/\/wp.ufpel.edu.br\/sisbi\/files\/2024\/12\/BIBDIR-768x442.jpg 768w, https:\/\/wp.ufpel.edu.br\/sisbi\/files\/2024\/12\/BIBDIR.jpg 1099w\" sizes=\"(max-width: 400px) 100vw, 400px\" \/><\/a><\/p>\n<p>&nbsp;<\/p>\n<p><strong>HOR\u00c1RIO DE ATENDIMENTO<\/strong>: segunda e ter\u00e7a, das 8h \u00e0s 22h e quarta, quinta e sexta, das 8h \u00e0s 20h.<\/p>\n<p>&nbsp;<\/p>\n<p><strong>CURSOS ATENDIDOS:\u00a0<\/strong><\/p>\n<p>CURSOS DE GRADUA\u00c7\u00c3O<\/p>\n<p>BACHARELADO \u2013 Direito.<\/p>\n<p>&nbsp;<\/p>\n<p>CURSOS DE ESPECIALIZA\u00c7\u00c3O \u2013 Direito ambiental.<\/p>\n<p>&nbsp;<\/p>\n<p>CURSO DE MESTRADO \u2013 Direito.<\/p>\n<p>&nbsp;<\/p>\n<p>EQUIPE:<\/p>\n<p><b>Bibliotec\u00e1ria:<\/b><\/p>\n<p>Catarina de Quevedo Prestes de Carvalho \u2013 CRB 10\/2046<\/p>\n<p><b>Auxiliar de biblioteca<\/b>:<\/p>\n<p>Cristiano Oliveira Lopes<\/p>\n<p><b>Assistentes em administra\u00e7\u00e3o<\/b>:<\/p>\n<p>Marcio Aur\u00e9lio Alves Insaurriaga<\/p>\n<p>Michele da Silva Kruger<\/p>\n<p>&nbsp;<\/p>\n<p>CONTATO:<\/p>\n<p><i class=\"dashicons dashicons-phone\"><\/i>\u00a0+55 (53) 3284-3255<\/p>\n<p><i class=\"dashicons dashicons-phone\"><\/i>E-MAIL:<\/p>\n<ul>\n<li><a href=\"mailto:bibli_direito@ufpel.edu.br\">bibli_direito@ufpel.edu.br<\/a><\/li>\n<\/ul>\n<p>&nbsp;<\/p>\n<p>ENDERE\u00c7O:<\/p>\n<p>Pra\u00e7a Conselheiro Maciel, 215 \u2013 Centro<\/p>\n<p>Pelotas \u2013 RS, Brasil \u2013 96010-030<\/p>\n","protected":false},"excerpt":{"rendered":"<p>&nbsp; HOR\u00c1RIO DE ATENDIMENTO: segunda e ter\u00e7a, das 8h \u00e0s 22h e quarta, quinta e sexta, das 8h \u00e0s 20h. &nbsp; CURSOS ATENDIDOS:\u00a0 CURSOS DE GRADUA\u00c7\u00c3O BACHARELADO \u2013 Direito. &nbsp; CURSOS DE ESPECIALIZA\u00c7\u00c3O \u2013 Direito ambiental. &nbsp; CURSO DE MESTRADO \u2013 Direito. &nbsp; EQUIPE: Bibliotec\u00e1ria: Catarina de Quevedo Prestes de Carvalho \u2013 CRB 10\/2046 Auxiliar [&hellip;]<\/p>\n","protected":false},"author":37,"featured_media":0,"parent":2885,"menu_order":0,"comment_status":"closed","ping_status":"closed","template":"","meta":{"footnotes":""},"class_list":["post-6031","page","type-page","status-publish","hentry"],"_links":{"self":[{"href":"https:\/\/wp.ufpel.edu.br\/sisbi\/wp-json\/wp\/v2\/pages\/6031","targetHints":{"allow":["GET"]}}],"collection":[{"href":"https:\/\/wp.ufpel.edu.br\/sisbi\/wp-json\/wp\/v2\/pages"}],"about":[{"href":"https:\/\/wp.ufpel.edu.br\/sisbi\/wp-json\/wp\/v2\/types\/page"}],"author":[{"embeddable":true,"href":"https:\/\/wp.ufpel.edu.br\/sisbi\/wp-json\/wp\/v2\/users\/37"}],"replies":[{"embeddable":true,"href":"https:\/\/wp.ufpel.edu.br\/sisbi\/wp-json\/wp\/v2\/comments?post=6031"}],"version-history":[{"count":3,"href":"https:\/\/wp.ufpel.edu.br\/sisbi\/wp-json\/wp\/v2\/pages\/6031\/revisions"}],"predecessor-version":[{"id":6812,"href":"https:\/\/wp.ufpel.edu.br\/sisbi\/wp-json\/wp\/v2\/pages\/6031\/revisions\/6812"}],"up":[{"embeddable":true,"href":"https:\/\/wp.ufpel.edu.br\/sisbi\/wp-json\/wp\/v2\/pages\/2885"}],"wp:attachment":[{"href":"https:\/\/wp.ufpel.edu.br\/sisbi\/wp-json\/wp\/v2\/media?parent=6031"}],"curies":[{"name":"wp","href":"https:\/\/api.w.org\/{rel}","templated":true}]}}