{"id":6005,"date":"2024-12-05T08:46:14","date_gmt":"2024-12-05T11:46:14","guid":{"rendered":"https:\/\/wp.ufpel.edu.br\/sisbi\/?page_id=6005"},"modified":"2025-05-09T18:53:41","modified_gmt":"2025-05-09T21:53:41","slug":"biblioteca-campus-porto-bcp","status":"publish","type":"page","link":"https:\/\/wp.ufpel.edu.br\/sisbi\/bibliotecas-3\/biblioteca-campus-porto-bcp\/","title":{"rendered":"Biblioteca Campus Anglo &#8211; BIBCA"},"content":{"rendered":"<p><a href=\"https:\/\/wp.ufpel.edu.br\/sisbi\/files\/2024\/12\/Historico_BCP.pdf\">Hist\u00f3rico_BIBCA (antiga BCP)<\/a><\/p>\n<p><a href=\"https:\/\/wp.ufpel.edu.br\/sisbi\/files\/2024\/12\/BIBCA.jpg\"><img class=\"aligncenter size-medium wp-image-6008\" src=\"https:\/\/wp.ufpel.edu.br\/sisbi\/files\/2024\/12\/BIBCA-400x240.jpg\" alt=\"\" width=\"400\" height=\"240\" srcset=\"https:\/\/wp.ufpel.edu.br\/sisbi\/files\/2024\/12\/BIBCA-400x240.jpg 400w, https:\/\/wp.ufpel.edu.br\/sisbi\/files\/2024\/12\/BIBCA-1024x615.jpg 1024w, https:\/\/wp.ufpel.edu.br\/sisbi\/files\/2024\/12\/BIBCA-768x461.jpg 768w, https:\/\/wp.ufpel.edu.br\/sisbi\/files\/2024\/12\/BIBCA.jpg 1069w\" sizes=\"(max-width: 400px) 100vw, 400px\" \/><\/a><\/p>\n<p><strong>HOR\u00c1RIO DE ATENDIMENTO<\/strong>: de segunda a sexta, das 8h \u00e0s 20h.<\/p>\n<p>&nbsp;<\/p>\n<p><strong>CURSOS ATENDIDOS:\u00a0<\/strong><\/p>\n<p>CURSOS DE GRADUA\u00c7\u00c3O<\/p>\n<p>\u2013 BACHARELADOS: Administra\u00e7\u00e3o, Ci\u00eancia da Computa\u00e7\u00e3o, Ci\u00eancias Econ\u00f4micas, Com\u00e9rcio Exterior,\u00a0 Enfermagem, Engenharia Ambiental e Sanit\u00e1ria, Engenharia Agr\u00edcola, Engenharia Civil, Engenharia da Computa\u00e7\u00e3o, Engenharia de Controle e Automa\u00e7\u00e3o, Engenharia de Materiais, Engenharia de Petr\u00f3leo, Engenharia de Produ\u00e7\u00e3o, Engenharia Eletr\u00f4nica, Engenharia Geol\u00f3gica, Engenharia H\u00eddrica, Engenharia Industrial Madeireira, Jornalismo, Letras \u2013 Reda\u00e7\u00e3o e Revis\u00e3o de Texto, Letras \u2013 Tradu\u00e7\u00e3o Espanhol Portugu\u00eas, Letras \u2013 Tradu\u00e7\u00e3o Ingl\u00eas Portugu\u00eas, Nutri\u00e7\u00e3o, Turismo.<\/p>\n<p>LICENCIATURAS: Letras \u2013 Libras e literatura surda, Letras \u2013 Portugu\u00eas, Letras \u2013 Portugu\u00eas e Alem\u00e3o, Letras \u2013 Portugu\u00eas e Espanhol, Letras \u2013 Portugu\u00eas e Franc\u00eas, Letras \u2013 Portugu\u00eas e Ingl\u00eas, Matem\u00e1tica Noturno.<\/p>\n<p>TECN\u00d3LOGOS: Com\u00e9rcio exterior, Gastronomia, Geoprocessamento, Gest\u00e3o p\u00fablica, Processos gerenciais.<\/p>\n<p>&nbsp;<\/p>\n<p>CURSOS DE P\u00d3S-GRADUA\u00c7\u00c3O<\/p>\n<p>CURSOS DE ESPECIALIZA\u00c7\u00c3O \u2013 Engenharia de Biossistemas, Gestores regionais de recursos h\u00eddricos, Gest\u00e3o estrat\u00e9gica de neg\u00f3cios, Gest\u00e3o p\u00fablica e desenvolvimento regional, Letras.<\/p>\n<p>CURSOS DE MESTRADO E DOUTORADO \u2013 Administra\u00e7\u00e3o p\u00fablica em rede nacional (PROFIAP), Ci\u00eancia e engenharia de materiais, Ci\u00eancias ambientais, Computa\u00e7\u00e3o, Educa\u00e7\u00e3o Matem\u00e1tica, Enfermagem, Letras, Nutri\u00e7\u00e3o e alimentos, Organiza\u00e7\u00f5es e mercados, Recursos h\u00eddricos.<\/p>\n<p>&nbsp;<\/p>\n<p>EQUIPE:<\/p>\n<p><b>Bibliotec\u00e1rias:<\/b><\/p>\n<p>Maria Inez Figueiredo Figas Machado \u2013\u00a0CRB 10\/1612<\/p>\n<p>Simone Godinho Maisonave \u2013 CRB10\/1733<\/p>\n<p><b>Auxiliares de biblioteca<\/b>:<\/p>\n<p>Filipi Gon\u00e7alves Gotuzzo<\/p>\n<p>Marciele Agosta Vasconcellos<\/p>\n<p><b>Assistente em administra\u00e7\u00e3o<\/b>:<\/p>\n<p>M\u00e1rcia Sturbelle Oleiro<\/p>\n<p>Michel Roberto Lange<\/p>\n<p>&nbsp;<\/p>\n<p>CONTATO:<\/p>\n<p><i class=\"dashicons dashicons-phone\"><\/i>\u00a0+55 (53) 3284-4039 (Sala de Processamento t\u00e9cnico)<\/p>\n<p><i class=\"dashicons dashicons-phone\"><\/i>\u00a0+55 (53) 3284-4037 (Balc\u00e3o de atendimento)<\/p>\n<p>&nbsp;<\/p>\n<p>E-MAIL:<\/p>\n<ul>\n<li>Solicita\u00e7\u00e3o de senhas, envio de comprovantes de multa e outros atendimentos referentes \u00e0 circula\u00e7\u00e3o de materiais: <strong>atendimento.bcp@ufpel.edu.br<\/strong><\/li>\n<li>Outras demandas: <strong>bibcp@ufpel.edu.br<\/strong><\/li>\n<\/ul>\n<p>&nbsp;<\/p>\n<p>ENDERE\u00c7O:<\/p>\n<p>Campus Anglo<\/p>\n<p>Rua Gomes Carneiro, 01 &#8211; Centro<\/p>\n<p>Pelotas &#8211; RS, Brasil &#8211; 96010-610<\/p>\n","protected":false},"excerpt":{"rendered":"<p>Hist\u00f3rico_BIBCA (antiga BCP) HOR\u00c1RIO DE ATENDIMENTO: de segunda a sexta, das 8h \u00e0s 20h. &nbsp; CURSOS ATENDIDOS:\u00a0 CURSOS DE GRADUA\u00c7\u00c3O \u2013 BACHARELADOS: Administra\u00e7\u00e3o, Ci\u00eancia da Computa\u00e7\u00e3o, Ci\u00eancias Econ\u00f4micas, Com\u00e9rcio Exterior,\u00a0 Enfermagem, Engenharia Ambiental e Sanit\u00e1ria, Engenharia Agr\u00edcola, Engenharia Civil, Engenharia da Computa\u00e7\u00e3o, Engenharia de Controle e Automa\u00e7\u00e3o, Engenharia de Materiais, Engenharia de Petr\u00f3leo, Engenharia de [&hellip;]<\/p>\n","protected":false},"author":37,"featured_media":6065,"parent":459,"menu_order":0,"comment_status":"closed","ping_status":"closed","template":"page-sem-sidebar.php","meta":{"footnotes":""},"class_list":["post-6005","page","type-page","status-publish","has-post-thumbnail","hentry"],"_links":{"self":[{"href":"https:\/\/wp.ufpel.edu.br\/sisbi\/wp-json\/wp\/v2\/pages\/6005","targetHints":{"allow":["GET"]}}],"collection":[{"href":"https:\/\/wp.ufpel.edu.br\/sisbi\/wp-json\/wp\/v2\/pages"}],"about":[{"href":"https:\/\/wp.ufpel.edu.br\/sisbi\/wp-json\/wp\/v2\/types\/page"}],"author":[{"embeddable":true,"href":"https:\/\/wp.ufpel.edu.br\/sisbi\/wp-json\/wp\/v2\/users\/37"}],"replies":[{"embeddable":true,"href":"https:\/\/wp.ufpel.edu.br\/sisbi\/wp-json\/wp\/v2\/comments?post=6005"}],"version-history":[{"count":11,"href":"https:\/\/wp.ufpel.edu.br\/sisbi\/wp-json\/wp\/v2\/pages\/6005\/revisions"}],"predecessor-version":[{"id":6424,"href":"https:\/\/wp.ufpel.edu.br\/sisbi\/wp-json\/wp\/v2\/pages\/6005\/revisions\/6424"}],"up":[{"embeddable":true,"href":"https:\/\/wp.ufpel.edu.br\/sisbi\/wp-json\/wp\/v2\/pages\/459"}],"wp:featuredmedia":[{"embeddable":true,"href":"https:\/\/wp.ufpel.edu.br\/sisbi\/wp-json\/wp\/v2\/media\/6065"}],"wp:attachment":[{"href":"https:\/\/wp.ufpel.edu.br\/sisbi\/wp-json\/wp\/v2\/media?parent=6005"}],"curies":[{"name":"wp","href":"https:\/\/api.w.org\/{rel}","templated":true}]}}