{"id":5687,"date":"2024-02-06T09:11:20","date_gmt":"2024-02-06T12:11:20","guid":{"rendered":"https:\/\/wp.ufpel.edu.br\/sisbi\/?page_id=5687"},"modified":"2025-09-23T23:53:47","modified_gmt":"2025-09-24T02:53:47","slug":"tutorial-renovacao-de-emprestimo","status":"publish","type":"page","link":"https:\/\/wp.ufpel.edu.br\/sisbi\/tutorial-renovacao-de-emprestimo\/","title":{"rendered":"Tutorial Renova\u00e7\u00e3o de Empr\u00e9stimo"},"content":{"rendered":"<p><a href=\"https:\/\/wp.ufpel.edu.br\/sisbi\/tutorial-renovacao-de-emprestimo\/renovacao-de-emprestimo-6\/\" rel=\"attachment wp-att-6778\">RENOVA\u00c7\u00c3O DE EMPR\u00c9STIMO<\/a><\/p>\n","protected":false},"excerpt":{"rendered":"<p>RENOVA\u00c7\u00c3O DE EMPR\u00c9STIMO<\/p>\n","protected":false},"author":37,"featured_media":0,"parent":0,"menu_order":0,"comment_status":"closed","ping_status":"closed","template":"","meta":{"footnotes":""},"class_list":["post-5687","page","type-page","status-publish","hentry"],"_links":{"self":[{"href":"https:\/\/wp.ufpel.edu.br\/sisbi\/wp-json\/wp\/v2\/pages\/5687","targetHints":{"allow":["GET"]}}],"collection":[{"href":"https:\/\/wp.ufpel.edu.br\/sisbi\/wp-json\/wp\/v2\/pages"}],"about":[{"href":"https:\/\/wp.ufpel.edu.br\/sisbi\/wp-json\/wp\/v2\/types\/page"}],"author":[{"embeddable":true,"href":"https:\/\/wp.ufpel.edu.br\/sisbi\/wp-json\/wp\/v2\/users\/37"}],"replies":[{"embeddable":true,"href":"https:\/\/wp.ufpel.edu.br\/sisbi\/wp-json\/wp\/v2\/comments?post=5687"}],"version-history":[{"count":3,"href":"https:\/\/wp.ufpel.edu.br\/sisbi\/wp-json\/wp\/v2\/pages\/5687\/revisions"}],"predecessor-version":[{"id":6779,"href":"https:\/\/wp.ufpel.edu.br\/sisbi\/wp-json\/wp\/v2\/pages\/5687\/revisions\/6779"}],"wp:attachment":[{"href":"https:\/\/wp.ufpel.edu.br\/sisbi\/wp-json\/wp\/v2\/media?parent=5687"}],"curies":[{"name":"wp","href":"https:\/\/api.w.org\/{rel}","templated":true}]}}