{"id":5621,"date":"2023-12-01T10:32:05","date_gmt":"2023-12-01T13:32:05","guid":{"rendered":"https:\/\/wp.ufpel.edu.br\/sisbi\/?page_id=5621"},"modified":"2024-10-22T21:12:00","modified_gmt":"2024-10-23T00:12:00","slug":"tutorial-de-solicitacao-de-ficha-catalografica","status":"publish","type":"page","link":"https:\/\/wp.ufpel.edu.br\/sisbi\/documentos\/manuais-e-tutoriais\/tutorial-de-solicitacao-de-ficha-catalografica\/","title":{"rendered":"Tutorial de solicita\u00e7\u00e3o de ficha catalogr\u00e1fica"},"content":{"rendered":"<p><a href=\"https:\/\/wp.ufpel.edu.br\/sisbi\/files\/2024\/10\/SOLICITACAO-DE-FICHA.pdf\">SOLICITA\u00c7\u00c3O DE FICHA<\/a><\/p>\n","protected":false},"excerpt":{"rendered":"<p>SOLICITA\u00c7\u00c3O DE FICHA<\/p>\n","protected":false},"author":37,"featured_media":0,"parent":163,"menu_order":0,"comment_status":"closed","ping_status":"closed","template":"","meta":{"footnotes":""},"class_list":["post-5621","page","type-page","status-publish","hentry"],"_links":{"self":[{"href":"https:\/\/wp.ufpel.edu.br\/sisbi\/wp-json\/wp\/v2\/pages\/5621","targetHints":{"allow":["GET"]}}],"collection":[{"href":"https:\/\/wp.ufpel.edu.br\/sisbi\/wp-json\/wp\/v2\/pages"}],"about":[{"href":"https:\/\/wp.ufpel.edu.br\/sisbi\/wp-json\/wp\/v2\/types\/page"}],"author":[{"embeddable":true,"href":"https:\/\/wp.ufpel.edu.br\/sisbi\/wp-json\/wp\/v2\/users\/37"}],"replies":[{"embeddable":true,"href":"https:\/\/wp.ufpel.edu.br\/sisbi\/wp-json\/wp\/v2\/comments?post=5621"}],"version-history":[{"count":8,"href":"https:\/\/wp.ufpel.edu.br\/sisbi\/wp-json\/wp\/v2\/pages\/5621\/revisions"}],"predecessor-version":[{"id":5959,"href":"https:\/\/wp.ufpel.edu.br\/sisbi\/wp-json\/wp\/v2\/pages\/5621\/revisions\/5959"}],"up":[{"embeddable":true,"href":"https:\/\/wp.ufpel.edu.br\/sisbi\/wp-json\/wp\/v2\/pages\/163"}],"wp:attachment":[{"href":"https:\/\/wp.ufpel.edu.br\/sisbi\/wp-json\/wp\/v2\/media?parent=5621"}],"curies":[{"name":"wp","href":"https:\/\/api.w.org\/{rel}","templated":true}]}}