{"id":4622,"date":"2021-05-03T21:08:52","date_gmt":"2021-05-04T00:08:52","guid":{"rendered":"https:\/\/wp.ufpel.edu.br\/sisbi\/?page_id=4622"},"modified":"2024-12-05T08:17:40","modified_gmt":"2024-12-05T11:17:40","slug":"biblioteca-campus-capao-do-leao-bccl","status":"publish","type":"page","link":"https:\/\/wp.ufpel.edu.br\/sisbi\/biblioteca-campus-capao-do-leao-bccl\/","title":{"rendered":"Biblioteca Campus Cap\u00e3o do Le\u00e3o &#8211; BCCL"},"content":{"rendered":"<p>CURSOS DE GRADUA\u00c7\u00c3O<\/p>\n<p>BACHARELADOS, LICENCIATURAS, TECN\u00d3LOGOS &#8211; Biologia, Biotecnologia, Farm\u00e1cia, F\u00edsica, Matem\u00e1tica, Meteorologia, Qu\u00edmica de Alimentos, Qu\u00edmica Forense, Tecnologia de Alimentos, Agronomia, Medicina Veterin\u00e1ria, Qu\u00edmica, Qu\u00edmica Industrial, Zootecnia.<\/p>\n<p>&nbsp;<\/p>\n<p>CURSOS DE ESPECIALIZA\u00c7\u00c3O &#8211; Ci\u00eancia dos Alimentos EaD, Ci\u00eancia e Tecnologia de Sementes.<\/p>\n<p>&nbsp;<\/p>\n<p>CURSOS DE MESTRADO E DOUTORADO &#8211; Agronomia, Biodiversidade Animal, Biologia Animal, Bioqu\u00edmica e Bioprospec\u00e7\u00e3o, Biotecnologia, Ci\u00eancia e Tecnologia de Alimentos, Ci\u00eancia e Tecnologia de Sementes, Ci\u00eancias Fisiol\u00f3gicas, Desenvolvimento Territorial e Sistemas Agroindustriais, Entomologia, F\u00edsica, Fisiologia Vegetal, Fitossanidade, Manejo e Conserva\u00e7\u00e3o do Solo e da \u00c1gua, Matem\u00e1tica, Meteorologia, Microbiologia e Parasitologia, Modelagem Matem\u00e1tica, Qu\u00edmica, Veterin\u00e1ria e Zootecnia.<\/p>\n","protected":false},"excerpt":{"rendered":"<p>CURSOS DE GRADUA\u00c7\u00c3O BACHARELADOS, LICENCIATURAS, TECN\u00d3LOGOS &#8211; Biologia, Biotecnologia, Farm\u00e1cia, F\u00edsica, Matem\u00e1tica, Meteorologia, Qu\u00edmica de Alimentos, Qu\u00edmica Forense, Tecnologia de Alimentos, Agronomia, Medicina Veterin\u00e1ria, Qu\u00edmica, Qu\u00edmica Industrial, Zootecnia. &nbsp; CURSOS DE ESPECIALIZA\u00c7\u00c3O &#8211; Ci\u00eancia dos Alimentos EaD, Ci\u00eancia e Tecnologia de Sementes. &nbsp; CURSOS DE MESTRADO E DOUTORADO &#8211; Agronomia, Biodiversidade Animal, Biologia Animal, Bioqu\u00edmica [&hellip;]<\/p>\n","protected":false},"author":37,"featured_media":0,"parent":0,"menu_order":0,"comment_status":"closed","ping_status":"closed","template":"","meta":{"footnotes":""},"class_list":["post-4622","page","type-page","status-publish","hentry"],"_links":{"self":[{"href":"https:\/\/wp.ufpel.edu.br\/sisbi\/wp-json\/wp\/v2\/pages\/4622","targetHints":{"allow":["GET"]}}],"collection":[{"href":"https:\/\/wp.ufpel.edu.br\/sisbi\/wp-json\/wp\/v2\/pages"}],"about":[{"href":"https:\/\/wp.ufpel.edu.br\/sisbi\/wp-json\/wp\/v2\/types\/page"}],"author":[{"embeddable":true,"href":"https:\/\/wp.ufpel.edu.br\/sisbi\/wp-json\/wp\/v2\/users\/37"}],"replies":[{"embeddable":true,"href":"https:\/\/wp.ufpel.edu.br\/sisbi\/wp-json\/wp\/v2\/comments?post=4622"}],"version-history":[{"count":5,"href":"https:\/\/wp.ufpel.edu.br\/sisbi\/wp-json\/wp\/v2\/pages\/4622\/revisions"}],"predecessor-version":[{"id":5677,"href":"https:\/\/wp.ufpel.edu.br\/sisbi\/wp-json\/wp\/v2\/pages\/4622\/revisions\/5677"}],"wp:attachment":[{"href":"https:\/\/wp.ufpel.edu.br\/sisbi\/wp-json\/wp\/v2\/media?parent=4622"}],"curies":[{"name":"wp","href":"https:\/\/api.w.org\/{rel}","templated":true}]}}