{"id":221,"date":"2026-03-21T14:26:38","date_gmt":"2026-03-21T17:26:38","guid":{"rendered":"https:\/\/wp.ufpel.edu.br\/sipa\/?page_id=221"},"modified":"2026-03-21T14:26:38","modified_gmt":"2026-03-21T17:26:38","slug":"contato","status":"publish","type":"page","link":"https:\/\/wp.ufpel.edu.br\/sipa\/contato\/","title":{"rendered":"Contato"},"content":{"rendered":"<p><strong>Programa de P\u00f3s-Gradua\u00e7\u00e3o em Artes (PPGArtes) \u2013 UFPel<\/strong><\/p>\n<p><strong>Endere\u00e7o (Secretaria)<\/strong><br \/>\nRua Coronel Alberto Rosa, 62 \u2013 Sala 311<br \/>\nCentro \u2013 Pelotas\/RS<br \/>\nCEP: 96010-770<\/p>\n<p><strong>Hor\u00e1rio de Atendimento<\/strong><br \/>\nSegunda a sexta-feira<br \/>\n08h \u00e0s 12h e 14h \u00e0s 18h<\/p>\n<p><strong>Telefone<\/strong><br \/>\n(53) 3284-5519<\/p>\n<p><strong>E-mail<\/strong><br \/>\n<a href=\"mailto:sipa.ppgartes.ufpel@gmail.com\">sipa.ppgartes.ufpel@gmail.com<\/a><\/p>\n<p><strong>Site do PPGArtes<\/strong><br \/>\n<a href=\"https:\/\/wp.ufpel.edu.br\/ppgartes\/\">https:\/\/wp.ufpel.edu.br\/ppgartes\/<\/a><\/p>\n<p><strong>Site do SIPA<\/strong><br \/>\n<a href=\"https:\/\/wp.ufpel.edu.br\/sipa\/\">https:\/\/wp.ufpel.edu.br\/sipa\/<\/a><\/p>\n","protected":false},"excerpt":{"rendered":"<p>Programa de P\u00f3s-Gradua\u00e7\u00e3o em Artes (PPGArtes) \u2013 UFPel Endere\u00e7o (Secretaria) Rua Coronel Alberto Rosa, 62 \u2013 Sala 311 Centro \u2013 Pelotas\/RS CEP: 96010-770 Hor\u00e1rio de Atendimento Segunda a sexta-feira 08h \u00e0s 12h e 14h \u00e0s 18h Telefone (53) 3284-5519 E-mail sipa.ppgartes.ufpel@gmail.com Site do PPGArtes https:\/\/wp.ufpel.edu.br\/ppgartes\/ Site do SIPA https:\/\/wp.ufpel.edu.br\/sipa\/<\/p>\n","protected":false},"author":713,"featured_media":0,"parent":0,"menu_order":0,"comment_status":"closed","ping_status":"closed","template":"","meta":{"footnotes":""},"class_list":["post-221","page","type-page","status-publish","hentry"],"_links":{"self":[{"href":"https:\/\/wp.ufpel.edu.br\/sipa\/wp-json\/wp\/v2\/pages\/221","targetHints":{"allow":["GET"]}}],"collection":[{"href":"https:\/\/wp.ufpel.edu.br\/sipa\/wp-json\/wp\/v2\/pages"}],"about":[{"href":"https:\/\/wp.ufpel.edu.br\/sipa\/wp-json\/wp\/v2\/types\/page"}],"author":[{"embeddable":true,"href":"https:\/\/wp.ufpel.edu.br\/sipa\/wp-json\/wp\/v2\/users\/713"}],"replies":[{"embeddable":true,"href":"https:\/\/wp.ufpel.edu.br\/sipa\/wp-json\/wp\/v2\/comments?post=221"}],"version-history":[{"count":1,"href":"https:\/\/wp.ufpel.edu.br\/sipa\/wp-json\/wp\/v2\/pages\/221\/revisions"}],"predecessor-version":[{"id":222,"href":"https:\/\/wp.ufpel.edu.br\/sipa\/wp-json\/wp\/v2\/pages\/221\/revisions\/222"}],"wp:attachment":[{"href":"https:\/\/wp.ufpel.edu.br\/sipa\/wp-json\/wp\/v2\/media?parent=221"}],"curies":[{"name":"wp","href":"https:\/\/api.w.org\/{rel}","templated":true}]}}