{"id":20,"date":"2021-08-24T14:08:05","date_gmt":"2021-08-24T17:08:05","guid":{"rendered":"https:\/\/wp.ufpel.edu.br\/sinapse\/?page_id=20"},"modified":"2021-08-24T14:27:26","modified_gmt":"2021-08-24T17:27:26","slug":"participacao-academica","status":"publish","type":"page","link":"https:\/\/wp.ufpel.edu.br\/sinapse\/participacao-academica\/","title":{"rendered":"Participa\u00e7\u00e3o Acad\u00eamica"},"content":{"rendered":"<p><strong>Representa\u00e7\u00e3o Discente:<\/strong><br \/>\nConselho Departamental (CD): Laura e Vin\u00edcius<br \/>\nColegiado: Pedro e Ot\u00e1vio<br \/>\nCirurgia Geral: Lucas e Marcelo<br \/>\nCl\u00ednica M\u00e9dica: Carolina e Isabela<br \/>\nMed Especializada: Yara<br \/>\nSa\u00fade Mental: Nicole e Paulo<br \/>\nMed Materno Infantil: Gabriele e Ritta<br \/>\nMed Social: Ingrid e Arthur<\/p>\n<p>&nbsp;<\/p>\n<p><strong>ATAS:<\/strong><\/p>\n","protected":false},"excerpt":{"rendered":"<p>Representa\u00e7\u00e3o Discente: Conselho Departamental (CD): Laura e Vin\u00edcius Colegiado: Pedro e Ot\u00e1vio Cirurgia Geral: Lucas e Marcelo Cl\u00ednica M\u00e9dica: Carolina e Isabela Med Especializada: Yara Sa\u00fade Mental: Nicole e Paulo Med Materno Infantil: Gabriele e Ritta Med Social: Ingrid e Arthur &nbsp; ATAS:<\/p>\n","protected":false},"author":1178,"featured_media":0,"parent":0,"menu_order":0,"comment_status":"closed","ping_status":"closed","template":"","meta":{"footnotes":""},"class_list":["post-20","page","type-page","status-publish","hentry"],"_links":{"self":[{"href":"https:\/\/wp.ufpel.edu.br\/sinapse\/wp-json\/wp\/v2\/pages\/20","targetHints":{"allow":["GET"]}}],"collection":[{"href":"https:\/\/wp.ufpel.edu.br\/sinapse\/wp-json\/wp\/v2\/pages"}],"about":[{"href":"https:\/\/wp.ufpel.edu.br\/sinapse\/wp-json\/wp\/v2\/types\/page"}],"author":[{"embeddable":true,"href":"https:\/\/wp.ufpel.edu.br\/sinapse\/wp-json\/wp\/v2\/users\/1178"}],"replies":[{"embeddable":true,"href":"https:\/\/wp.ufpel.edu.br\/sinapse\/wp-json\/wp\/v2\/comments?post=20"}],"version-history":[{"count":3,"href":"https:\/\/wp.ufpel.edu.br\/sinapse\/wp-json\/wp\/v2\/pages\/20\/revisions"}],"predecessor-version":[{"id":28,"href":"https:\/\/wp.ufpel.edu.br\/sinapse\/wp-json\/wp\/v2\/pages\/20\/revisions\/28"}],"wp:attachment":[{"href":"https:\/\/wp.ufpel.edu.br\/sinapse\/wp-json\/wp\/v2\/media?parent=20"}],"curies":[{"name":"wp","href":"https:\/\/api.w.org\/{rel}","templated":true}]}}