{"id":50,"date":"2016-07-13T13:46:29","date_gmt":"2016-07-13T16:46:29","guid":{"rendered":"https:\/\/wp.ufpel.edu.br\/simposioppgecm\/?page_id=50"},"modified":"2019-07-20T11:17:49","modified_gmt":"2019-07-20T14:17:49","slug":"normas","status":"publish","type":"page","link":"https:\/\/wp.ufpel.edu.br\/simposioppgecm\/normas\/","title":{"rendered":"Normas"},"content":{"rendered":"<p><span style=\"color: #339966\"><strong>P\u00daBLICO:<\/strong><\/span><\/p>\n<p>a) Alunos de gradua\u00e7\u00e3o e de p\u00f3s-gradua\u00e7\u00e3o de institui\u00e7\u00f5es de ensino superior, p\u00fablicas ou privadas, nacionais e do exterior das \u00e1reas de Ci\u00eancias, Matem\u00e1tica e \u00e1reas afins .<\/p>\n<p>b) Professores da educa\u00e7\u00e3o b\u00e1sica e superior da rede p\u00fablica e\/ou privada de Ci\u00eancias, Matem\u00e1tica e \u00e1reas afins.<\/p>\n<div align=\"center\">\n<hr align=\"center\" size=\"2\" width=\"100%\" \/>\n<\/div>\n<p><span style=\"color: #339966\"><strong>EIXOS TEM\u00c1TICOS:<\/strong><\/span><\/p>\n<p>\u00b7\u00a0\u00a0\u00a0\u00a0\u00a0\u00a0\u00a0\u00a0 Forma\u00e7\u00e3o de Professores (F.P)<\/p>\n<p>\u00b7\u00a0\u00a0\u00a0\u00a0\u00a0\u00a0\u00a0\u00a0 Estrat\u00e9gias Metodol\u00f3gicas e Recursos Educacionais (E.R)<\/p>\n<p>\u00b7\u00a0\u00a0\u00a0\u00a0\u00a0\u00a0\u00a0\u00a0 Ensino e Aprendizagem (E.A)<\/p>\n<hr align=\"center\" size=\"2\" width=\"100%\" \/>\n<p><span style=\"color: #339966\"><strong>NORMAS PARA ELABORA\u00c7\u00c3O DOS RESUMOS:<\/strong><\/span><\/p>\n<p>a) Cada participante poder\u00e1 inscrever 1 (um) resumo como autor;<\/p>\n<p>b) O resumo dever\u00e1 versar sobre assunto de trabalho de pesquisa, nas modalidades: Relato de Experi\u00eancia (RE), Pesquisa em Andamento com Resultados Parciais (RP), Pesquisa em Andamento com Estado de Conhecimento (EC) ou Pesquisa Conclu\u00edda (PC), devendo ter no m\u00ednimo tr\u00eas e no m\u00e1ximo quatro p\u00e1ginas.<\/p>\n<p>c) O arquivo dever\u00e1 ser salvo em formato .pdf e nomeado com o primeiro nome e \u00faltimo sobrenome do apresentador, eixo tem\u00e1tico, modalidade e \u00e1rea de pesquisa. Exemplo: Fernando_SIlva_E.R_RP_Qu\u00edmica;<\/p>\n<p>d) Resumos n\u00e3o apresentados, n\u00e3o dar\u00e3o direito \u00e0 certificado.<\/p>\n<p>Formata\u00e7\u00e3o do resumo:<\/p>\n<p>a) T\u00cdTULO \u2013 Com todas as letras mai\u00fasculas e alinhamento central com fonte Arial, tamanho 12 e em negrito;<\/p>\n<p>b) AUTORES: Deixar espa\u00e7amento de uma linha abaixo do t\u00edtulo, citando os nomes, com alinhamento centralizado e fonte Arial, tamanho 12. Citar o nome de cada autor por extenso e todo em letra mai\u00fascula, separando-os por ponto e v\u00edrgula (;). O nome de cada autor dever\u00e1 ser identificado com um n\u00famero sobrescrito em negrito de acordo com as afilia\u00e7\u00f5es (Ex: FERNANDO SILVA\u00a0PEREIRA1 ; MARIA VIEIRA SILVA2). O nome do apresentador do resumo dever\u00e1 estar sublinhado e corresponder ao participante inscrito.<\/p>\n<p>c) AFILIA\u00c7\u00d5ES: Fonte Arial, corpo 10, it\u00e1lico, alinhamento centralizado, com uma linha de intervalo abaixo dos autores. Dever\u00e1 iniciar com o n\u00famero sobrescrito de cada autor, com afilia\u00e7\u00e3o e endere\u00e7o eletr\u00f4nico para correspond\u00eancia.<\/p>\n<p>d) CORPO DO TEXTO: Em espa\u00e7o simples, justificado, com fonte Arial, tamanho 12.<\/p>\n<p>e) TABELAS E FIGURAS: Os resumos podem conter tabelas e figuras. As palavras \u201cTabela\u201d e \u201cFigura\u201d, quando citadas no corpo do resumo e nos t\u00edtulos das mesmas, dever\u00e3o ser escritas com as letras iniciais mai\u00fasculas e fonte Arial, corpo 12.<\/p>\n<p>f) REFER\u00caNCIAS \u2013 Em fonte Arial, tamanho 12, de acordo com as normas da ABNT.<\/p>\n<p><a href=\"https:\/\/wp.ufpel.edu.br\/simposioppgecm\/files\/2019\/07\/MODELO_RESUMO_SIMP\u00d3SIO_PPGECM-2019.doc\" target=\"_blank\" rel=\"noopener noreferrer\"><strong><span style=\"color: #339966\">CLIQUE AQUI<\/span><\/strong><\/a> para baixar o Modelo do Resumo.<\/p>\n<div align=\"center\">\n<hr align=\"center\" size=\"2\" width=\"100%\" \/>\n<\/div>\n<p><span style=\"color: #339966\"><strong>NORMAS PARA APRESENTA\u00c7\u00c3O DOS RESUMOS DURANTE O SIMP\u00d3SIO:<\/strong><\/span><\/p>\n<p>Apresenta\u00e7\u00e3o dos Resumos<\/p>\n<p>a) As apresenta\u00e7\u00f5es se dar\u00e3o na forma oral, cada participante ter\u00e1 dez minutos para a apresenta\u00e7\u00e3o e cinco para questionamentos e discuss\u00f5es;<\/p>\n<p>b) As apresenta\u00e7\u00f5es orais se dar\u00e3o em hor\u00e1rio e local a serem estabelecidos pela Comiss\u00e3o Organizadora e previamente divulgados na p\u00e1gina do V SIMP\u00d3SIO DE EDUCA\u00c7\u00c3O;<\/p>\n<p>c) N\u00e3o ser\u00e1 poss\u00edvel alterar o dia, local e hor\u00e1rio das apresenta\u00e7\u00f5es dos resumos;<\/p>\n<p>d) Cada participante, na data confirmada, \u00e9 respons\u00e1vel por seu material de apresenta\u00e7\u00e3o (pendrive, arquivo da apresenta\u00e7\u00e3o, notebook, adaptadores etc). A Comiss\u00e3o Organizadora disponibilizar\u00e1 nas salas somente datashow e tela para proje\u00e7\u00e3o.<\/p>\n<div align=\"center\">\n<hr align=\"center\" size=\"2\" width=\"100%\" \/>\n<\/div>\n<p><span style=\"color: #339966\"><strong>CERTIFICADOS:<\/strong><\/span><\/p>\n<p>a) Os certificados de participa\u00e7\u00e3o no evento (modalidade ouvinte) ser\u00e3o emitidos para os participantes com 75% de frequ\u00eancia e que entregarem o documento original da GRU. Os certificados de apresenta\u00e7\u00e3o de trabalho (modalidade apresentador) ser\u00e3o emitidos para os participantes que realizarem a apresenta\u00e7\u00e3o dos resumos expandidos.<\/p>\n<p>b) Todas as informa\u00e7\u00f5es presentes no certificado (nome do apresentador, autores e t\u00edtulo do trabalho) ser\u00e3o retiradas diretamente da ficha de inscri\u00e7\u00e3o.<\/p>\n<p>c) Os certificados ser\u00e3o emitidos pela Pr\u00f3-Reitoria de Extens\u00e3o e Cultura e entregues na secretaria do PPGECM (ap\u00f3s contato via email).<\/p>\n<p>___________<\/p>\n<p><strong><span style=\"color: #339966\">IMPORTANTE!<\/span><\/strong><\/p>\n<p>OS TRABALHOS S\u00d3 SER\u00c3O AVALIADOS SE ESTIVEREM DENTRO DOS PADR\u00d5ES DE FORMATA\u00c7\u00c3O.<\/p>\n","protected":false},"excerpt":{"rendered":"<p>P\u00daBLICO: a) Alunos de gradua\u00e7\u00e3o e de p\u00f3s-gradua\u00e7\u00e3o de institui\u00e7\u00f5es de ensino superior, p\u00fablicas ou privadas, nacionais e do exterior das \u00e1reas de Ci\u00eancias, Matem\u00e1tica e \u00e1reas afins . b) Professores da educa\u00e7\u00e3o b\u00e1sica e superior da rede p\u00fablica e\/ou privada de Ci\u00eancias, Matem\u00e1tica e \u00e1reas afins. EIXOS TEM\u00c1TICOS: \u00b7\u00a0\u00a0\u00a0\u00a0\u00a0\u00a0\u00a0\u00a0 Forma\u00e7\u00e3o de Professores (F.P) \u00b7\u00a0\u00a0\u00a0\u00a0\u00a0\u00a0\u00a0\u00a0 [&hellip;]<\/p>\n","protected":false},"author":462,"featured_media":0,"parent":0,"menu_order":1,"comment_status":"closed","ping_status":"closed","template":"","meta":{"footnotes":""},"class_list":["post-50","page","type-page","status-publish","hentry"],"_links":{"self":[{"href":"https:\/\/wp.ufpel.edu.br\/simposioppgecm\/wp-json\/wp\/v2\/pages\/50","targetHints":{"allow":["GET"]}}],"collection":[{"href":"https:\/\/wp.ufpel.edu.br\/simposioppgecm\/wp-json\/wp\/v2\/pages"}],"about":[{"href":"https:\/\/wp.ufpel.edu.br\/simposioppgecm\/wp-json\/wp\/v2\/types\/page"}],"author":[{"embeddable":true,"href":"https:\/\/wp.ufpel.edu.br\/simposioppgecm\/wp-json\/wp\/v2\/users\/462"}],"replies":[{"embeddable":true,"href":"https:\/\/wp.ufpel.edu.br\/simposioppgecm\/wp-json\/wp\/v2\/comments?post=50"}],"version-history":[{"count":23,"href":"https:\/\/wp.ufpel.edu.br\/simposioppgecm\/wp-json\/wp\/v2\/pages\/50\/revisions"}],"predecessor-version":[{"id":402,"href":"https:\/\/wp.ufpel.edu.br\/simposioppgecm\/wp-json\/wp\/v2\/pages\/50\/revisions\/402"}],"wp:attachment":[{"href":"https:\/\/wp.ufpel.edu.br\/simposioppgecm\/wp-json\/wp\/v2\/media?parent=50"}],"curies":[{"name":"wp","href":"https:\/\/api.w.org\/{rel}","templated":true}]}}