{"id":28,"date":"2016-07-13T11:08:28","date_gmt":"2016-07-13T14:08:28","guid":{"rendered":"https:\/\/wp.ufpel.edu.br\/simposioppgecm\/?page_id=28"},"modified":"2019-07-20T11:26:12","modified_gmt":"2019-07-20T14:26:12","slug":"anais","status":"publish","type":"page","link":"https:\/\/wp.ufpel.edu.br\/simposioppgecm\/anais-do-simposio\/anais\/","title":{"rendered":"Anais 2016 &#8211; IV Simp\u00f3sio do PPGECM"},"content":{"rendered":"<p style=\"text-align: center\"><strong>COMIT\u00ca CIENT\u00cdFICO:<\/strong><\/p>\n<p style=\"text-align: center\">Prof. Dr. Andr\u00e9 Luis Andrejew Ferreira<\/p>\n<p style=\"text-align: center\">Prof\u00aa. Dr\u00aa. Denise Nascimento Silveira<\/p>\n<p style=\"text-align: center\">Prof. Dr. F\u00e1bio Andr\u00e9 Sangiogo<\/p>\n<p style=\"text-align: center\">Prof\u00aa. Dr\u00aa. Francele de Abreu Carlan<\/p>\n<p style=\"text-align: center\">Prof\u00aa. Dr\u00aa. Maira Ferreira<\/p>\n<p style=\"text-align: center\">Prof\u00aa. Dr\u00aa. Maria de F\u00e1tima Duarte Martins<\/p>\n<p style=\"text-align: center\">Prof. Dr. Robledo Lima Gil<\/p>\n<p style=\"text-align: center\">Prof. Dr. Verno Kr\u00fcger<\/p>\n<p>&nbsp;<\/p>\n<table>\n<tbody>\n<tr>\n<td><strong>APRESENTADOR<\/strong><\/td>\n<td><strong>T\u00cdTULO<\/strong><\/td>\n<td><strong>CO-AUTORES<\/strong><\/td>\n<td><strong>ARQUIVO<\/strong><\/td>\n<\/tr>\n<tr>\n<td>Ana Cristina Medina Pinto<\/td>\n<td>CONSTITUI\u00c7\u00c3O DA DOC\u00caNCIA NA MODALIDADE A DIST\u00c2NCIA ATRAV\u00c9S DA LEITURA DOS SOCUMENTOS OFICIAIS<\/td>\n<td>\u00a0ALVES, Ant\u00f4nio Maur\u00edcio Medeiros; SILVEIRA, Denise Nascimento<\/td>\n<td>\u00a0<a href=\"https:\/\/drive.google.com\/open?id=0B-acF_5K4uDVZFE1NUxLYVlFTFE\" target=\"_blank\" rel=\"noopener noreferrer\">FP_01.pdf<\/a><\/td>\n<\/tr>\n<tr>\n<td>Ana Rutz Devantier Reinke<\/td>\n<td>A QU\u00cdMICA NOS ANOS FINAIS DO ENSINO FUNDAMENTAL<\/td>\n<td>SANGIOGO, F\u00e1bio Andr\u00e9<\/td>\n<td>\u00a0<a href=\"https:\/\/drive.google.com\/open?id=0B-acF_5K4uDVbkxOUVZvdDhPMFk\" target=\"_blank\" rel=\"noopener noreferrer\">EA_01.pdf<\/a><\/td>\n<\/tr>\n<tr>\n<td>Andreia Domingues Bitencourte<\/td>\n<td>AS DIFICULDADES ENCONTRADAS PELOS PROFESSORES NO USO DAS TECNOLOGIAS NAS SALAS DE AULA DO ENSINO M\u00c9DIO DAS ESCOLAS P\u00daBLICAS<\/td>\n<td>HINZ, Verlani Timm<\/td>\n<td><a href=\"https:\/\/drive.google.com\/open?id=0B-acF_5K4uDVWHY2WFdKRUFZTkE\" target=\"_blank\" rel=\"noopener noreferrer\">\u00a0FP_02.pdf<\/a><\/td>\n<\/tr>\n<tr>\n<td>Anelize Cardoso da Gama<\/td>\n<td>EVOLU\u00c7\u00c3O DO DESENVOLVIMENTO DO CONHECIMENTO ESCOLAR: AN\u00c1LISE DOS TEXTOS ELABORADOS DURANTE O PROJETO DE ENSINO \u201cRIO CAMAQU\u00c3\u201d<\/td>\n<td>KR\u00dcGER, Verno<\/td>\n<td>\u00a0<a href=\"https:\/\/drive.google.com\/open?id=0B-acF_5K4uDVU2ZteGZqRUZLZzg\" target=\"_blank\" rel=\"noopener noreferrer\">EA_02.pdf<\/a><\/td>\n<\/tr>\n<tr>\n<td>B\u00e1rbara Dias dos Santos<\/td>\n<td>PROBLEMATIZANDO O ENSINO DE QU\u00cdMICA EM UM CURSO DE EDUCA\u00c7\u00c3O POPULAR<\/td>\n<td>FERREIRA, Maira<\/td>\n<td>\u00a0<a href=\"https:\/\/drive.google.com\/open?id=0B-acF_5K4uDVdlNyUEZuTkJZVlU\" target=\"_blank\" rel=\"noopener noreferrer\">EA_03.pdf<\/a><\/td>\n<\/tr>\n<tr>\n<td>Bianca Medeiros Marques<\/td>\n<td>A APRENDIZAGEM DE MATEM\u00c1TICAS ATRAV\u00c9S DO DESENVOLVIMENTO DE HABILIDADES ENXADR\u00cdSTICAS: AGREGANDO SIGNIFICADOS AOS SABERES MATEM\u00c1TICOS<\/td>\n<td>FONSECA, M\u00e1rcia Souza da<\/td>\n<td>\u00a0<a href=\"https:\/\/drive.google.com\/open?id=0B-acF_5K4uDVT25wQjNoR2pLOTA\" target=\"_blank\" rel=\"noopener noreferrer\">ER_01.pdf<\/a><\/td>\n<\/tr>\n<tr>\n<td>Carla Adelina In\u00e1cio de Oliveira<\/td>\n<td>ESTRAT\u00c9GIA PARA O ENSINO DE CI\u00caNCIAS NO 9\u00ba ANO DO ENSINO FUNDAMENTAL ATRAV\u00c9S DO TEMA TECNOLOGIA<\/td>\n<td>FERREIRA, Maira; SANGIOGO, F\u00e1bio Andr\u00e9<\/td>\n<td><a href=\"https:\/\/drive.google.com\/open?id=0B-acF_5K4uDVa3ptVFpoWlNaSkU\" target=\"_blank\" rel=\"noopener noreferrer\">\u00a0ER_02.pdf<\/a><\/td>\n<\/tr>\n<tr>\n<td>Ciany Pety dos Santos Martins<\/td>\n<td>NATIVOS DIGITAIS: O ENSINAR E APRENDER BIOLOGIA NA CONTEMPORANEIDADE<\/td>\n<td>GIL, Robledo Lima<\/td>\n<td><a href=\"https:\/\/drive.google.com\/open?id=0B-acF_5K4uDVZHpVRkFNZ21vWlE\" target=\"_blank\" rel=\"noopener noreferrer\">\u00a0EA_04.pdf<\/a><\/td>\n<\/tr>\n<tr>\n<td>Cristina Franz Strelow<\/td>\n<td>CONTRIBUI\u00c7\u00d5ES DA ESCRITA NO PROCESSO DE APRENDIZAGEM NA AULA DE MATEM\u00c1TICA<\/td>\n<td>\u00a0ALVES, Ant\u00f4nio Maur\u00edcio Medeiros<\/td>\n<td>\u00a0<a href=\"https:\/\/drive.google.com\/open?id=0B-acF_5K4uDVUkpPV1lRODA0Z1k\" target=\"_blank\" rel=\"noopener noreferrer\">EA_05.pdf<\/a><\/td>\n<\/tr>\n<tr>\n<td>Daniele Galv\u00e3o Mathias<\/td>\n<td>O USO DE MATERIAIS MANIPUL\u00c1VEIS COMO ESTRAT\u00c9GIA DE ENSINO<\/td>\n<td>RITA, Josiane Silva<\/td>\n<td><a href=\"https:\/\/drive.google.com\/open?id=0B-acF_5K4uDVLTgwRW9wNlFZM1E\" target=\"_blank\" rel=\"noopener noreferrer\">\u00a0EA_06.pdf<\/a><\/td>\n<\/tr>\n<tr>\n<td>Darlan Maurente Rangel<\/td>\n<td>A PR\u00c1TICA PEDAG\u00d3GICA DO PROFESSOR POLIVALENTE NO ENSINO DE MATEM\u00c1TICA<\/td>\n<td>\u00a0ALVES, Ant\u00f4nio Maur\u00edcio Medeiros<\/td>\n<td>\u00a0\u00a0<a href=\"https:\/\/drive.google.com\/open?id=0B-acF_5K4uDVcHhaZGdEOWtuWVk\" target=\"_blank\" rel=\"noopener noreferrer\">FP_03.pdf<\/a><\/td>\n<\/tr>\n<tr>\n<td>Fabiane Rodrigues Viana<\/td>\n<td>PLATAFORMA ADAPTATIVA PARA O ENSINO DE MATEM\u00c1TICA EM ESCOLAS MUNICIPAIS DE PELOTAS<\/td>\n<td>REIS, Vera L\u00facia Geiss dos; MARTINS, Maria de F\u00e1tima Duarte<\/td>\n<td>\u00a0<a href=\"https:\/\/drive.google.com\/open?id=0B-acF_5K4uDVZFQ2MW94azFOWWs\" target=\"_blank\" rel=\"noopener noreferrer\">ER_03.pdf<\/a><\/td>\n<\/tr>\n<tr>\n<td>Gerson Scherdien Altenburg<\/td>\n<td>GEOMETRIA, ARQUITETURA E GEOGEBRA: VE\u00cdCULO DE UMA APRENDIZAGEM SIGNIFICATIVA<\/td>\n<td>FERREIRA, Andr\u00e9 Luis Andrejew<\/td>\n<td><a href=\"https:\/\/drive.google.com\/open?id=0B-acF_5K4uDVS3pNeGVZclduUUk\" target=\"_blank\" rel=\"noopener noreferrer\">\u00a0EA_07.pdf<\/a><\/td>\n<\/tr>\n<tr>\n<td>Isabela Schiavon Amaral<\/td>\n<td>VIS\u00c3O DE ALUNOS INGRESSANTES NO CURSO DE CI\u00caNCIAS BIOL\u00d3GICAS SOBRE A UTILIZA\u00c7\u00c3O DE TEXTO DE DIVULGA\u00c7\u00c3O CIENT\u00cdFICA<\/td>\n<td>KUENTZER, M\u00f4nica; MUNHOS, Alison Acosta; CARLAN, Francele de Abreu; BOBROWSKI, Vera L\u00facia<\/td>\n<td><a href=\"https:\/\/drive.google.com\/open?id=0B-acF_5K4uDVVEljS1JCd19jUVk\" target=\"_blank\" rel=\"noopener noreferrer\">\u00a0ER_04.pdf<\/a><\/td>\n<\/tr>\n<tr>\n<td>Jaiane Ostemberg Dummer<\/td>\n<td>FORMA\u00c7\u00c3O CONTINUADA DE PROFESSORES ATRAV\u00c9S DE UM CURSO ON-LINE NA PERSPECTIVA DO EDUCAR PELA PESQUISA<\/td>\n<td>RODRIGUEZ, Rita de C\u00e1ssia Morem C\u00f3ssio<\/td>\n<td>\u00a0\u00a0<a href=\"https:\/\/drive.google.com\/open?id=0B-acF_5K4uDVcEIyakJXSnBWQVk\" target=\"_blank\" rel=\"noopener noreferrer\">FP_04.pdf<\/a><\/td>\n<\/tr>\n<tr>\n<td>Josiane de Moraes Brignol<\/td>\n<td>PRODU\u00c7\u00c3O AUDIOVISUAL NA ESCOLA RURAL<\/td>\n<td>SILVA, Josias Pereira<\/td>\n<td>\u00a0<a href=\"https:\/\/drive.google.com\/open?id=0B-acF_5K4uDVd3Z1TFR5ZmlxYWc\" target=\"_blank\" rel=\"noopener noreferrer\">ER_05.pdf<\/a><\/td>\n<\/tr>\n<tr>\n<td>Karine Andrade Buchhorn<\/td>\n<td>A UTILIZA\u00c7\u00c3O DE DISPOSITIVOS TECNOL\u00d3GICOS DIGITAIS NO PROCESSO DE ENSINO-APRENDIZAGEM NA DISCIPLINA DE BIOLOGIA<\/td>\n<td>OLIVEIRA, Edson Luis de Almeida<\/td>\n<td>\u00a0<a href=\"https:\/\/drive.google.com\/open?id=0B-acF_5K4uDVYWFtVkNzeGx5dG8\" target=\"_blank\" rel=\"noopener noreferrer\">ER_06.pdf<\/a><\/td>\n<\/tr>\n<tr>\n<td>Leonice Chaves Vieira<\/td>\n<td>A PEDAGOGIA DA ALTERN\u00c2NCIA DO CURSO DE AGROECOLOGIA: UM ESTUDO DE CASO NO INSTITUTO FEDERAL SUL-RIOGRANDENSE<\/td>\n<td>SILVEIRA, Denise Nascimento; PORTO J\u00daNIOR, Manoel Jos\u00e9<\/td>\n<td>\u00a0<a href=\"https:\/\/drive.google.com\/open?id=1N76IeDNDVksPKbP4EKy1IX5I0JNb9YiM\" target=\"_blank\" rel=\"noopener noreferrer\">ER_07.pdf<\/a><\/td>\n<\/tr>\n<tr>\n<td>Lidiane Maciel Pereira<\/td>\n<td>ELEI\u00c7\u00d5ES 2016: UMA POSS\u00cdVEL REFLEX\u00c3O MATEM\u00c1TICA<\/td>\n<td>SILVEIRA, Denise Nascimento<\/td>\n<td>\u00a0<a href=\"https:\/\/drive.google.com\/open?id=0B-acF_5K4uDVYU90NWU1Z1h2N3M\" target=\"_blank\" rel=\"noopener noreferrer\">EA_08.pdf<\/a><\/td>\n<\/tr>\n<tr>\n<td>Luana Leal Alves<\/td>\n<td>O USO DA LITERATURA INFANTIL ATRAV\u00c9S DE SEQU\u00caNCIA DID\u00c1TICA: CONTRIBUI\u00c7\u00d5ES PARA O ENSINO DE MATEM\u00c1TICA NOS ANOS INICIAIS<\/td>\n<td>ALVES, Ant\u00f4nio Maur\u00edcio Medeiros<\/td>\n<td>\u00a0<a href=\"https:\/\/drive.google.com\/open?id=0B-acF_5K4uDVY0tGSjVMbGhSUWc\" target=\"_blank\" rel=\"noopener noreferrer\">\u00a0FP_05.pdf<\/a><\/td>\n<\/tr>\n<tr>\n<td>Marco Ant\u00f4nio Medronha da Silva Filho<\/td>\n<td>X\u00d4 MOSQUITO: USO DAS M\u00cdDIAS DIGITAIS NO PROJETO DE ENSINO DE CI\u00caNCIAS<\/td>\n<td>\u00a0SPEROTTO, Ros\u00e1ria Ilgenfritz<\/td>\n<td>\u00a0<a href=\"https:\/\/drive.google.com\/open?id=0B-acF_5K4uDVaVFHSUQ4TGdQZEU\" target=\"_blank\" rel=\"noopener noreferrer\">ER_08.pdf<\/a><\/td>\n<\/tr>\n<tr>\n<td>Maria Helena de Mello Xavier<\/td>\n<td>AMPLIANDO SABERES NA EDUCA\u00c7\u00c3O DE ALUNOS SURDOS<\/td>\n<td>RODRIGUEZ, Rita de C\u00e1ssia Morem C\u00f3ssio<\/td>\n<td style=\"text-align: center\"><a href=\"https:\/\/drive.google.com\/open?id=0B-acF_5K4uDVRU9FaHZCR1d2c0E\" target=\"_blank\" rel=\"noopener noreferrer\">EA_09.pdf<\/a><\/td>\n<\/tr>\n<tr>\n<td>Melissa Lopes Meyer<\/td>\n<td>EDUCA\u00c7\u00c3O AMBIENTAL NA PERSPECTIVA DA INTERDISCIPLINARIDADE E DIVERSIDADE CULTURAL\/SOCIAL<\/td>\n<td>GIL, Robledo Lima<\/td>\n<td>\u00a0<a href=\"https:\/\/drive.google.com\/open?id=0B-acF_5K4uDVdXVCdnNVNTVuczQ\" target=\"_blank\" rel=\"noopener noreferrer\">ER_09.pdf<\/a><\/td>\n<\/tr>\n<tr>\n<td>Milene Soares Dias<\/td>\n<td>UMA PROPOSTA PARA SUPERAR AS DIFICULDADES DE APRENDIZAGEM DE ALUNOS SURDOS ATRAV\u00c9S DO ESTUDO DE INTERA\u00c7\u00d5ES ECOL\u00d3GICAS<\/td>\n<td>CARLAN, Francele de Abreu<\/td>\n<td>\u00a0<a href=\"https:\/\/drive.google.com\/open?id=0B-acF_5K4uDVSmlpaDJ5eEtSWTg\" target=\"_blank\" rel=\"noopener noreferrer\">ER_10.pdf<\/a><\/td>\n<\/tr>\n<tr>\n<td>M\u00f4nica Kuentzer<\/td>\n<td>EXPECTATIVAS DE ALUNOS INGRESSANTES DE LICENCIATURA EM BIOLOGIA QUANTO A UTILIZA\u00c7\u00c3O DE RECURSOS DID\u00c1TICOS AO LONGO DA FORMA\u00c7\u00c3O<\/td>\n<td>AMARAL, Isabela Schiavon; MUNHOS, Alison Acosta; CARLAN, Francele de Abreu; BOBROWSKI, Vera L\u00facia<\/td>\n<td>\u00a0<a href=\"https:\/\/drive.google.com\/open?id=0B-acF_5K4uDVT243LVB2ZTNsckE\" target=\"_blank\" rel=\"noopener noreferrer\">ER_11.pdf<\/a><\/td>\n<\/tr>\n<tr>\n<td>N\u00e1dia Regina Barcelos Martins<\/td>\n<td>QUANDO DOIS MAIS DOIS S\u00c3O MAIS QUE QUATRO: SUCESSO DE ALUNOS DE ESCOLA DE PERIFERIA HOJE ACAD\u00caMICOS DA LICENCIATURA EM MATEM\u00c1TICA DA UFPEL<\/td>\n<td>MARTINS, Maria de F\u00e1tima Duarte<\/td>\n<td>\u00a0<a href=\"https:\/\/drive.google.com\/open?id=0B-acF_5K4uDVcjlsZ1RBQlczNlk\" target=\"_blank\" rel=\"noopener noreferrer\">EA_10.pdf<\/a><\/td>\n<\/tr>\n<tr>\n<td>Rosemeri da Cruz Cavalheiro Penteado<\/td>\n<td>UM OLHAR SOBRE O PAPEL DA CI\u00caNCIA NAS PR\u00c1TICAS DE PROFESSORAS NA EDUCA\u00c7\u00c3O INFANTIL<\/td>\n<td>\u00a0FERREIRA, Maira<\/td>\n<td>\u00a0\u00a0<a href=\"https:\/\/drive.google.com\/open?id=0B-acF_5K4uDVMnExdzVNLS1TWmc\" target=\"_blank\" rel=\"noopener noreferrer\">FP_06.pdf<\/a><\/td>\n<\/tr>\n<\/tbody>\n<\/table>\n<p>&nbsp;<\/p>\n<p style=\"text-align: center\"><strong>COMISS\u00c3O ORGANIZADORA:<\/strong><\/p>\n<p style=\"text-align: center\">Aline Gonzalez Saller<\/p>\n<p style=\"text-align: center\">Ana Cristina Medina Pinto<\/p>\n<p style=\"text-align: center\">Ana Rutz Devantier Reinke<\/p>\n<p style=\"text-align: center\">Ane Maciel Dias<\/p>\n<p style=\"text-align: center\">B\u00e1rbara Cristina Dias dos Santos<\/p>\n<p style=\"text-align: center\">Eduarda Meireles P\u00e2ncaro<\/p>\n<p style=\"text-align: center\">Fabiane Rodrigues Viana<\/p>\n<p style=\"text-align: center\">Gabriela Pereira de Pereira<\/p>\n<p style=\"text-align: center\">Maria Helena de Mello Xavier<\/p>\n<p style=\"text-align: center\">Maria Josiane Rusch da Silva<\/p>\n<p style=\"text-align: center\">Milene Soares Dias<\/p>\n","protected":false},"excerpt":{"rendered":"<p>COMIT\u00ca CIENT\u00cdFICO: Prof. Dr. Andr\u00e9 Luis Andrejew Ferreira Prof\u00aa. Dr\u00aa. Denise Nascimento Silveira Prof. Dr. F\u00e1bio Andr\u00e9 Sangiogo Prof\u00aa. Dr\u00aa. Francele de Abreu Carlan Prof\u00aa. Dr\u00aa. Maira Ferreira Prof\u00aa. Dr\u00aa. Maria de F\u00e1tima Duarte Martins Prof. Dr. Robledo Lima Gil Prof. Dr. Verno Kr\u00fcger &nbsp; APRESENTADOR T\u00cdTULO CO-AUTORES ARQUIVO Ana Cristina Medina Pinto CONSTITUI\u00c7\u00c3O DA [&hellip;]<\/p>\n","protected":false},"author":462,"featured_media":0,"parent":406,"menu_order":8,"comment_status":"closed","ping_status":"closed","template":"","meta":{"footnotes":""},"class_list":["post-28","page","type-page","status-publish","hentry"],"_links":{"self":[{"href":"https:\/\/wp.ufpel.edu.br\/simposioppgecm\/wp-json\/wp\/v2\/pages\/28","targetHints":{"allow":["GET"]}}],"collection":[{"href":"https:\/\/wp.ufpel.edu.br\/simposioppgecm\/wp-json\/wp\/v2\/pages"}],"about":[{"href":"https:\/\/wp.ufpel.edu.br\/simposioppgecm\/wp-json\/wp\/v2\/types\/page"}],"author":[{"embeddable":true,"href":"https:\/\/wp.ufpel.edu.br\/simposioppgecm\/wp-json\/wp\/v2\/users\/462"}],"replies":[{"embeddable":true,"href":"https:\/\/wp.ufpel.edu.br\/simposioppgecm\/wp-json\/wp\/v2\/comments?post=28"}],"version-history":[{"count":11,"href":"https:\/\/wp.ufpel.edu.br\/simposioppgecm\/wp-json\/wp\/v2\/pages\/28\/revisions"}],"predecessor-version":[{"id":373,"href":"https:\/\/wp.ufpel.edu.br\/simposioppgecm\/wp-json\/wp\/v2\/pages\/28\/revisions\/373"}],"up":[{"embeddable":true,"href":"https:\/\/wp.ufpel.edu.br\/simposioppgecm\/wp-json\/wp\/v2\/pages\/406"}],"wp:attachment":[{"href":"https:\/\/wp.ufpel.edu.br\/simposioppgecm\/wp-json\/wp\/v2\/media?parent=28"}],"curies":[{"name":"wp","href":"https:\/\/api.w.org\/{rel}","templated":true}]}}