{"id":9,"date":"2018-04-21T21:08:54","date_gmt":"2018-04-22T00:08:54","guid":{"rendered":"https:\/\/wp.ufpel.edu.br\/simposioestadualdioctofimatose\/?page_id=9"},"modified":"2018-08-18T00:52:30","modified_gmt":"2018-08-18T03:52:30","slug":"programacao","status":"publish","type":"page","link":"https:\/\/wp.ufpel.edu.br\/simposioestadualdioctofimatose\/programacao\/","title":{"rendered":"Programa\u00e7\u00e3o"},"content":{"rendered":"<h4 style=\"text-align: justify\"><span style=\"color: #000000\">O 1\u00ba Simp\u00f3sio Estadual de Dioctofimatose: Desafios e Perspectivas tem a honra de apresentar a sua programa\u00e7\u00e3o de palestras, trazendo \u00e0 cidade de Pelotas palestrantes nacionais e internacionais.\u00a0<\/span><\/h4>\n<p>&nbsp;<\/p>\n<p><img loading=\"lazy\" decoding=\"async\" class=\"wp-image-433 aligncenter\" src=\"https:\/\/wp.ufpel.edu.br\/simposioestadualdioctofimatose\/files\/2018\/08\/Programa\u00e7\u00e3o-1-400x400.png\" alt=\"\" width=\"822\" height=\"822\" srcset=\"https:\/\/wp.ufpel.edu.br\/simposioestadualdioctofimatose\/files\/2018\/08\/Programa\u00e7\u00e3o-1-400x400.png 400w, https:\/\/wp.ufpel.edu.br\/simposioestadualdioctofimatose\/files\/2018\/08\/Programa\u00e7\u00e3o-1-200x200.png 200w, https:\/\/wp.ufpel.edu.br\/simposioestadualdioctofimatose\/files\/2018\/08\/Programa\u00e7\u00e3o-1-768x768.png 768w, https:\/\/wp.ufpel.edu.br\/simposioestadualdioctofimatose\/files\/2018\/08\/Programa\u00e7\u00e3o-1-1024x1024.png 1024w, https:\/\/wp.ufpel.edu.br\/simposioestadualdioctofimatose\/files\/2018\/08\/Programa\u00e7\u00e3o-1.png 1323w\" sizes=\"auto, (max-width: 822px) 100vw, 822px\" \/><\/p>\n<p>&nbsp;<\/p>\n<h1 style=\"text-align: center\"><span style=\"color: #800000\"><strong>27 de Setembro<\/strong><\/span><\/h1>\n<p>&nbsp;<\/p>\n<h2 style=\"text-align: center\"><span style=\"color: #800000\">Aspectos<\/span><img loading=\"lazy\" decoding=\"async\" class=\"wp-image-313 alignleft\" style=\"margin-top: 6px\" src=\"https:\/\/wp.ufpel.edu.br\/simposioestadualdioctofimatose\/files\/2018\/07\/Foto-Carol-359x400.jpg\" alt=\"\" width=\"201\" height=\"224\" srcset=\"https:\/\/wp.ufpel.edu.br\/simposioestadualdioctofimatose\/files\/2018\/07\/Foto-Carol-359x400.jpg 359w, https:\/\/wp.ufpel.edu.br\/simposioestadualdioctofimatose\/files\/2018\/07\/Foto-Carol.jpg 379w\" sizes=\"auto, (max-width: 201px) 100vw, 201px\" \/><span style=\"color: #800000\">\u00a0biol\u00f3gicos de\u00a0<em>Dioctophyme renale<\/em> e a epidemiologia da dioctofimatose<\/span><\/h2>\n<p><span style=\"font-size: 18pt;color: #1f1a22;font-family: inherit;font-weight: bold\">Palestrante: Carolina Silveira Mascarenhas<\/span><\/p>\n<p style=\"text-align: justify\">Pesquisadora no Laborat\u00f3rio de Parasitologia de Animais Silvestres (LAPASIL\/IB\/UFPel), onde desenvolve estudos com \u00eanfase em helmintologia. Atua como p\u00f3s-doutoranda no Programa de P\u00f3s-gradua\u00e7\u00e3o em Parasitologia (UFPel) desenvolvendo projetos de pesquisa e extens\u00e3o relacionados a dioctofimatose na regi\u00e3o sul do Rio Grande do Sul.<\/p>\n<p>&nbsp;<\/p>\n<p style=\"text-align: center\"><img loading=\"lazy\" decoding=\"async\" class=\"wp-image-394 alignright\" src=\"https:\/\/wp.ufpel.edu.br\/simposioestadualdioctofimatose\/files\/2018\/08\/Foto-Lola-400x329.jpg\" alt=\"\" width=\"246\" height=\"203\" srcset=\"https:\/\/wp.ufpel.edu.br\/simposioestadualdioctofimatose\/files\/2018\/08\/Foto-Lola-400x329.jpg 400w, https:\/\/wp.ufpel.edu.br\/simposioestadualdioctofimatose\/files\/2018\/08\/Foto-Lola.jpg 513w\" sizes=\"auto, (max-width: 246px) 100vw, 246px\" \/><\/p>\n<h2 style=\"text-align: center\"><span style=\"color: #800000;font-size: 18pt\"><b>Anelidos<\/b><b>: en un \u00c1rea Ribere\u00f1a al Rio de La <\/b><b>Plata <\/b><b>(Barrio El <\/b><b>Molino &#8211;\u00a0<\/b><\/span><span style=\"color: #800000;font-size: 18pt\"><b><\/b><b>Punta <\/b><b>Lara \u2013 Ensenada &#8211; <\/b><b>Buenos <\/b><b>Aires &#8211; <\/b><b>Argentina)<\/b><\/span><\/h2>\n<h2 style=\"text-align: right\"><span style=\"font-size: 18pt\">Palestrante: Lola Burgos<\/span><\/h2>\n<p style=\"text-align: justify\">M\u00e9dica (Bacteriologia Cl\u00ednica e Industrial) com especializa\u00e7\u00e3o em Ensino Universit\u00e1rio. Doutoranda em Ci\u00eancias Veterin\u00e1rias na Universidade Nacional de La Plata (Faculdade de Veterin\u00e1ria), onde desenvolve projetos de extens\u00e3o na \u00e1rea da parasitologia em uma regi\u00e3o ribeirinha ao rio de La Plata.<\/p>\n<p>&nbsp;<\/p>\n<h1 style=\"text-align: center\"><span style=\"color: #800000\">28 de Setembro<\/span><\/h1>\n<p>&nbsp;<\/p>\n<h2 style=\"text-align: center\"><span style=\"color: #800000\">Avalia<\/span><span style=\"color: #800000\">\u00e7\u00e3<\/span><img loading=\"lazy\" decoding=\"async\" class=\"wp-image-372 alignleft\" style=\"color: #4a474b;font-size: 16px;margin-top: 6px\" src=\"https:\/\/wp.ufpel.edu.br\/simposioestadualdioctofimatose\/files\/2018\/07\/Foto-Soliane-305x400.jpg\" alt=\"\" width=\"192\" height=\"252\" srcset=\"https:\/\/wp.ufpel.edu.br\/simposioestadualdioctofimatose\/files\/2018\/07\/Foto-Soliane-305x400.jpg 305w, https:\/\/wp.ufpel.edu.br\/simposioestadualdioctofimatose\/files\/2018\/07\/Foto-Soliane.jpg 377w\" sizes=\"auto, (max-width: 192px) 100vw, 192px\" \/><span style=\"color: #800000\">o da ocorr\u00eancia da dioctofimatose em Pelotas e\u00a0<\/span><span style=\"color: #800000\">dissemin<\/span><span style=\"color: #800000\">a\u00e7\u00e3o de ovos do parasito<\/span><\/h2>\n<h2 style=\"text-align: left\"><span style=\"font-size: 18pt\">Palestrante: Soliane Carra Perera<\/span><\/h2>\n<p style=\"text-align: justify\">Doutoranda do PPG em Veterin\u00e1ria pela Universidade Federal de Pelotas (UFPel), e colaboradora do Grupo de Pesquisa, Ensino e Extens\u00e3o em Produtos Naturais na Cl\u00ednica M\u00e9dica Veterin\u00e1ria (FITOPEET) e do Projeto <i>Dioctophyme renale<\/i> em C\u00e3es e Gatos (PRODiC). Atua em pesquisas que envolvem <i>Dioctophyme renale<\/i> e em formas de controle do nemat\u00f3deo a partir do uso de extratos vegetais.<\/p>\n<p>&nbsp;<\/p>\n<p><img loading=\"lazy\" decoding=\"async\" class=\"wp-image-249 alignright\" style=\"color: #800000\" src=\"https:\/\/wp.ufpel.edu.br\/simposioestadualdioctofimatose\/files\/2018\/07\/Foto-Marcos-Butti-282x400.jpg\" alt=\"\" width=\"167\" height=\"237\" srcset=\"https:\/\/wp.ufpel.edu.br\/simposioestadualdioctofimatose\/files\/2018\/07\/Foto-Marcos-Butti-282x400.jpg 282w, https:\/\/wp.ufpel.edu.br\/simposioestadualdioctofimatose\/files\/2018\/07\/Foto-Marcos-Butti.jpg 346w\" sizes=\"auto, (max-width: 167px) 100vw, 167px\" \/><\/p>\n<h2 style=\"text-align: center\"><span style=\"color: #800000\">Situaci\u00f3n de la dioctofimosis en un \u00e1rea end\u00e9mica\u00a0d<span style=\"font-family: inherit\">e la<\/span><\/span><span style=\"font-family: inherit;color: #800000\">\u00a0Rep\u00fablica Argentina y sus perspectivas\u00a0<\/span><\/h2>\n<h3 style=\"text-align: right\"><strong>Palestrante Marcos J. Butti<\/strong><\/h3>\n<p style=\"text-align: justify\">Pesquisador na Universidade Nacional de La Plata (Faculdade de Veterin\u00e1ria), onde desenvolve estudos relacionados \u00e0 epidemiologia, imunologia e controle da\u00a0dioctofimatose canina em uma \u00e1rea end\u00eamica para parasitose na Argentina. Participa de pesquisas relacionadas \u00e0 dioctofimatose junto ao Instituto de Investiga\u00e7\u00f5es Bioqu\u00edmicas de La Plata (INIBIOLP) e ao Instituto de Pesquisa em Microbiologia e Parasitologia M\u00e9dica (IMPAM).<\/p>\n<p>&nbsp;<\/p>\n<p><img loading=\"lazy\" decoding=\"async\" class=\"wp-image-315 alignleft\" src=\"https:\/\/wp.ufpel.edu.br\/simposioestadualdioctofimatose\/files\/2018\/07\/Foto-Tiago-295x400.jpg\" alt=\"\" width=\"182\" height=\"247\" srcset=\"https:\/\/wp.ufpel.edu.br\/simposioestadualdioctofimatose\/files\/2018\/07\/Foto-Tiago-295x400.jpg 295w, https:\/\/wp.ufpel.edu.br\/simposioestadualdioctofimatose\/files\/2018\/07\/Foto-Tiago.jpg 330w\" sizes=\"auto, (max-width: 182px) 100vw, 182px\" \/><\/p>\n<h2 style=\"text-align: center\"><em><span style=\"color: #800000\">Dioctophyme<\/span><\/em><span style=\"color: #800000\">\u00a0<em>renale<\/em>: casu\u00edstica e an\u00e1lise espacial dos casos em Uruguaiana<\/span><\/h2>\n<h2 style=\"text-align: left\"><span style=\"font-size: 18pt\">Palestrante: Tiago Gallina Corr\u00eaa<\/span><\/h2>\n<p style=\"text-align: justify\">Professor na Universidade Federal do Pampa em Uruguaiana\/RS. Tem experi\u00eancia em diagn\u00f3stico de helmintoses e protozooses gastrintestinais de animais e humanos. Atua principalmente nos seguintes temas: diagn\u00f3stico parasitol\u00f3gico, controle e epidemiologia das parasitoses de ruminantes e epidemiologia de zoonoses parasit\u00e1rias.<\/p>\n<p>&nbsp;<\/p>\n<p>&nbsp;<\/p>\n<p><img loading=\"lazy\" decoding=\"async\" class=\"wp-image-370 alignright\" src=\"https:\/\/wp.ufpel.edu.br\/simposioestadualdioctofimatose\/files\/2018\/07\/Foto-Pedrassani-396x400.jpg\" alt=\"\" width=\"224\" height=\"226\" srcset=\"https:\/\/wp.ufpel.edu.br\/simposioestadualdioctofimatose\/files\/2018\/07\/Foto-Pedrassani-396x400.jpg 396w, https:\/\/wp.ufpel.edu.br\/simposioestadualdioctofimatose\/files\/2018\/07\/Foto-Pedrassani.jpg 417w\" sizes=\"auto, (max-width: 224px) 100vw, 224px\" \/><\/p>\n<h2 style=\"text-align: center\"><span style=\"color: #800000\">Epidemiologia de <em>Dioctophyme renale<\/em> em Tr\u00eas Barras (<\/span><span style=\"color: #800000\">SC<\/span><\/h2>\n<h2 style=\"text-align: right\"><span style=\"font-size: 18pt\">Palestrante: Daniela Pedrassani<\/span><\/h2>\n<p style=\"text-align: justify\">Professora no curso de gradua\u00e7\u00e3o em Medicina Veterin\u00e1ria e no Programa de Mestrado em Desenvolvimento Regional da Universidade do Contestado-UnC (Santa Catarina). Atua nas disciplinas de Parasitologia Veterin\u00e1ria, Doen\u00e7as Parasit\u00e1rias e Zoonoses. Desenvolve pesquisas relacionadas\u00a0 as helmintoses de c\u00e3es e gatos, helmintoses de equinos e protozo\u00e1rios em animais de companhia.<\/p>\n<p>&nbsp;<\/p>\n<h2 style=\"text-align: left\"><img loading=\"lazy\" decoding=\"async\" class=\"wp-image-278 alignleft\" src=\"https:\/\/wp.ufpel.edu.br\/simposioestadualdioctofimatose\/files\/2018\/07\/Foto-Josaine-365x400.jpg\" alt=\"\" width=\"207\" height=\"227\" srcset=\"https:\/\/wp.ufpel.edu.br\/simposioestadualdioctofimatose\/files\/2018\/07\/Foto-Josaine-365x400.jpg 365w, https:\/\/wp.ufpel.edu.br\/simposioestadualdioctofimatose\/files\/2018\/07\/Foto-Josaine.jpg 397w\" sizes=\"auto, (max-width: 207px) 100vw, 207px\" \/><\/h2>\n<h2><\/h2>\n<h2 style=\"text-align: center\"><span style=\"color: #800000\">Verme gigante do rim: o novo vil\u00e3o do Sul<\/span><\/h2>\n<h2 style=\"text-align: left\"><span style=\"font-size: 18pt\">Palestrante: Josaine Rappeti<\/span><\/h2>\n<p style=\"text-align: justify\">Professora da disciplina de Cl\u00ednica Cir\u00fargica I pela Universidade Federal de Pelotas (UFPel) e coordenadora do grupo de pesquisa e extens\u00e3o Projeto <em>Dioctophyme renale<\/em> em c\u00e3es e gatos (PRODIC). \u00c9 respons\u00e1vel por desenvolver trabalhos de divulga\u00e7\u00e3o da dioctofimatose em escolas municipais e Unidades B\u00e1sicas de Sa\u00fade da cidade de Pelotas, assim como pesquisa de c\u00e3es parasitados provenientes da ONG A4 e Prefeitura Municipal de Pelotas.<\/p>\n<p>&nbsp;<\/p>\n<p>&nbsp;<\/p>\n<h2><img loading=\"lazy\" decoding=\"async\" class=\" wp-image-314 alignright\" style=\"color: #4a474b;font-size: 16px;font-weight: 400\" src=\"https:\/\/wp.ufpel.edu.br\/simposioestadualdioctofimatose\/files\/2018\/07\/Foto-Maur\u00edcio.jpg\" alt=\"\" width=\"206\" height=\"221\" \/><\/h2>\n<h2 style=\"text-align: center\"><span style=\"color: #800000\">Cirurgia laparosc\u00f3pica no tratamento da dioctofimatos<\/span><span style=\"color: #800000\">e em c\u00e3es<\/span><\/h2>\n<h2 style=\"text-align: right\"><span style=\"font-size: 18pt\">Palestran<\/span><span style=\"font-size: 18pt\">te: Maur\u00edcio Veloso\u00a0<\/span><span style=\"font-size: 18pt\">Brun<\/span><\/h2>\n<p style=\"text-align: justify\">Professor da Universidade Federal de Santa Maria e colaborador do Centro de Cirurg\u00eda de M\u00ednima Invasi\u00f3n Jess\u00fas Us\u00f3n (CCMIJU &#8211; Espanha). Tem experi\u00eancia na \u00e1rea de Medicina Veterin\u00e1ria, com \u00eanfase em Cl\u00ednica Cir\u00fargica e T\u00e9cnica Cir\u00fargica Animal, atuando principalmente nos seguintes temas: cirurgia laparosc\u00f3pica, NOTES, LESS, cirurgia toracosc\u00f3pica, cirurgia reconstrutiva, endoscopia, microcirurgia, cirurgia experimental e cirurgias convencionais em diferentes especialidades.<\/p>\n<p>&nbsp;<\/p>\n<h2 style=\"text-align: center\"><img loading=\"lazy\" decoding=\"async\" class=\" wp-image-404 alignleft\" src=\"https:\/\/wp.ufpel.edu.br\/simposioestadualdioctofimatose\/files\/2018\/08\/Foto-Fabi-Grecco.jpg\" alt=\"\" width=\"231\" height=\"231\" srcset=\"https:\/\/wp.ufpel.edu.br\/simposioestadualdioctofimatose\/files\/2018\/08\/Foto-Fabi-Grecco.jpg 240w, https:\/\/wp.ufpel.edu.br\/simposioestadualdioctofimatose\/files\/2018\/08\/Foto-Fabi-Grecco-200x200.jpg 200w\" sizes=\"auto, (max-width: 231px) 100vw, 231px\" \/><\/h2>\n<p>&nbsp;<\/p>\n<h2 style=\"text-align: center\"><span style=\"color: #800000\">Principais altera\u00e7\u00f5es anatomo-patol\u00f3gicas de c\u00e3es e\u00a0<\/span><span style=\"color: #800000\">gatos parasitados por\u00a0<em>D. renale<\/em><\/span><\/h2>\n<h2 style=\"text-align: left\">\u00a0<span style=\"font-size: 18pt\">Palestrante: Fabiane Borelli Grecco<\/span><\/h2>\n<p style=\"text-align: justify\">Professora de Patologia na Faculdade de Veterin\u00e1ria da UFPel. Atualmente \u00e9 chefe do N\u00facleo de Bacharelados, Tecnologias e Est\u00e1gios da Pr\u00f3-Reitoria de Gradua\u00e7\u00e3o da UFPEL e patologista do Servi\u00e7o de Oncologia Veterin\u00e1ria SOVET da Faculdade de Veterin\u00e1ria. Atua na \u00e1rea de patologia de pequenos animais, principalmente nos seguintes temas: patologia animal, oncologia e histopatologia de les\u00f5es renais e hep\u00e1ticas em c\u00e3es e gatos.<\/p>\n<p>&nbsp;<\/p>\n","protected":false},"excerpt":{"rendered":"<p>O 1\u00ba Simp\u00f3sio Estadual de Dioctofimatose: Desafios e Perspectivas tem a honra de apresentar a sua programa\u00e7\u00e3o de palestras, trazendo \u00e0 cidade de Pelotas palestrantes nacionais e internacionais.\u00a0 &nbsp; &nbsp; 27 de Setembro &nbsp; Aspectos\u00a0biol\u00f3gicos de\u00a0Dioctophyme renale e a epidemiologia da dioctofimatose Palestrante: Carolina Silveira Mascarenhas Pesquisadora no Laborat\u00f3rio de Parasitologia de Animais Silvestres (LAPASIL\/IB\/UFPel), &hellip; <\/p>\n<p><a class=\"more-link btn\" href=\"https:\/\/wp.ufpel.edu.br\/simposioestadualdioctofimatose\/programacao\/\">Continue lendo<\/a><\/p>\n","protected":false},"author":853,"featured_media":0,"parent":0,"menu_order":0,"comment_status":"closed","ping_status":"closed","template":"","meta":{"footnotes":""},"class_list":["post-9","page","type-page","status-publish","hentry","nodate","item-wrap"],"_links":{"self":[{"href":"https:\/\/wp.ufpel.edu.br\/simposioestadualdioctofimatose\/wp-json\/wp\/v2\/pages\/9","targetHints":{"allow":["GET"]}}],"collection":[{"href":"https:\/\/wp.ufpel.edu.br\/simposioestadualdioctofimatose\/wp-json\/wp\/v2\/pages"}],"about":[{"href":"https:\/\/wp.ufpel.edu.br\/simposioestadualdioctofimatose\/wp-json\/wp\/v2\/types\/page"}],"author":[{"embeddable":true,"href":"https:\/\/wp.ufpel.edu.br\/simposioestadualdioctofimatose\/wp-json\/wp\/v2\/users\/853"}],"replies":[{"embeddable":true,"href":"https:\/\/wp.ufpel.edu.br\/simposioestadualdioctofimatose\/wp-json\/wp\/v2\/comments?post=9"}],"version-history":[{"count":23,"href":"https:\/\/wp.ufpel.edu.br\/simposioestadualdioctofimatose\/wp-json\/wp\/v2\/pages\/9\/revisions"}],"predecessor-version":[{"id":434,"href":"https:\/\/wp.ufpel.edu.br\/simposioestadualdioctofimatose\/wp-json\/wp\/v2\/pages\/9\/revisions\/434"}],"wp:attachment":[{"href":"https:\/\/wp.ufpel.edu.br\/simposioestadualdioctofimatose\/wp-json\/wp\/v2\/media?parent=9"}],"curies":[{"name":"wp","href":"https:\/\/api.w.org\/{rel}","templated":true}]}}