{"id":11,"date":"2024-08-24T23:00:24","date_gmt":"2024-08-25T02:00:24","guid":{"rendered":"https:\/\/wp.ufpel.edu.br\/simposiodidaticadahistoria\/?page_id=11"},"modified":"2024-11-04T10:31:55","modified_gmt":"2024-11-04T13:31:55","slug":"comissao-organizadora","status":"publish","type":"page","link":"https:\/\/wp.ufpel.edu.br\/simposiodidaticadahistoria\/comissao-organizadora\/","title":{"rendered":"Comiss\u00e3o Organizadora"},"content":{"rendered":"<p>Prof.\u00a0 Dr. Arnaldo Martin Szlachta Junior (Universidade Federal de Pernambuco \/ UFPE).<\/p>\n<p>Prof. Dr. Cristiano Nicolini (Universidade Federal de Goi\u00e1s \/ UFG).<\/p>\n<p>Prof.\u00a0 Dra. M\u00e1rcia Elisa Tet\u00e9 Ramos (Universidade Estadual de Maring\u00e1 \/ UEM).<\/p>\n<p>Prof. Dr. Rafael Saddi Teixeira (Universidade Federal de Goi\u00e1s \/ UFG).<\/p>\n<p>Prof. Dr. Thiago Augusto Divardim de Oliveira (Instituto Federal do Paran\u00e1 \/ IFPR, campus Curitiba).<\/p>\n<p>Prof. Dr. Wilian Junior Bonete (Universidade Federal de Pelotas \/ UFPEL).<\/p>\n<p style=\"text-align: center;\">______<\/p>\n<p>Monitores<\/p>\n<p>Roberta Duarte da Silva (Docente da UFPE)<\/p>\n<p>Sabrina Thurow (Graduanda em Hist\u00f3ria\/UFPEL)<\/p>\n<p>Patrick de Oliveira Colvara (Graduando em Hist\u00f3ria\/UFPEL)<\/p>\n<p>Maria Vit\u00f3ria Israel Souza (Graduanda em Hist\u00f3ria\/UFG)<\/p>\n<p>Isabela Almeida Gomes (Mestranda em Hist\u00f3ria no PPGH\/UFG).<\/p>\n<p>Luiz Eduardo Barbosa Gon\u00e7alves (Mestrando em Hist\u00f3ria no PPGH\/UFG).<\/p>\n<p>&nbsp;<\/p>\n<p>______<\/p>\n<p>Desenvolvimento do website<\/p>\n<p>Prof. Dr. Wilian Junior Bonete (UFPEL).<\/p>\n","protected":false},"excerpt":{"rendered":"<p>Prof.\u00a0 Dr. Arnaldo Martin Szlachta Junior (Universidade Federal de Pernambuco \/ UFPE). Prof. Dr. Cristiano Nicolini (Universidade Federal de Goi\u00e1s \/ UFG). Prof.\u00a0 Dra. M\u00e1rcia Elisa Tet\u00e9 Ramos (Universidade Estadual de Maring\u00e1 \/ UEM). Prof. Dr. Rafael Saddi Teixeira (Universidade Federal de Goi\u00e1s \/ UFG). Prof. Dr. Thiago Augusto Divardim de Oliveira (Instituto Federal do &hellip; <\/p>\n<p><a class=\"more-link btn\" href=\"https:\/\/wp.ufpel.edu.br\/simposiodidaticadahistoria\/comissao-organizadora\/\">Continue lendo<\/a><\/p>\n","protected":false},"author":1274,"featured_media":0,"parent":0,"menu_order":5,"comment_status":"closed","ping_status":"closed","template":"","meta":{"_crdt_document":"","footnotes":""},"class_list":["post-11","page","type-page","status-publish","hentry","nodate","item-wrap"],"_links":{"self":[{"href":"https:\/\/wp.ufpel.edu.br\/simposiodidaticadahistoria\/wp-json\/wp\/v2\/pages\/11","targetHints":{"allow":["GET"]}}],"collection":[{"href":"https:\/\/wp.ufpel.edu.br\/simposiodidaticadahistoria\/wp-json\/wp\/v2\/pages"}],"about":[{"href":"https:\/\/wp.ufpel.edu.br\/simposiodidaticadahistoria\/wp-json\/wp\/v2\/types\/page"}],"author":[{"embeddable":true,"href":"https:\/\/wp.ufpel.edu.br\/simposiodidaticadahistoria\/wp-json\/wp\/v2\/users\/1274"}],"replies":[{"embeddable":true,"href":"https:\/\/wp.ufpel.edu.br\/simposiodidaticadahistoria\/wp-json\/wp\/v2\/comments?post=11"}],"version-history":[{"count":7,"href":"https:\/\/wp.ufpel.edu.br\/simposiodidaticadahistoria\/wp-json\/wp\/v2\/pages\/11\/revisions"}],"predecessor-version":[{"id":124,"href":"https:\/\/wp.ufpel.edu.br\/simposiodidaticadahistoria\/wp-json\/wp\/v2\/pages\/11\/revisions\/124"}],"wp:attachment":[{"href":"https:\/\/wp.ufpel.edu.br\/simposiodidaticadahistoria\/wp-json\/wp\/v2\/media?parent=11"}],"curies":[{"name":"wp","href":"https:\/\/api.w.org\/{rel}","templated":true}]}}