{"id":26,"date":"2011-12-05T14:56:39","date_gmt":"2011-12-05T17:56:39","guid":{"rendered":"https:\/\/wp.ufpel.edu.br\/simposecagem\/"},"modified":"2012-04-10T16:25:14","modified_gmt":"2012-04-10T19:25:14","slug":"comissao-organizadora","status":"publish","type":"page","link":"https:\/\/wp.ufpel.edu.br\/simposecagem\/comissao-organizadora\/","title":{"rendered":"COMISS\u00c3O ORGANIZADORA"},"content":{"rendered":"<p>Prof. Dr.\u00a0Leonardo da Silva Oliveira (UFPel) \u2013 Coordenador<\/p>\n<p>Prof\u00aa. Dr\u00aa.\u00a0Merielen de Carvalho Lopes (UFPel)<\/p>\n<p>Prof\u00aa. Dr\u00aa. Cristiane Pedrazzi (UFPel)<\/p>\n<p>Prof\u00aa Dr\u00aa. \u00c9rika da Silva Ferreira (UFPel)<\/p>\n<p>Prof. M.Sc. Marcos M\u00fcller (UFPel)<\/p>\n<p>Prof. M.Sc. Rafael Beltrame (UFPel)<\/p>\n<p>Prof. Dr. \u00c9lio Jos\u00e9 Santini (CCR\/UFSM)<\/p>\n<p>Prof. Dr. R\u00f4mulo Trevisan (CESNORS\/UFSM)<\/p>\n<p>Prof\u00aa M.Sc. Silviana Rosso (UNIPAMPA)<\/p>\n<p>Acad. Luciani da Silva Mota (UFPel)<\/p>\n<p>Acad. M\u00e1rcio da Fonseca Martins (UFPel)<\/p>\n<p>Acad. Priscila dos Santos Antuart (UFPel)<\/p>\n<p>Acad. Reinaldo Haerter (UFPel)<\/p>\n","protected":false},"excerpt":{"rendered":"<p>Prof. Dr.\u00a0Leonardo da Silva Oliveira (UFPel) \u2013 Coordenador Prof\u00aa. Dr\u00aa.\u00a0Merielen de Carvalho Lopes (UFPel) Prof\u00aa. Dr\u00aa. Cristiane Pedrazzi (UFPel) Prof\u00aa Dr\u00aa. \u00c9rika da Silva Ferreira (UFPel) Prof. M.Sc. Marcos M\u00fcller (UFPel) Prof. M.Sc. Rafael Beltrame (UFPel) Prof. Dr. \u00c9lio Jos\u00e9 &hellip; <a href=\"https:\/\/wp.ufpel.edu.br\/simposecagem\/comissao-organizadora\/\">Continue lendo <span class=\"meta-nav\">&rarr;<\/span><\/a><\/p>\n","protected":false},"author":153,"featured_media":0,"parent":0,"menu_order":6,"comment_status":"closed","ping_status":"open","template":"","meta":{"footnotes":""},"class_list":["post-26","page","type-page","status-publish","hentry"],"_links":{"self":[{"href":"https:\/\/wp.ufpel.edu.br\/simposecagem\/wp-json\/wp\/v2\/pages\/26","targetHints":{"allow":["GET"]}}],"collection":[{"href":"https:\/\/wp.ufpel.edu.br\/simposecagem\/wp-json\/wp\/v2\/pages"}],"about":[{"href":"https:\/\/wp.ufpel.edu.br\/simposecagem\/wp-json\/wp\/v2\/types\/page"}],"author":[{"embeddable":true,"href":"https:\/\/wp.ufpel.edu.br\/simposecagem\/wp-json\/wp\/v2\/users\/153"}],"replies":[{"embeddable":true,"href":"https:\/\/wp.ufpel.edu.br\/simposecagem\/wp-json\/wp\/v2\/comments?post=26"}],"version-history":[{"count":12,"href":"https:\/\/wp.ufpel.edu.br\/simposecagem\/wp-json\/wp\/v2\/pages\/26\/revisions"}],"predecessor-version":[{"id":267,"href":"https:\/\/wp.ufpel.edu.br\/simposecagem\/wp-json\/wp\/v2\/pages\/26\/revisions\/267"}],"wp:attachment":[{"href":"https:\/\/wp.ufpel.edu.br\/simposecagem\/wp-json\/wp\/v2\/media?parent=26"}],"curies":[{"name":"wp","href":"https:\/\/api.w.org\/{rel}","templated":true}]}}