{"id":481,"date":"2020-08-14T09:26:55","date_gmt":"2020-08-14T12:26:55","guid":{"rendered":"https:\/\/wp.ufpel.edu.br\/siiepe\/?page_id=481"},"modified":"2021-06-15T12:08:18","modified_gmt":"2021-06-15T15:08:18","slug":"siiepe-2020","status":"publish","type":"page","link":"https:\/\/wp.ufpel.edu.br\/siiepe\/siiepe-2020\/","title":{"rendered":"6\u00aa SIIEPE"},"content":{"rendered":"<h2><strong>\u201cA Universidade em um mundo transformado\u201d<\/strong><\/h2>\n<p><strong>DE 23 A 27 DE NOVEMBRO DE 2020, EM FORMATO REMOTO.<\/strong><\/p>\n<p><a href=\"https:\/\/wp.ufpel.edu.br\/siiepe\/files\/2020\/08\/Regulamento-6a-SIIEPE-2020.pdf\">Regulamento 6\u00aa SIIEPE &#8211; 2020<\/a><\/p>\n<ul>\n<li><a href=\"https:\/\/wp.ufpel.edu.br\/siiepe\/siiepe-2020\/tema-da-6a-siiepe\/\">Apresenta\u00e7\u00e3o do tema da 6\u00aa SIIEPE<\/a><\/li>\n<li><a href=\"https:\/\/wp.ufpel.edu.br\/siiepe\/siiepe-2020\/programacao-2020\/\">Programa\u00e7\u00e3o<\/a><\/li>\n<li><a href=\"https:\/\/wp.ufpel.edu.br\/siiepe\/category\/noticias\/2020\/\">Not\u00edcias<\/a><\/li>\n<\/ul>\n<p><strong>EVENTOS:<\/strong><\/p>\n<ul>\n<li><a href=\"https:\/\/wp.ufpel.edu.br\/congressoinovacao\">IV CIT<\/a><\/li>\n<li><a href=\"https:\/\/wp.ufpel.edu.br\/ceg\">VI CEG<\/a><\/li>\n<li><a href=\"https:\/\/wp.ufpel.edu.br\/congressoextensao\">VII CEC<\/a><\/li>\n<li><a href=\"https:\/\/wp.ufpel.edu.br\/enpos\">XXII ENPOS<\/a><\/li>\n<li><a href=\"https:\/\/wp.ufpel.edu.br\/cic\">XXIX CIC<\/a><\/li>\n<\/ul>\n<p>&nbsp;<\/p>\n<table style=\"border-collapse: collapse; width: 100%;\" border=\"1\">\n<tbody>\n<tr>\n<td style=\"width: 50%;\">\n<h2>Palestras:<\/h2>\n<p class=\"jetpack-slideshow-noscript robots-nocontent\">Este slideshow necessita de JavaScript.<\/p><div id=\"gallery-481-1-slideshow\" class=\"jetpack-slideshow-window jetpack-slideshow jetpack-slideshow-black\" data-trans=\"fade\" data-autostart=\"1\" data-gallery=\"[{&quot;src&quot;:&quot;https:\\\/\\\/wp.ufpel.edu.br\\\/siiepe\\\/files\\\/2020\\\/11\\\/palestra-00-1024x1024.png&quot;,&quot;id&quot;:&quot;704&quot;,&quot;title&quot;:&quot;palestra-00&quot;,&quot;alt&quot;:&quot;&quot;,&quot;caption&quot;:&quot;&quot;,&quot;itemprop&quot;:&quot;image&quot;},{&quot;src&quot;:&quot;https:\\\/\\\/wp.ufpel.edu.br\\\/siiepe\\\/files\\\/2020\\\/11\\\/palestra-01-889x1024.png&quot;,&quot;id&quot;:&quot;703&quot;,&quot;title&quot;:&quot;palestra-01&quot;,&quot;alt&quot;:&quot;&quot;,&quot;caption&quot;:&quot;&quot;,&quot;itemprop&quot;:&quot;image&quot;},{&quot;src&quot;:&quot;https:\\\/\\\/wp.ufpel.edu.br\\\/siiepe\\\/files\\\/2020\\\/11\\\/palestra-02-1024x1024.png&quot;,&quot;id&quot;:&quot;702&quot;,&quot;title&quot;:&quot;palestra-02&quot;,&quot;alt&quot;:&quot;&quot;,&quot;caption&quot;:&quot;&quot;,&quot;itemprop&quot;:&quot;image&quot;},{&quot;src&quot;:&quot;https:\\\/\\\/wp.ufpel.edu.br\\\/siiepe\\\/files\\\/2020\\\/11\\\/palestra-03-1024x1024.png&quot;,&quot;id&quot;:&quot;707&quot;,&quot;title&quot;:&quot;palestra-03&quot;,&quot;alt&quot;:&quot;&quot;,&quot;caption&quot;:&quot;&quot;,&quot;itemprop&quot;:&quot;image&quot;},{&quot;src&quot;:&quot;https:\\\/\\\/wp.ufpel.edu.br\\\/siiepe\\\/files\\\/2020\\\/11\\\/palestra-04-1024x1024.png&quot;,&quot;id&quot;:&quot;706&quot;,&quot;title&quot;:&quot;palestra-04&quot;,&quot;alt&quot;:&quot;&quot;,&quot;caption&quot;:&quot;&quot;,&quot;itemprop&quot;:&quot;image&quot;},{&quot;src&quot;:&quot;https:\\\/\\\/wp.ufpel.edu.br\\\/siiepe\\\/files\\\/2020\\\/11\\\/palestra-05-1024x1024.png&quot;,&quot;id&quot;:&quot;705&quot;,&quot;title&quot;:&quot;palestra-05&quot;,&quot;alt&quot;:&quot;&quot;,&quot;caption&quot;:&quot;&quot;,&quot;itemprop&quot;:&quot;image&quot;}]\" itemscope itemtype=\"https:\/\/schema.org\/ImageGallery\"><\/div>\n<p style=\"text-align: left;\"><a href=\"https:\/\/wp.ufpel.edu.br\/siiepe\/siiepe-2020\/programacao-2020\/\">Ver programa\u00e7\u00e3o \u2192<\/a><\/p>\n<\/td>\n<td style=\"width: 50%;\">\n<h2>Revista Cultural:<\/h2>\n<p class=\"jetpack-slideshow-noscript robots-nocontent\">Este slideshow necessita de JavaScript.<\/p><div id=\"gallery-481-2-slideshow\" class=\"jetpack-slideshow-window jetpack-slideshow jetpack-slideshow-black\" data-trans=\"fade\" data-autostart=\"1\" data-gallery=\"[{&quot;src&quot;:&quot;https:\\\/\\\/wp.ufpel.edu.br\\\/siiepe\\\/files\\\/2020\\\/11\\\/revista00-1024x1024.jpg&quot;,&quot;id&quot;:&quot;719&quot;,&quot;title&quot;:&quot;revista00&quot;,&quot;alt&quot;:&quot;&quot;,&quot;caption&quot;:&quot;&quot;,&quot;itemprop&quot;:&quot;image&quot;},{&quot;src&quot;:&quot;https:\\\/\\\/wp.ufpel.edu.br\\\/siiepe\\\/files\\\/2020\\\/11\\\/revista01-1024x1024.jpg&quot;,&quot;id&quot;:&quot;718&quot;,&quot;title&quot;:&quot;revista01&quot;,&quot;alt&quot;:&quot;&quot;,&quot;caption&quot;:&quot;&quot;,&quot;itemprop&quot;:&quot;image&quot;},{&quot;src&quot;:&quot;https:\\\/\\\/wp.ufpel.edu.br\\\/siiepe\\\/files\\\/2020\\\/11\\\/revista02-1024x1024.jpg&quot;,&quot;id&quot;:&quot;717&quot;,&quot;title&quot;:&quot;revista02&quot;,&quot;alt&quot;:&quot;&quot;,&quot;caption&quot;:&quot;&quot;,&quot;itemprop&quot;:&quot;image&quot;},{&quot;src&quot;:&quot;https:\\\/\\\/wp.ufpel.edu.br\\\/siiepe\\\/files\\\/2020\\\/11\\\/revista03-1024x1024.jpg&quot;,&quot;id&quot;:&quot;722&quot;,&quot;title&quot;:&quot;revista03&quot;,&quot;alt&quot;:&quot;&quot;,&quot;caption&quot;:&quot;&quot;,&quot;itemprop&quot;:&quot;image&quot;},{&quot;src&quot;:&quot;https:\\\/\\\/wp.ufpel.edu.br\\\/siiepe\\\/files\\\/2020\\\/11\\\/revista04-1024x1024.jpg&quot;,&quot;id&quot;:&quot;721&quot;,&quot;title&quot;:&quot;revista04&quot;,&quot;alt&quot;:&quot;&quot;,&quot;caption&quot;:&quot;&quot;,&quot;itemprop&quot;:&quot;image&quot;},{&quot;src&quot;:&quot;https:\\\/\\\/wp.ufpel.edu.br\\\/siiepe\\\/files\\\/2020\\\/11\\\/revista05-1024x1024.jpg&quot;,&quot;id&quot;:&quot;720&quot;,&quot;title&quot;:&quot;revista05&quot;,&quot;alt&quot;:&quot;&quot;,&quot;caption&quot;:&quot;&quot;,&quot;itemprop&quot;:&quot;image&quot;}]\" itemscope itemtype=\"https:\/\/schema.org\/ImageGallery\"><\/div>\n<p style=\"text-align: left;\"><a href=\"https:\/\/wp.ufpel.edu.br\/siiepe\/siiepe-2020\/programacao-2020\/\">Ver programa\u00e7\u00e3o \u2192<\/a><\/p>\n<\/td>\n<\/tr>\n<\/tbody>\n<\/table>\n<p>&nbsp;<\/p>\n","protected":false},"excerpt":{"rendered":"<p>\u201cA Universidade em um mundo transformado\u201d DE 23 A 27 DE NOVEMBRO DE 2020, EM FORMATO REMOTO. Regulamento 6\u00aa SIIEPE &#8211; 2020 Apresenta\u00e7\u00e3o do tema da 6\u00aa SIIEPE Programa\u00e7\u00e3o Not\u00edcias EVENTOS: IV CIT VI CEG VII CEC XXII ENPOS XXIX CIC &nbsp; Palestras: Ver programa\u00e7\u00e3o \u2192 Revista Cultural: Ver programa\u00e7\u00e3o \u2192 &nbsp;<\/p>\n","protected":false},"author":20,"featured_media":0,"parent":0,"menu_order":0,"comment_status":"closed","ping_status":"closed","template":"template-fullwidth.php","meta":{"jetpack_post_was_ever_published":false,"footnotes":"","_links_to":"","_links_to_target":""},"class_list":["post-481","page","type-page","status-publish","hentry"],"jetpack_sharing_enabled":true,"_links":{"self":[{"href":"https:\/\/wp.ufpel.edu.br\/siiepe\/wp-json\/wp\/v2\/pages\/481","targetHints":{"allow":["GET"]}}],"collection":[{"href":"https:\/\/wp.ufpel.edu.br\/siiepe\/wp-json\/wp\/v2\/pages"}],"about":[{"href":"https:\/\/wp.ufpel.edu.br\/siiepe\/wp-json\/wp\/v2\/types\/page"}],"author":[{"embeddable":true,"href":"https:\/\/wp.ufpel.edu.br\/siiepe\/wp-json\/wp\/v2\/users\/20"}],"replies":[{"embeddable":true,"href":"https:\/\/wp.ufpel.edu.br\/siiepe\/wp-json\/wp\/v2\/comments?post=481"}],"version-history":[{"count":6,"href":"https:\/\/wp.ufpel.edu.br\/siiepe\/wp-json\/wp\/v2\/pages\/481\/revisions"}],"predecessor-version":[{"id":822,"href":"https:\/\/wp.ufpel.edu.br\/siiepe\/wp-json\/wp\/v2\/pages\/481\/revisions\/822"}],"wp:attachment":[{"href":"https:\/\/wp.ufpel.edu.br\/siiepe\/wp-json\/wp\/v2\/media?parent=481"}],"curies":[{"name":"wp","href":"https:\/\/api.w.org\/{rel}","templated":true}]}}