{"id":250,"date":"2018-10-18T13:06:12","date_gmt":"2018-10-18T16:06:12","guid":{"rendered":"https:\/\/wp.ufpel.edu.br\/siiepe\/?page_id=250"},"modified":"2022-05-23T11:14:00","modified_gmt":"2022-05-23T14:14:00","slug":"programacao-2018","status":"publish","type":"page","link":"https:\/\/wp.ufpel.edu.br\/siiepe\/siiepe-2018\/programacao-2018\/","title":{"rendered":"Programa\u00e7\u00e3o 4\u00aa SIIEPE (2018)"},"content":{"rendered":"<h3>Programa\u00e7\u00e3o das Apresenta\u00e7\u00f5es no Campus Anglo<\/h3>\n<table style=\"width: 100%; border-collapse: collapse; background-color: #ffffff;\" border=\"1\">\n<tbody>\n<tr>\n<td style=\"width: 16.6667%; text-align: center; background-color: #f0f0f0;\"><\/td>\n<td style=\"width: 16.6667%; text-align: center; background-color: #f0f0f0;\">SEGUNDA (22\/10)<\/td>\n<td style=\"width: 16.6667%; text-align: center; background-color: #f0f0f0;\">TER\u00c7A (23\/10)<\/td>\n<td style=\"width: 16.6667%; text-align: center; background-color: #f0f0f0;\">QUARTA (24\/10)<\/td>\n<td style=\"width: 16.6667%; text-align: center; background-color: #f0f0f0;\">QUINTA (25\/10)<\/td>\n<td style=\"width: 16.6667%; text-align: center; background-color: #f0f0f0;\">SEXTA (26\/10)<\/td>\n<\/tr>\n<tr>\n<td style=\"width: 16.6667%; text-align: center; background-color: #f0f0f0;\">Manh\u00e3<br \/>\n8:30 \u00e0s 12:00<\/td>\n<td style=\"width: 16.6667%; text-align: center;\"><\/td>\n<td style=\"width: 16.6667%; text-align: center;\">Apresenta\u00e7\u00f5es<br \/>\nCIC, ENPOS e CIT<\/td>\n<td style=\"width: 16.6667%; text-align: center;\"><\/td>\n<td style=\"width: 16.6667%; text-align: center;\">Apresenta\u00e7\u00f5es<br \/>\nCIC, ENPOS e CIT<\/td>\n<td style=\"width: 16.6667%; text-align: center;\">Apresenta\u00e7\u00f5es<br \/>\nCIC, ENPOS e CIT<\/td>\n<\/tr>\n<tr>\n<td style=\"width: 16.6667%; text-align: center; background-color: #f0f0f0;\">Tarde<br \/>\n14:00 \u00e0s 18:00<\/td>\n<td style=\"width: 16.6667%; text-align: center;\">Apresenta\u00e7\u00f5es<br \/>\nCIC, ENPOS e CIT<\/td>\n<td style=\"width: 16.6667%; text-align: center;\">Apresenta\u00e7\u00f5es<br \/>\nCIC, ENPOS e CIT<\/td>\n<td style=\"width: 16.6667%; text-align: center;\">Apresenta\u00e7\u00f5es<br \/>\nCIC, ENPOS e CIT<\/td>\n<td style=\"width: 16.6667%; text-align: center;\"><\/td>\n<td style=\"width: 16.6667%; text-align: center;\">Apresenta\u00e7\u00f5es<br \/>\nCIC, ENPOS e CIT<\/td>\n<\/tr>\n<tr>\n<td style=\"width: 16.6667%; text-align: center; background-color: #f0f0f0;\">Noite<br \/>\n19:00 \u00e0s 22:00<\/td>\n<td style=\"width: 16.6667%; text-align: center;\"><\/td>\n<td style=\"width: 16.6667%; text-align: center;\"><\/td>\n<td style=\"width: 16.6667%; text-align: center;\">Apresenta\u00e7\u00f5es<br \/>\nCIC, ENPOS e CIT<\/td>\n<td style=\"width: 16.6667%; text-align: center;\">Apresenta\u00e7\u00f5es<br \/>\nCIC, ENPOS e CIT<\/td>\n<td style=\"width: 16.6667%; text-align: center;\"><\/td>\n<\/tr>\n<\/tbody>\n<\/table>\n<h3>Credenciamento no Campus Anglo &#8211; CIC, ENPOS e CIT<\/h3>\n<table style=\"width: 100%; border-collapse: collapse; background-color: #ffffff;\" border=\"1\">\n<tbody>\n<tr>\n<td style=\"width: 16.6667%; text-align: center; background-color: #f0f0f0;\"><\/td>\n<td style=\"width: 16.6667%; text-align: center; background-color: #f0f0f0;\">SEGUNDA (22\/10)<\/td>\n<td style=\"width: 16.6667%; text-align: center; background-color: #f0f0f0;\">TER\u00c7A (23\/10)<\/td>\n<td style=\"width: 16.6667%; text-align: center; background-color: #f0f0f0;\">QUARTA (24\/10)<\/td>\n<td style=\"width: 16.6667%; text-align: center; background-color: #f0f0f0;\">QUINTA (25\/10)<\/td>\n<td style=\"width: 16.6667%; text-align: center; background-color: #f0f0f0;\">SEXTA (26\/10)<\/td>\n<\/tr>\n<tr>\n<td style=\"width: 16.6667%; text-align: center; background-color: #f0f0f0;\">Manh\u00e3<br \/>\n8:00 \u00e0s 11:00<\/td>\n<td style=\"width: 16.6667%; text-align: center;\">Credenciamento<\/td>\n<td style=\"width: 16.6667%; text-align: center;\">Credenciamento<\/td>\n<td style=\"width: 16.6667%; text-align: center;\"><\/td>\n<td style=\"width: 16.6667%; text-align: center;\">Credenciamento<\/td>\n<td style=\"width: 16.6667%; text-align: center;\">Credenciamento<\/td>\n<\/tr>\n<tr>\n<td style=\"width: 16.6667%; text-align: center; background-color: #f0f0f0;\">Tarde<br \/>\n13:30 \u00e0s 16:30<\/td>\n<td style=\"width: 16.6667%; text-align: center;\">Credenciamento<\/td>\n<td style=\"width: 16.6667%; text-align: center;\">Credenciamento<\/td>\n<td style=\"width: 16.6667%; text-align: center;\">Credenciamento<\/td>\n<td style=\"width: 16.6667%; text-align: center;\"><\/td>\n<td style=\"width: 16.6667%; text-align: center;\">Credenciamento<\/td>\n<\/tr>\n<tr>\n<td style=\"width: 16.6667%; text-align: center; background-color: #f0f0f0;\">Noite<br \/>\n18:30 \u00e0s 21:30<\/td>\n<td style=\"width: 16.6667%; text-align: center;\"><\/td>\n<td style=\"width: 16.6667%; text-align: center;\"><\/td>\n<td style=\"width: 16.6667%; text-align: center;\">Credenciamento<\/td>\n<td style=\"width: 16.6667%; text-align: center;\">Credenciamento<\/td>\n<td style=\"width: 16.6667%; text-align: center;\"><\/td>\n<\/tr>\n<\/tbody>\n<\/table>\n<h3>Programa\u00e7\u00e3o de Apresenta\u00e7\u00f5es no Campus II<\/h3>\n<table style=\"width: 100%; border-collapse: collapse; background-color: #ffffff;\" border=\"1\">\n<tbody>\n<tr>\n<td style=\"width: 16.6667%; text-align: center; background-color: #f0f0f0;\"><\/td>\n<td style=\"width: 16.6667%; text-align: center; background-color: #f0f0f0;\">SEGUNDA (22\/10)<\/td>\n<td style=\"width: 16.6667%; text-align: center; background-color: #f0f0f0;\">TER\u00c7A (23\/10)<\/td>\n<td style=\"width: 16.6667%; text-align: center; background-color: #f0f0f0;\">QUARTA (24\/10)<\/td>\n<td style=\"width: 16.6667%; text-align: center; background-color: #f0f0f0;\">QUINTA (25\/10)<\/td>\n<td style=\"width: 16.6667%; text-align: center; background-color: #f0f0f0;\">SEXTA (26\/10)<\/td>\n<\/tr>\n<tr>\n<td style=\"width: 16.6667%; text-align: center; background-color: #f0f0f0;\">Manh\u00e3<\/td>\n<td style=\"width: 16.6667%; text-align: center;\"><\/td>\n<td style=\"width: 16.6667%; text-align: center;\">CEC<\/td>\n<td style=\"width: 16.6667%; background-color: #d8ffc7; text-align: center;\">Oficinas \/<br \/>\nMesas Redondas<\/td>\n<td style=\"width: 16.6667%; text-align: center;\">CEC<\/td>\n<td style=\"width: 16.6667%; text-align: center;\">CEC<\/td>\n<\/tr>\n<tr>\n<td style=\"width: 16.6667%; text-align: center; background-color: #f0f0f0;\">Tarde<\/td>\n<td style=\"width: 16.6667%; text-align: center;\">CEC \/ CEG<\/td>\n<td style=\"width: 16.6667%; background-color: #d8ffc7; text-align: center;\">Oficinas \/<br \/>\nMesas Redondas<\/td>\n<td style=\"width: 16.6667%; text-align: center;\">CEG<\/td>\n<td style=\"width: 16.6667%; text-align: center;\">CEG<\/td>\n<td style=\"width: 16.6667%; text-align: center;\">CEG<\/td>\n<\/tr>\n<tr>\n<td style=\"width: 16.6667%; text-align: center; background-color: #f0f0f0;\">Noite<\/td>\n<td style=\"width: 16.6667%; background-color: #94cdff; text-align: center;\"><a href=\"https:\/\/wp.ufpel.edu.br\/siiepe\/conferencia-de-abertura\/\">Confer\u00eancia de Abertura<\/a><\/td>\n<td style=\"width: 16.6667%; text-align: center;\">CEG<\/td>\n<td style=\"width: 16.6667%; text-align: center;\">CEC<\/td>\n<td style=\"width: 16.6667%; background-color: #d8ffc7; text-align: center;\">Oficinas \/<br \/>\nMesas Redondas<\/td>\n<td style=\"width: 16.6667%; background-color: #94cdff; text-align: center;\">Encerramento<\/td>\n<\/tr>\n<\/tbody>\n<\/table>\n<h3>Credenciamento no Campus II &#8211; CEC, CEG e Ouvintes<\/h3>\n<table border=\"1\">\n<tbody>\n<tr>\n<td style=\"background-color: #f0f0f0;\"><\/td>\n<td style=\"text-align: center; background-color: #f0f0f0;\">SEGUNDA (22\/10)<\/td>\n<td style=\"text-align: center; background-color: #f0f0f0;\">TER\u00c7A (23\/10)<\/td>\n<td style=\"text-align: center; background-color: #f0f0f0;\">QUARTA (24\/10)<\/td>\n<td style=\"text-align: center; background-color: #f0f0f0;\">QUINTA (25\/10)<\/td>\n<td style=\"text-align: center; background-color: #f0f0f0;\">SEXTA (26\/10)<\/td>\n<\/tr>\n<tr>\n<td style=\"width: 16.6667%; text-align: center; background-color: #f0f0f0;\"><\/td>\n<td style=\"text-align: center;\">9:00 \u00e0s 18:00<br \/>\nCredenciamento<\/td>\n<td style=\"text-align: center;\">8:00 \u00e0s 20:00<br \/>\nCredenciamento<\/td>\n<td style=\"text-align: center;\">8:00 \u00e0s 20:00<br \/>\nCredenciamento<\/td>\n<td style=\"text-align: center;\">8:00 \u00e0s 20:00<br \/>\nCredenciamento<\/td>\n<td style=\"text-align: center;\">8:00 \u00e0s 18:00<br \/>\nCredenciamento<\/td>\n<\/tr>\n<\/tbody>\n<\/table>\n<h3><\/h3>\n<p>&nbsp;<\/p>\n<p>&nbsp;<\/p>\n","protected":false},"excerpt":{"rendered":"<p>Programa\u00e7\u00e3o das Apresenta\u00e7\u00f5es no Campus Anglo SEGUNDA (22\/10) TER\u00c7A (23\/10) QUARTA (24\/10) QUINTA (25\/10) SEXTA (26\/10) Manh\u00e3 8:30 \u00e0s 12:00 Apresenta\u00e7\u00f5es CIC, ENPOS e CIT Apresenta\u00e7\u00f5es CIC, ENPOS e CIT Apresenta\u00e7\u00f5es CIC, ENPOS e CIT Tarde 14:00 \u00e0s 18:00 Apresenta\u00e7\u00f5es CIC, ENPOS e CIT Apresenta\u00e7\u00f5es CIC, ENPOS e CIT Apresenta\u00e7\u00f5es CIC, ENPOS e CIT Apresenta\u00e7\u00f5es &hellip; <a href=\"https:\/\/wp.ufpel.edu.br\/siiepe\/siiepe-2018\/programacao-2018\/\" class=\"more-link\">Continue lendo <span class=\"screen-reader-text\">Programa\u00e7\u00e3o 4\u00aa SIIEPE (2018)<\/span> <span class=\"meta-nav\">&rarr;<\/span><\/a><\/p>\n","protected":false},"author":20,"featured_media":0,"parent":172,"menu_order":0,"comment_status":"closed","ping_status":"closed","template":"template-fullwidth.php","meta":{"jetpack_post_was_ever_published":false,"footnotes":"","_links_to":"","_links_to_target":""},"class_list":["post-250","page","type-page","status-publish","hentry"],"jetpack_sharing_enabled":true,"_links":{"self":[{"href":"https:\/\/wp.ufpel.edu.br\/siiepe\/wp-json\/wp\/v2\/pages\/250","targetHints":{"allow":["GET"]}}],"collection":[{"href":"https:\/\/wp.ufpel.edu.br\/siiepe\/wp-json\/wp\/v2\/pages"}],"about":[{"href":"https:\/\/wp.ufpel.edu.br\/siiepe\/wp-json\/wp\/v2\/types\/page"}],"author":[{"embeddable":true,"href":"https:\/\/wp.ufpel.edu.br\/siiepe\/wp-json\/wp\/v2\/users\/20"}],"replies":[{"embeddable":true,"href":"https:\/\/wp.ufpel.edu.br\/siiepe\/wp-json\/wp\/v2\/comments?post=250"}],"version-history":[{"count":18,"href":"https:\/\/wp.ufpel.edu.br\/siiepe\/wp-json\/wp\/v2\/pages\/250\/revisions"}],"predecessor-version":[{"id":1099,"href":"https:\/\/wp.ufpel.edu.br\/siiepe\/wp-json\/wp\/v2\/pages\/250\/revisions\/1099"}],"up":[{"embeddable":true,"href":"https:\/\/wp.ufpel.edu.br\/siiepe\/wp-json\/wp\/v2\/pages\/172"}],"wp:attachment":[{"href":"https:\/\/wp.ufpel.edu.br\/siiepe\/wp-json\/wp\/v2\/media?parent=250"}],"curies":[{"name":"wp","href":"https:\/\/api.w.org\/{rel}","templated":true}]}}