{"id":180,"date":"2018-06-11T09:00:18","date_gmt":"2018-06-11T12:00:18","guid":{"rendered":"https:\/\/wp.ufpel.edu.br\/siiepe\/?page_id=180"},"modified":"2019-08-09T13:59:24","modified_gmt":"2019-08-09T16:59:24","slug":"mesas-redondas-2018","status":"publish","type":"page","link":"https:\/\/wp.ufpel.edu.br\/siiepe\/siiepe-2018\/mesas-redondas-2018\/","title":{"rendered":"Mesas redondas"},"content":{"rendered":"<table style=\"width: 100%; border-collapse: collapse; background-color: #ffffff;\" border=\"1\">\n<tbody>\n<tr>\n<td style=\"background-color: #f0f0f0; text-align: center; width: 10.0993%;\" colspan=\"3\"><strong>TER\u00c7A &#8211; 23\/10\/2018<\/strong><\/td>\n<\/tr>\n<tr>\n<td style=\"width: 10.0993%;\">14h \u00e0s 16h<\/td>\n<td style=\"width: 70.0331%;\"><strong>Com@viver: promover comportamentos pr\u00f3-sociais &#8211; interven\u00e7\u00e3o e investiga\u00e7\u00e3o no \u00e2mbito do Cyber Bulling<\/strong><br \/>\nProf.\u00aa Dr.\u00aa Ana Margarida Veiga Sim\u00e3o (Universidade de Lisboa)<\/td>\n<td style=\"width: 19.8676%;\">Sala 309 &#8211; Campus II<\/td>\n<\/tr>\n<tr>\n<td style=\"width: 10.0993%;\">14h \u00e0s 16h<\/td>\n<td style=\"width: 70.0331%;\"><strong>Patrim\u00f4nio e Desenvolvimento Social<br \/>\n<\/strong>Prof.\u00aa Dr.\u00aa Silvana de F\u00e1tima Bojanoski (Mediadora), Prof. Dr. Cl\u00e1uber Gon\u00e7alves dos Santos (UFPel), Prof. Dr. Michel Constantino Figueira (UFPel), Historiadora Ms. Beatriz Muniz Freire (IPHAN-RS)<\/td>\n<td style=\"width: 19.8676%;\">Sala 301 &#8211; Campus II<\/td>\n<\/tr>\n<tr>\n<td style=\"width: 10.0993%;\">19h \u00e0s 21h<\/td>\n<td style=\"width: 70.0331%;\"><strong>A UFPel que t\u00ednhamos, a UFPel que temos e a UFPel que queremos<\/strong><br \/>\nAlex Molina, Laura Moschouts (mediadora), Luiz (CENG) e Dani (DCE)<\/td>\n<td style=\"width: 19.8676%;\">Sala 437 &#8211; Campus Anglo<\/td>\n<\/tr>\n<tr>\n<td style=\"width: 10.0993%;\">18h \u00e0s 20h<\/td>\n<td style=\"width: 70.0331%;\"><strong>Internacionaliza\u00e7\u00e3o e pol\u00edticas lingu\u00edsticas: reflex\u00f5es e desafios nas universidades da Am\u00e9rica Latina<\/strong><br \/>\nPalestrante Waldenor Barros Moraes Filho (DRII &#8211; UFU)<\/td>\n<td style=\"width: 19.8676%;\">Audit\u00f3rio da Reitoria<br \/>\n4\u00ba Andar Campus Anglo<\/td>\n<\/tr>\n<tr>\n<td style=\"background-color: #f0f0f0; text-align: center; width: 10.0993%;\" colspan=\"3\"><strong>QUARTA &#8211; 24\/10\/2018<\/strong><\/td>\n<\/tr>\n<tr>\n<td style=\"width: 10.0993%;\">8h \u00e0s 10h<\/td>\n<td style=\"width: 70.0331%;\"><strong>Superando hierarquias nas rela\u00e7\u00f5es de trabalho na UFPel<\/strong><br \/>\nS\u00e9rgio Christino (PROGEP), Sebasti\u00e3o Peres (ICH) e Iocamara Sandin da Silveira (terceirizada Sulclean)<\/td>\n<td style=\"width: 19.8676%;\">Audit\u00f3rio da Reitoria<br \/>\n4\u00ba Andar Campus Anglo<\/td>\n<\/tr>\n<tr>\n<td style=\"width: 10.0993%;\">9h \u00e0s 11h<\/td>\n<td style=\"width: 70.0331%;\"><strong>Di\u00e1logos poss\u00edveis entre a Universidade e a educa\u00e7\u00e3o b\u00e1sica<br \/>\n<\/strong>Prof.\u00aa Luc\u00e9lia Gonzales Seus (SMED), Prof.\u00aa Sandra \u00c1vila (5\u00aa CRE), Prof.\u00aa Ligia Cardoso Carlos (UFPel)<strong><br \/>\n<\/strong><\/td>\n<td style=\"width: 19.8676%;\">Sala 301 &#8211; Campus II<\/td>\n<\/tr>\n<tr>\n<td style=\"width: 10.0993%;\">9h \u00e0s 11h<\/td>\n<td style=\"width: 70.0331%;\"><strong>Pol\u00edticas P\u00fablicas, Democracia e Cidadania<br \/>\n<\/strong>Prof. Dr. Felipe Fehlberg Herrmann (Mediador), Prof. Dr. Edgar Ant\u00f4nio Costa Mattarredona (IFSul), Prof.\u00aa Dra. Maria das Gra\u00e7as Pinto de Brito (UFPel), Prof.\u00aa Dra. Aline Mendon\u00e7a dos Santos (UCPel)<\/td>\n<td style=\"width: 19.8676%;\">Sala 309 &#8211; Campus II<\/td>\n<\/tr>\n<tr>\n<td style=\"width: 10.0993%;\">10h \u00e0s 12h<\/td>\n<td style=\"width: 70.0331%;\"><strong>Ass\u00e9dio na Universidade. Vamos dar um basta!<\/strong><br \/>\nMario Azevedo (PRAE &#8211; mediador), Eliane Pardo (ESEF), Renata Porcellis (NUGED IFSUL) e Maria Helena (PROGEP), com a participa\u00e7\u00e3o do Reitor Pedro Hallal<\/td>\n<td style=\"width: 19.8676%;\">Sala 437 &#8211; Campus Anglo<\/td>\n<\/tr>\n<tr>\n<td style=\"width: 10.0993%;\">10h \u00e0s 12h<\/td>\n<td style=\"width: 70.0331%;\"><strong>Transfer\u00eancia de tecnologia entre academia e setor produtivo<\/strong><br \/>\nPalestrante Glenio do Couto Pinto Junior<\/td>\n<td style=\"width: 19.8676%;\">Audit\u00f3rio Acad\u00eamico<br \/>\n4\u00ba Andar Campus Anglo<\/td>\n<\/tr>\n<tr>\n<td style=\"background-color: #f0f0f0; text-align: center; width: 10.0993%;\" colspan=\"3\"><strong>QUINTA &#8211; 25\/10\/2018<\/strong><\/td>\n<\/tr>\n<tr>\n<td style=\"width: 10.0993%;\">14h \u00e0s 16h<\/td>\n<td style=\"width: 70.0331%;\"><strong>Diversidade e Inclus\u00e3o: um debate tangenciando aspectos pedag\u00f3gicos e sociais<\/strong><br \/>\nRog\u00e9rio Wurdig (FAE &#8211; mediador), Lisandra Os\u00f3rio (PRAE), Rita C\u00f3ssio (NAI)<\/td>\n<td style=\"width: 19.8676%;\">Audit\u00f3rio da Reitoria<br \/>\n4\u00ba Andar Campus Anglo<\/td>\n<\/tr>\n<tr>\n<td style=\"width: 10.0993%;\">14h \u00e0s 16h<\/td>\n<td style=\"width: 70.0331%;\"><strong>3MT &#8211; Sua Tese em Tr\u00eas Minutos<\/strong><\/td>\n<td style=\"width: 19.8676%;\">Audit\u00f3rio II &#8211; Centro de Artes<\/td>\n<\/tr>\n<tr>\n<td style=\"width: 10.0993%;\">19h \u00e0s 21h<\/td>\n<td style=\"width: 70.0331%;\"><strong>Perman\u00eancia e qualidade acad\u00eamica: a\u00e7\u00f5es em desenvolvimento na UFPel<\/strong><br \/>\nProf. Dr. Fernando da Silva Camargo (PRE), Prof.\u00aa Dr.\u00aa Nadia Velleda Caldas (FAEM), Prof. Dr. C\u00edcero Nachtigall (IFM)<\/td>\n<td style=\"width: 19.8676%;\">Sala 309 &#8211; Campus II<\/td>\n<\/tr>\n<tr>\n<td style=\"width: 10.0993%;\">19h \u00e0s 21h<\/td>\n<td style=\"width: 70.0331%;\"><strong>Cultura e Cidadania<\/strong><br \/>\nProf. Dr. Jo\u00e3o Fernando Igansi Nunes (Debatedor), Prof.\u00aa Ms. Priscilla Prueter (UFTPR), Luciano Balen (Gestor Cultural &#8211; Caxias do Sul), Prof.\u00aa Dr.\u00aa Gisela Loureiro Duarte (Pr\u00f3-Reitoria de Extens\u00e3o e Cultura &#8211; IFSul)<\/td>\n<td style=\"width: 19.8676%;\">Sala 301 &#8211; Campus II<\/td>\n<\/tr>\n<\/tbody>\n<\/table>\n<p>&nbsp;<\/p>\n","protected":false},"excerpt":{"rendered":"<p>TER\u00c7A &#8211; 23\/10\/2018 14h \u00e0s 16h Com@viver: promover comportamentos pr\u00f3-sociais &#8211; interven\u00e7\u00e3o e investiga\u00e7\u00e3o no \u00e2mbito do Cyber Bulling Prof.\u00aa Dr.\u00aa Ana Margarida Veiga Sim\u00e3o (Universidade de Lisboa) Sala 309 &#8211; Campus II 14h \u00e0s 16h Patrim\u00f4nio e Desenvolvimento Social Prof.\u00aa Dr.\u00aa Silvana de F\u00e1tima Bojanoski (Mediadora), Prof. Dr. Cl\u00e1uber Gon\u00e7alves dos Santos (UFPel), Prof. &hellip; <a href=\"https:\/\/wp.ufpel.edu.br\/siiepe\/siiepe-2018\/mesas-redondas-2018\/\" class=\"more-link\">Continue lendo <span class=\"screen-reader-text\">Mesas redondas<\/span> <span class=\"meta-nav\">&rarr;<\/span><\/a><\/p>\n","protected":false},"author":20,"featured_media":0,"parent":172,"menu_order":0,"comment_status":"closed","ping_status":"closed","template":"template-fullwidth.php","meta":{"jetpack_post_was_ever_published":false,"footnotes":"","_links_to":"","_links_to_target":""},"class_list":["post-180","page","type-page","status-publish","hentry"],"jetpack_sharing_enabled":true,"_links":{"self":[{"href":"https:\/\/wp.ufpel.edu.br\/siiepe\/wp-json\/wp\/v2\/pages\/180","targetHints":{"allow":["GET"]}}],"collection":[{"href":"https:\/\/wp.ufpel.edu.br\/siiepe\/wp-json\/wp\/v2\/pages"}],"about":[{"href":"https:\/\/wp.ufpel.edu.br\/siiepe\/wp-json\/wp\/v2\/types\/page"}],"author":[{"embeddable":true,"href":"https:\/\/wp.ufpel.edu.br\/siiepe\/wp-json\/wp\/v2\/users\/20"}],"replies":[{"embeddable":true,"href":"https:\/\/wp.ufpel.edu.br\/siiepe\/wp-json\/wp\/v2\/comments?post=180"}],"version-history":[{"count":10,"href":"https:\/\/wp.ufpel.edu.br\/siiepe\/wp-json\/wp\/v2\/pages\/180\/revisions"}],"predecessor-version":[{"id":280,"href":"https:\/\/wp.ufpel.edu.br\/siiepe\/wp-json\/wp\/v2\/pages\/180\/revisions\/280"}],"up":[{"embeddable":true,"href":"https:\/\/wp.ufpel.edu.br\/siiepe\/wp-json\/wp\/v2\/pages\/172"}],"wp:attachment":[{"href":"https:\/\/wp.ufpel.edu.br\/siiepe\/wp-json\/wp\/v2\/media?parent=180"}],"curies":[{"name":"wp","href":"https:\/\/api.w.org\/{rel}","templated":true}]}}