{"id":1746,"date":"2025-04-01T10:16:31","date_gmt":"2025-04-01T13:16:31","guid":{"rendered":"https:\/\/wp.ufpel.edu.br\/siiepe\/?page_id=1746"},"modified":"2025-10-22T08:56:07","modified_gmt":"2025-10-22T11:56:07","slug":"paineis-tematicos","status":"publish","type":"page","link":"https:\/\/wp.ufpel.edu.br\/siiepe\/siiepe-2025\/paineis-tematicos\/","title":{"rendered":"Pain\u00e9is Tem\u00e1ticos"},"content":{"rendered":"\n<h2 class=\"wp-block-heading\"><strong>Seg. 20\/10<\/strong><\/h2>\n\n\n\n<h3 class=\"wp-block-heading\"><strong>\ud83e\udea7Responsabilidade Social e os Impactos Positivos do Cooperativismo<\/strong><\/h3>\n\n\n\n<p><strong>Ministrantes:<\/strong><br>Marina Soares Mota \u2013 Professora Faculdade de Enfermagem\/Departamento de Enfermagem Hospitalar na Rede de Aten\u00e7\u00e3o \u00e0 Sa\u00fade<br>Raquel Machado dos Santos \u2013 Coordenadora de Relacionamento da Sicredi Interestados RS\/ES<br><strong>Hor\u00e1rio:<\/strong> 14h<br><strong>Local:<\/strong> Sala 445, 4\u00ba andar, Campus Anglo<\/p>\n\n\n\n<hr class=\"wp-block-separator has-alpha-channel-opacity\"\/>\n\n\n\n<h2 class=\"wp-block-heading\"><strong>Ter. 21\/10<\/strong><\/h2>\n\n\n\n<h3 class=\"wp-block-heading\"><strong>\ud83e\udea7Inova\u00e7\u00e3o e Empreendedorismo<\/strong><\/h3>\n\n\n\n<p><strong>Ministrantes:<\/strong><br>Felipe Marques \u2013 Coordenador do Escrit\u00f3rio de Propriedade Intelectual, Transfer\u00eancia de tecnologia e Empreendedorismo<br>Ismael Franz Dallmann \u2013 Analista de Inova\u00e7\u00e3o da Sicredi Interestados RS\/ES<br><strong>Hor\u00e1rio:<\/strong> 14h<br><strong>Local:<\/strong> Sala 445, 4\u00ba andar, Campus Anglo<\/p>\n\n\n\n<hr class=\"wp-block-separator has-alpha-channel-opacity\"\/>\n\n\n\n<h2 class=\"wp-block-heading\"><strong>Qua. 22\/10<\/strong><\/h2>\n\n\n\n<h3 class=\"wp-block-heading\"><strong>\ud83e\udea7Apresenta\u00e7\u00f5es acad\u00eamicas em l\u00edngua inglesa \/ Academic Presentations in English<\/strong><\/h3>\n\n\n\n<p><strong>Ministrantes:<\/strong><br>Helena Selbach &#8211; N\u00facleo de Acompanhamento e Forma\u00e7\u00e3o para Internacionaliza\u00e7\u00e3o<br>M\u00e1rcia Klee &#8211; N\u00facleo de Acompanhamento e Forma\u00e7\u00e3o para Internacionaliza\u00e7\u00e3o<br><strong>Hor\u00e1rio:<\/strong> 14h \u00e0s 16h<br><strong>Local:<\/strong> Audit\u00f3rio Acad\u00eamico, 4\u00ba andar, Campus Anglo<\/p>\n\n\n\n<h3 class=\"wp-block-heading\"><strong>\ud83e\udea7Caf\u00e9 Pedag\u00f3gico<\/strong><\/h3>\n\n\n\n<p><strong>Proponente:<\/strong><br>Grupo de Interlocu\u00e7\u00e3o Pedag\u00f3gica (GIP\/CPU\/PRE)<br><strong>Hor\u00e1rio:<\/strong> 14h<br><strong>Local:<\/strong> Sala 445, 4\u00ba andar, Campus Anglo<\/p>\n\n\n\n<hr class=\"wp-block-separator has-alpha-channel-opacity\"\/>\n\n\n\n<h2 class=\"wp-block-heading\"><strong>Qui. 23\/10<\/strong><\/h2>\n\n\n\n<h3 class=\"wp-block-heading\"><strong>\ud83e\udea7Investimentos: Meio para alcan\u00e7ar Objetivos&nbsp;<\/strong><\/h3>\n\n\n\n<p><strong>Ministrantes:<\/strong><br>Matheus Cardoso &#8211; PROGEP<br>Eduardo Albaini &#8211; Gerente de Neg\u00f3cios Sicredi Interestados RS\/ES<br><strong>Hor\u00e1rio:<\/strong> 14h<br><strong>Local:<\/strong> Sala 445, 4\u00ba andar, Campus Anglo<\/p>\n\n\n\n<hr class=\"wp-block-separator has-alpha-channel-opacity\"\/>\n\n\n\n<h2 class=\"wp-block-heading\"><strong>Sex. 24\/10<\/strong><\/h2>\n\n\n\n<h3 class=\"wp-block-heading\"><strong>\ud83e\udea75\u00b0 Semin\u00e1rio do Projeto de Extens\u00e3o Ruas de Lazer<\/strong><\/h3>\n\n\n\n<p><strong>Mediador:<\/strong><br>Italo Fontoura Guimar\u00e3es \u2013 Professor da Escola Superior de Educa\u00e7\u00e3o F\u00edsica e Fisioterapia<br><strong>Convidados:<\/strong><br>Caroline Malue Huckembeck-Diretora de Lazer-SELJ<br>Larissa Duarte (Bolsista do Ruas de Lazer)- Jornalismo<br>Thomaz Monteiro Gon\u00e7alves (Bolsista do Ruas de Lazer)- Educa\u00e7\u00e3o F\u00edsica Bacharelado<br>Luis Eduardo Akiyoshi Sanches Suzuki \u2013 Professor do Curso de Engenharia&nbsp;H\u00eddrica<br><strong>Hor\u00e1rio:<\/strong> 14h \u00e0s 15:30h<br><strong>Local:<\/strong> Audit\u00f3rio Acad\u00eamico, 4\u00ba andar, Campus Anglo<\/p>\n\n\n\n<h3 class=\"wp-block-heading\"><strong>\ud83e\udea7Olhares de docentes negras e negros para uma UFPel afirmativa.<\/strong><\/h3>\n\n\n\n<p><strong>Proponente:<\/strong><br>Ciclo Permanente de Atividade de Educa\u00e7\u00e3o Antirracista<br><strong>Mediadores:<\/strong><br>Raquel Silveira Rita Dias \u2013 (PREC\/UFPel)<br>Erivelton de Lima da Cruz \u2013 (GVR\/UFPel)<br><strong>Convidadas:<\/strong><br>Daiana Lopes Leal (ESEF\/UFPel)<br>Bella Timba\u00ed (Dan\u00e7a\/CA\/UFPel)<br>Rita de C\u00e1ssia Medeiros (Pedagogia\/UFPel)<br><strong>Hor\u00e1rio:<\/strong> 16h \u00e0s 17:30h<br><strong>Local:<\/strong> Audit\u00f3rio Acad\u00eamico, 4\u00ba andar, Campus Anglo<\/p>\n\n\n\n<p><\/p>\n\n\n\n<p><\/p>\n","protected":false},"excerpt":{"rendered":"<p>Seg. 20\/10 \ud83e\udea7Responsabilidade Social e os Impactos Positivos do Cooperativismo Ministrantes:Marina Soares Mota \u2013 Professora Faculdade de Enfermagem\/Departamento de Enfermagem Hospitalar na Rede de Aten\u00e7\u00e3o \u00e0 Sa\u00fadeRaquel Machado dos Santos \u2013 Coordenadora de Relacionamento da Sicredi Interestados RS\/ESHor\u00e1rio: 14hLocal: Sala 445, 4\u00ba andar, Campus Anglo Ter. 21\/10 \ud83e\udea7Inova\u00e7\u00e3o e Empreendedorismo Ministrantes:Felipe Marques \u2013 Coordenador do &hellip; <a href=\"https:\/\/wp.ufpel.edu.br\/siiepe\/siiepe-2025\/paineis-tematicos\/\" class=\"more-link\">Continue lendo <span class=\"screen-reader-text\">Pain\u00e9is Tem\u00e1ticos<\/span> <span class=\"meta-nav\">&rarr;<\/span><\/a><\/p>\n","protected":false},"author":20,"featured_media":0,"parent":1732,"menu_order":0,"comment_status":"closed","ping_status":"closed","template":"","meta":{"jetpack_post_was_ever_published":false,"footnotes":"","_links_to":"","_links_to_target":""},"class_list":["post-1746","page","type-page","status-publish","hentry"],"jetpack_sharing_enabled":true,"_links":{"self":[{"href":"https:\/\/wp.ufpel.edu.br\/siiepe\/wp-json\/wp\/v2\/pages\/1746","targetHints":{"allow":["GET"]}}],"collection":[{"href":"https:\/\/wp.ufpel.edu.br\/siiepe\/wp-json\/wp\/v2\/pages"}],"about":[{"href":"https:\/\/wp.ufpel.edu.br\/siiepe\/wp-json\/wp\/v2\/types\/page"}],"author":[{"embeddable":true,"href":"https:\/\/wp.ufpel.edu.br\/siiepe\/wp-json\/wp\/v2\/users\/20"}],"replies":[{"embeddable":true,"href":"https:\/\/wp.ufpel.edu.br\/siiepe\/wp-json\/wp\/v2\/comments?post=1746"}],"version-history":[{"count":3,"href":"https:\/\/wp.ufpel.edu.br\/siiepe\/wp-json\/wp\/v2\/pages\/1746\/revisions"}],"predecessor-version":[{"id":1935,"href":"https:\/\/wp.ufpel.edu.br\/siiepe\/wp-json\/wp\/v2\/pages\/1746\/revisions\/1935"}],"up":[{"embeddable":true,"href":"https:\/\/wp.ufpel.edu.br\/siiepe\/wp-json\/wp\/v2\/pages\/1732"}],"wp:attachment":[{"href":"https:\/\/wp.ufpel.edu.br\/siiepe\/wp-json\/wp\/v2\/media?parent=1746"}],"curies":[{"name":"wp","href":"https:\/\/api.w.org\/{rel}","templated":true}]}}