{"id":1738,"date":"2025-04-01T10:19:44","date_gmt":"2025-04-01T13:19:44","guid":{"rendered":"https:\/\/wp.ufpel.edu.br\/siiepe\/?page_id=1738"},"modified":"2025-10-17T11:11:21","modified_gmt":"2025-10-17T14:11:21","slug":"programacao","status":"publish","type":"page","link":"https:\/\/wp.ufpel.edu.br\/siiepe\/siiepe-2025\/programacao\/","title":{"rendered":"Programa\u00e7\u00e3o"},"content":{"rendered":"\n<h3 class=\"wp-block-heading\"><a href=\"https:\/\/docs.google.com\/spreadsheets\/d\/1NgGG701F9wBqPINowIF6hB4MKrXJ8LqNT6l8voZPWTw\/edit?usp=sharing\" target=\"_blank\" rel=\"noreferrer noopener\"><img loading=\"lazy\" decoding=\"async\" width=\"150\" height=\"84\" data-attachment-id=\"1900\" data-permalink=\"https:\/\/wp.ufpel.edu.br\/siiepe\/siiepe-2025\/programacao\/libras\/\" data-orig-file=\"https:\/\/wp.ufpel.edu.br\/siiepe\/files\/2025\/10\/libras.jpg\" data-orig-size=\"1920,1080\" data-comments-opened=\"0\" data-image-meta=\"{&quot;aperture&quot;:&quot;0&quot;,&quot;credit&quot;:&quot;&quot;,&quot;camera&quot;:&quot;&quot;,&quot;caption&quot;:&quot;&quot;,&quot;created_timestamp&quot;:&quot;0&quot;,&quot;copyright&quot;:&quot;&quot;,&quot;focal_length&quot;:&quot;0&quot;,&quot;iso&quot;:&quot;0&quot;,&quot;shutter_speed&quot;:&quot;0&quot;,&quot;title&quot;:&quot;&quot;,&quot;orientation&quot;:&quot;0&quot;}\" data-image-title=\"libras\" data-image-description=\"\" data-image-caption=\"\" data-medium-file=\"https:\/\/wp.ufpel.edu.br\/siiepe\/files\/2025\/10\/libras-400x225.jpg\" data-large-file=\"https:\/\/wp.ufpel.edu.br\/siiepe\/files\/2025\/10\/libras-1024x576.jpg\" class=\"wp-image-1900\" style=\"width: 150px;\" src=\"https:\/\/wp.ufpel.edu.br\/siiepe\/files\/2025\/10\/libras.jpg\" alt=\"\" srcset=\"https:\/\/wp.ufpel.edu.br\/siiepe\/files\/2025\/10\/libras.jpg 1920w, https:\/\/wp.ufpel.edu.br\/siiepe\/files\/2025\/10\/libras-400x225.jpg 400w, https:\/\/wp.ufpel.edu.br\/siiepe\/files\/2025\/10\/libras-1024x576.jpg 1024w, https:\/\/wp.ufpel.edu.br\/siiepe\/files\/2025\/10\/libras-768x432.jpg 768w, https:\/\/wp.ufpel.edu.br\/siiepe\/files\/2025\/10\/libras-1536x864.jpg 1536w\" sizes=\"auto, (max-width: 150px) 100vw, 150px\" \/><\/a><strong><a href=\"https:\/\/docs.google.com\/spreadsheets\/d\/1NgGG701F9wBqPINowIF6hB4MKrXJ8LqNT6l8voZPWTw\/edit?usp=sharing\" target=\"_blank\" rel=\"noreferrer noopener\">Confira aqui a Programa\u00e7\u00e3o acess\u00edvel\u00a0em\u00a0Libras<\/a><\/strong><\/h3>\n\n\n<p>&nbsp;<\/p>\n<table style=\"table-layout: fixed;\" border=\"1\">\n<tbody>\n<tr>\n<td style=\"background-color: #f0f0f0; text-align: center; width: 101px;\">MANH\u00c3<\/td>\n<td style=\"background-color: #f0f0f0; text-align: center; width: 101px;\">SEGUNDA (20\/10)<\/td>\n<td style=\"background-color: #f0f0f0; text-align: center; width: 101px;\">TER\u00c7A (21\/10)<\/td>\n<td style=\"background-color: #f0f0f0; text-align: center; width: 101px;\">QUARTA (22\/10)<\/td>\n<td style=\"background-color: #f0f0f0; text-align: center; width: 101px;\">QUINTA (23\/10)<\/td>\n<td style=\"background-color: #f0f0f0; text-align: center; width: 101px;\">SEXTA (24\/10)<\/td>\n<\/tr>\n<tr>\n<td style=\"text-align: center; width: 101px;\">08:30 &#8211; 10:00<\/td>\n<td style=\"width: 101px; text-align: center;\">Apresenta\u00e7\u00f5es Orais<br \/>\nCEG\/CIC\/ENPOS\/CIT<\/td>\n<td style=\"width: 101px; text-align: center;\">Apresenta\u00e7\u00f5es Orais<br \/>\nCEG\/CIC\/ENPOS\/CIT<\/td>\n<td style=\"width: 101px; text-align: center;\">Apresenta\u00e7\u00f5es Orais<br \/>\nCEG\/CIC\/ENPOS\/CIT<\/td>\n<td style=\"width: 101px; text-align: center;\">Apresenta\u00e7\u00f5es Orais<br \/>\nCEG\/CIC\/ENPOS\/CIT<\/td>\n<td style=\"width: 101px; text-align: center;\">Apresenta\u00e7\u00f5es Orais<br \/>\nCEG\/CIC\/ENPOS\/CIT<\/td>\n<\/tr>\n<tr>\n<td style=\"text-align: center; width: 101px; background-color: #f5f5f5;\">10:00 &#8211; 10:30<\/td>\n<td style=\"width: 101px; text-align: center; background-color: #f5f5f5;\">\n<p><strong>Abertura oficial<\/strong><\/p>\n<p><span style=\"font-weight: 400;\">Local: Palco 11\u00aa SIIEPE (\u00e1rea externa Campus Anglo)<\/span><\/p>\n<p><img loading=\"lazy\" decoding=\"async\" data-attachment-id=\"1900\" data-permalink=\"https:\/\/wp.ufpel.edu.br\/siiepe\/siiepe-2025\/programacao\/libras\/\" data-orig-file=\"https:\/\/wp.ufpel.edu.br\/siiepe\/files\/2025\/10\/libras.jpg\" data-orig-size=\"1920,1080\" data-comments-opened=\"0\" data-image-meta=\"{&quot;aperture&quot;:&quot;0&quot;,&quot;credit&quot;:&quot;&quot;,&quot;camera&quot;:&quot;&quot;,&quot;caption&quot;:&quot;&quot;,&quot;created_timestamp&quot;:&quot;0&quot;,&quot;copyright&quot;:&quot;&quot;,&quot;focal_length&quot;:&quot;0&quot;,&quot;iso&quot;:&quot;0&quot;,&quot;shutter_speed&quot;:&quot;0&quot;,&quot;title&quot;:&quot;&quot;,&quot;orientation&quot;:&quot;0&quot;}\" data-image-title=\"libras\" data-image-description=\"\" data-image-caption=\"\" data-medium-file=\"https:\/\/wp.ufpel.edu.br\/siiepe\/files\/2025\/10\/libras-400x225.jpg\" data-large-file=\"https:\/\/wp.ufpel.edu.br\/siiepe\/files\/2025\/10\/libras-1024x576.jpg\" class=\"size-medium wp-image-1900 alignnone\" src=\"https:\/\/wp.ufpel.edu.br\/siiepe\/files\/2025\/10\/libras-400x225.jpg\" alt=\"\" width=\"400\" height=\"225\" srcset=\"https:\/\/wp.ufpel.edu.br\/siiepe\/files\/2025\/10\/libras-400x225.jpg 400w, https:\/\/wp.ufpel.edu.br\/siiepe\/files\/2025\/10\/libras-1024x576.jpg 1024w, https:\/\/wp.ufpel.edu.br\/siiepe\/files\/2025\/10\/libras-768x432.jpg 768w, https:\/\/wp.ufpel.edu.br\/siiepe\/files\/2025\/10\/libras-1536x864.jpg 1536w, https:\/\/wp.ufpel.edu.br\/siiepe\/files\/2025\/10\/libras.jpg 1920w\" sizes=\"auto, (max-width: 400px) 100vw, 400px\" \/><\/td>\n<td style=\"width: 101px; text-align: center; background-color: #f5f5f5;\">INTERVALO<\/td>\n<td style=\"width: 101px; text-align: center; background-color: #f5f5f5;\">INTERVALO<\/td>\n<td style=\"width: 101px; text-align: center; background-color: #f5f5f5;\">INTERVALO<\/td>\n<td style=\"width: 101px; text-align: center; background-color: #f5f5f5;\">INTERVALO<\/td>\n<\/tr>\n<tr>\n<td style=\"text-align: center; width: 101px;\">10:30 &#8211; 12:00<\/td>\n<td style=\"width: 101px; text-align: center;\">Apresenta\u00e7\u00f5es Orais<br \/>\nCEG\/CIC\/ENPOS\/CIT<\/td>\n<td style=\"width: 101px; text-align: center;\">Apresenta\u00e7\u00f5es Orais<br \/>\nCEG\/CIC\/ENPOS\/CIT<\/td>\n<td style=\"width: 101px; text-align: center;\">Apresenta\u00e7\u00f5es Orais<br \/>\nCEG\/CIC\/ENPOS\/CIT<\/td>\n<td style=\"width: 101px; text-align: center;\">Apresenta\u00e7\u00f5es Orais<br \/>\nCEG\/CIC\/ENPOS\/CIT<\/td>\n<td style=\"width: 101px; text-align: center;\">Apresenta\u00e7\u00f5es Orais<br \/>\nCEG\/CIC\/ENPOS\/CIT<\/td>\n<\/tr>\n<tr>\n<td style=\"text-align: center; width: 101px; background-color: #f5f5f5;\">TARDE<\/td>\n<td style=\"text-align: center; width: 101px; background-color: #f5f5f5;\"><\/td>\n<td style=\"text-align: center; width: 101px; background-color: #f5f5f5;\"><\/td>\n<td style=\"text-align: center; width: 101px; background-color: #f5f5f5;\"><\/td>\n<td style=\"text-align: center; width: 101px; background-color: #f5f5f5;\"><\/td>\n<td style=\"text-align: center; width: 101px; background-color: #f5f5f5;\"><\/td>\n<\/tr>\n<tr>\n<td style=\"text-align: center; width: 101px;\">14:00 &#8211; 15:30<\/td>\n<td style=\"text-align: center; width: 101px;\">Apresenta\u00e7\u00f5es Orais<br \/>\nCEC\/CIC\/ENPOS\/CIT<\/p>\n<p><a href=\"https:\/\/wp.ufpel.edu.br\/siiepe\/siiepe-2025\/paineis-tematicos\/\">Pain\u00e9is tem\u00e1ticos<\/a><\/td>\n<td style=\"width: 101px; text-align: center;\">Apresenta\u00e7\u00f5es Orais<br \/>\nCEC\/CIC\/ENPOS\/CIT<\/p>\n<p><a href=\"https:\/\/wp.ufpel.edu.br\/siiepe\/siiepe-2025\/paineis-tematicos\/\">Pain\u00e9is tem\u00e1ticos<\/a><\/td>\n<td style=\"text-align: center; width: 101px;\">Apresenta\u00e7\u00f5es Orais<br \/>\nCEC\/CIC\/ENPOS\/CIT<\/p>\n<p><a href=\"https:\/\/wp.ufpel.edu.br\/siiepe\/siiepe-2025\/paineis-tematicos\/\">Pain\u00e9is tem\u00e1ticos<\/a><\/td>\n<td style=\"text-align: center; width: 101px;\">Apresenta\u00e7\u00f5es Orais<br \/>\nCEC\/CIC\/ENPOS\/CIT<\/p>\n<p><a href=\"https:\/\/wp.ufpel.edu.br\/siiepe\/siiepe-2025\/paineis-tematicos\/\">Pain\u00e9is tem\u00e1ticos<\/a><\/td>\n<td style=\"width: 101px; text-align: center;\">Apresenta\u00e7\u00f5es Orais<br \/>\nCIC\/ENPOS\/CIT\/SIIEPE JOVEM<\/p>\n<p><a href=\"https:\/\/wp.ufpel.edu.br\/siiepe\/siiepe-2025\/apresentacoes-performativas-11a-siiepe\/\">Apresenta\u00e7\u00f5es performativas<\/a><\/p>\n<p><a href=\"https:\/\/wp.ufpel.edu.br\/siiepe\/siiepe-2025\/paineis-tematicos\/\">Pain\u00e9is tem\u00e1ticos<\/a><\/td>\n<\/tr>\n<tr>\n<td style=\"text-align: center; width: 101px; background-color: #f5f5f5;\">15:30 &#8211; 16:00<\/td>\n<td style=\"text-align: center; width: 101px; background-color: #f5f5f5;\">INTERVALO<\/td>\n<td style=\"width: 101px; text-align: center; background-color: #f5f5f5;\">INTERVALO<\/td>\n<td style=\"width: 101px; background-color: #f5f5f5; text-align: center; vertical-align: middle;\">INTERVALO<\/td>\n<td style=\"text-align: center; width: 101px; background-color: #f5f5f5;\">INTERVALO<\/td>\n<td style=\"width: 101px; text-align: center; background-color: #f5f5f5;\">INTERVALO<\/td>\n<\/tr>\n<tr>\n<td style=\"text-align: center; width: 101px;\">16:00 &#8211; 17:30<\/td>\n<td style=\"text-align: center; width: 101px;\">Apresenta\u00e7\u00f5es Orais<br \/>\nCEC\/CIC\/ENPOS\/CIT<\/td>\n<td style=\"width: 101px; text-align: center;\">Apresenta\u00e7\u00f5es Orais<br \/>\nCEC\/CIC\/ENPOS\/CIT<\/td>\n<td style=\"text-align: center; vertical-align: middle; width: 101px;\">Apresenta\u00e7\u00f5es Orais<br \/>\nCEC\/CIC\/ENPOS\/CIT<\/p>\n<p><a href=\"https:\/\/wp.ufpel.edu.br\/siiepe\/siiepe-2025\/paineis-tematicos\/\">Pain\u00e9is tem\u00e1ticos<\/a><\/td>\n<td style=\"text-align: center; width: 101px;\">Apresenta\u00e7\u00f5es Orais<br \/>\nCEC\/CIC\/ENPOS\/CIT<\/td>\n<td style=\"width: 101px; text-align: center;\">Apresenta\u00e7\u00f5es Orais<br \/>\nCIC\/ENPOS\/CIT\/SIIEPE JOVEM<\/p>\n<p><a href=\"https:\/\/wp.ufpel.edu.br\/siiepe\/siiepe-2025\/paineis-tematicos\/\">Pain\u00e9is tem\u00e1ticos<\/a><\/td>\n<\/tr>\n<tr>\n<td style=\"text-align: center; width: 101px; background-color: #f5f5f5;\">NOITE<\/td>\n<td style=\"width: 101px; text-align: center; vertical-align: top; background-color: #f5f5f5;\"><\/td>\n<td style=\"width: 101px; vertical-align: top; background-color: #f5f5f5;\"><\/td>\n<td style=\"width: 101px; text-align: center; vertical-align: top; background-color: #f5f5f5;\"><\/td>\n<td style=\"text-align: center; width: 101px; vertical-align: top; background-color: #f5f5f5;\"><\/td>\n<td style=\"width: 101px; text-align: center; vertical-align: top; background-color: #f5f5f5;\"><\/td>\n<\/tr>\n<tr>\n<td style=\"width: 101px; text-align: center; vertical-align: top;\">19:00 &#8211; 20:30<\/td>\n<td style=\"width: 101px; text-align: center; vertical-align: top;\"><\/td>\n<td style=\"width: 101px; vertical-align: top; text-align: center;\">\n<p><a href=\"https:\/\/wp.ufpel.edu.br\/siiepe\/siiepe-2025\/palestras\/\"><strong>PALESTRA 1<\/strong><\/a><\/p>\n<p>Palestrante: Katiuscia Ribeiro<\/p>\n<p>Local: Pelotas Parque Cient\u00edfico e Tecnol\u00f3gico &#8211; Av. Domingos de Almeida, 1785 &#8211; Areal<\/p>\n<p><img loading=\"lazy\" decoding=\"async\" data-attachment-id=\"1900\" data-permalink=\"https:\/\/wp.ufpel.edu.br\/siiepe\/siiepe-2025\/programacao\/libras\/\" data-orig-file=\"https:\/\/wp.ufpel.edu.br\/siiepe\/files\/2025\/10\/libras.jpg\" data-orig-size=\"1920,1080\" data-comments-opened=\"0\" data-image-meta=\"{&quot;aperture&quot;:&quot;0&quot;,&quot;credit&quot;:&quot;&quot;,&quot;camera&quot;:&quot;&quot;,&quot;caption&quot;:&quot;&quot;,&quot;created_timestamp&quot;:&quot;0&quot;,&quot;copyright&quot;:&quot;&quot;,&quot;focal_length&quot;:&quot;0&quot;,&quot;iso&quot;:&quot;0&quot;,&quot;shutter_speed&quot;:&quot;0&quot;,&quot;title&quot;:&quot;&quot;,&quot;orientation&quot;:&quot;0&quot;}\" data-image-title=\"libras\" data-image-description=\"\" data-image-caption=\"\" data-medium-file=\"https:\/\/wp.ufpel.edu.br\/siiepe\/files\/2025\/10\/libras-400x225.jpg\" data-large-file=\"https:\/\/wp.ufpel.edu.br\/siiepe\/files\/2025\/10\/libras-1024x576.jpg\" class=\"alignnone size-medium wp-image-1900\" src=\"https:\/\/wp.ufpel.edu.br\/siiepe\/files\/2025\/10\/libras-400x225.jpg\" alt=\"\" width=\"400\" height=\"225\" srcset=\"https:\/\/wp.ufpel.edu.br\/siiepe\/files\/2025\/10\/libras-400x225.jpg 400w, https:\/\/wp.ufpel.edu.br\/siiepe\/files\/2025\/10\/libras-1024x576.jpg 1024w, https:\/\/wp.ufpel.edu.br\/siiepe\/files\/2025\/10\/libras-768x432.jpg 768w, https:\/\/wp.ufpel.edu.br\/siiepe\/files\/2025\/10\/libras-1536x864.jpg 1536w, https:\/\/wp.ufpel.edu.br\/siiepe\/files\/2025\/10\/libras.jpg 1920w\" sizes=\"auto, (max-width: 400px) 100vw, 400px\" \/><\/td>\n<td style=\"width: 101px; text-align: center; vertical-align: top;\">\n<p><a href=\"https:\/\/wp.ufpel.edu.br\/siiepe\/siiepe-2025\/palestras\/\"><strong>PALESTRA 2<\/strong><\/a><\/p>\n<p>Palestrante: C\u00e1ssia Maciel (Pr\u00f3-Reitora de A\u00e7\u00f5es Afirmativas e Assuntos Estudantis\/UFBA)<\/p>\n<p>Local: Pelotas Parque Cient\u00edfico e Tecnol\u00f3gico &#8211; Av. Domingos de Almeida, 1785 &#8211; Areal<\/p>\n<p><img loading=\"lazy\" decoding=\"async\" data-attachment-id=\"1900\" data-permalink=\"https:\/\/wp.ufpel.edu.br\/siiepe\/siiepe-2025\/programacao\/libras\/\" data-orig-file=\"https:\/\/wp.ufpel.edu.br\/siiepe\/files\/2025\/10\/libras.jpg\" data-orig-size=\"1920,1080\" data-comments-opened=\"0\" data-image-meta=\"{&quot;aperture&quot;:&quot;0&quot;,&quot;credit&quot;:&quot;&quot;,&quot;camera&quot;:&quot;&quot;,&quot;caption&quot;:&quot;&quot;,&quot;created_timestamp&quot;:&quot;0&quot;,&quot;copyright&quot;:&quot;&quot;,&quot;focal_length&quot;:&quot;0&quot;,&quot;iso&quot;:&quot;0&quot;,&quot;shutter_speed&quot;:&quot;0&quot;,&quot;title&quot;:&quot;&quot;,&quot;orientation&quot;:&quot;0&quot;}\" data-image-title=\"libras\" data-image-description=\"\" data-image-caption=\"\" data-medium-file=\"https:\/\/wp.ufpel.edu.br\/siiepe\/files\/2025\/10\/libras-400x225.jpg\" data-large-file=\"https:\/\/wp.ufpel.edu.br\/siiepe\/files\/2025\/10\/libras-1024x576.jpg\" class=\"alignnone size-medium wp-image-1900\" src=\"https:\/\/wp.ufpel.edu.br\/siiepe\/files\/2025\/10\/libras-400x225.jpg\" alt=\"\" width=\"400\" height=\"225\" srcset=\"https:\/\/wp.ufpel.edu.br\/siiepe\/files\/2025\/10\/libras-400x225.jpg 400w, https:\/\/wp.ufpel.edu.br\/siiepe\/files\/2025\/10\/libras-1024x576.jpg 1024w, https:\/\/wp.ufpel.edu.br\/siiepe\/files\/2025\/10\/libras-768x432.jpg 768w, https:\/\/wp.ufpel.edu.br\/siiepe\/files\/2025\/10\/libras-1536x864.jpg 1536w, https:\/\/wp.ufpel.edu.br\/siiepe\/files\/2025\/10\/libras.jpg 1920w\" sizes=\"auto, (max-width: 400px) 100vw, 400px\" \/><\/td>\n<td style=\"text-align: center; width: 101px; vertical-align: top;\">\n<p><strong>Sua Tese em 3 Minutos (3MT)<\/strong><\/p>\n<p>Local: Pelotas Parque Cient\u00edfico e Tecnol\u00f3gico &#8211; Av. Domingos de Almeida, 1785 &#8211; Areal<\/p>\n<p><img loading=\"lazy\" decoding=\"async\" data-attachment-id=\"1900\" data-permalink=\"https:\/\/wp.ufpel.edu.br\/siiepe\/siiepe-2025\/programacao\/libras\/\" data-orig-file=\"https:\/\/wp.ufpel.edu.br\/siiepe\/files\/2025\/10\/libras.jpg\" data-orig-size=\"1920,1080\" data-comments-opened=\"0\" data-image-meta=\"{&quot;aperture&quot;:&quot;0&quot;,&quot;credit&quot;:&quot;&quot;,&quot;camera&quot;:&quot;&quot;,&quot;caption&quot;:&quot;&quot;,&quot;created_timestamp&quot;:&quot;0&quot;,&quot;copyright&quot;:&quot;&quot;,&quot;focal_length&quot;:&quot;0&quot;,&quot;iso&quot;:&quot;0&quot;,&quot;shutter_speed&quot;:&quot;0&quot;,&quot;title&quot;:&quot;&quot;,&quot;orientation&quot;:&quot;0&quot;}\" data-image-title=\"libras\" data-image-description=\"\" data-image-caption=\"\" data-medium-file=\"https:\/\/wp.ufpel.edu.br\/siiepe\/files\/2025\/10\/libras-400x225.jpg\" data-large-file=\"https:\/\/wp.ufpel.edu.br\/siiepe\/files\/2025\/10\/libras-1024x576.jpg\" class=\"alignnone size-medium wp-image-1900\" src=\"https:\/\/wp.ufpel.edu.br\/siiepe\/files\/2025\/10\/libras-400x225.jpg\" alt=\"\" width=\"400\" height=\"225\" srcset=\"https:\/\/wp.ufpel.edu.br\/siiepe\/files\/2025\/10\/libras-400x225.jpg 400w, https:\/\/wp.ufpel.edu.br\/siiepe\/files\/2025\/10\/libras-1024x576.jpg 1024w, https:\/\/wp.ufpel.edu.br\/siiepe\/files\/2025\/10\/libras-768x432.jpg 768w, https:\/\/wp.ufpel.edu.br\/siiepe\/files\/2025\/10\/libras-1536x864.jpg 1536w, https:\/\/wp.ufpel.edu.br\/siiepe\/files\/2025\/10\/libras.jpg 1920w\" sizes=\"auto, (max-width: 400px) 100vw, 400px\" \/><\/td>\n<td style=\"width: 101px; text-align: center; vertical-align: top;\">\n<p><strong>Encerramento<\/strong><\/p>\n<p>Atividade DCE<\/td>\n<\/tr>\n<\/tbody>\n<\/table>\n<p>&nbsp;<\/p>\n\n\n<p><\/p>\n","protected":false},"excerpt":{"rendered":"<p>Confira aqui a Programa\u00e7\u00e3o acess\u00edvel\u00a0em\u00a0Libras &nbsp; MANH\u00c3 SEGUNDA (20\/10) TER\u00c7A (21\/10) QUARTA (22\/10) QUINTA (23\/10) SEXTA (24\/10) 08:30 &#8211; 10:00 Apresenta\u00e7\u00f5es Orais CEG\/CIC\/ENPOS\/CIT Apresenta\u00e7\u00f5es Orais CEG\/CIC\/ENPOS\/CIT Apresenta\u00e7\u00f5es Orais CEG\/CIC\/ENPOS\/CIT Apresenta\u00e7\u00f5es Orais CEG\/CIC\/ENPOS\/CIT Apresenta\u00e7\u00f5es Orais CEG\/CIC\/ENPOS\/CIT 10:00 &#8211; 10:30 Abertura oficial Local: Palco 11\u00aa SIIEPE (\u00e1rea externa Campus Anglo) INTERVALO INTERVALO INTERVALO INTERVALO 10:30 &#8211; 12:00 &hellip; <a href=\"https:\/\/wp.ufpel.edu.br\/siiepe\/siiepe-2025\/programacao\/\" class=\"more-link\">Continue lendo <span class=\"screen-reader-text\">Programa\u00e7\u00e3o<\/span> <span class=\"meta-nav\">&rarr;<\/span><\/a><\/p>\n","protected":false},"author":20,"featured_media":0,"parent":1732,"menu_order":0,"comment_status":"closed","ping_status":"closed","template":"template-fullwidth.php","meta":{"jetpack_post_was_ever_published":false,"footnotes":"","_links_to":"","_links_to_target":""},"class_list":["post-1738","page","type-page","status-publish","hentry"],"jetpack_sharing_enabled":true,"_links":{"self":[{"href":"https:\/\/wp.ufpel.edu.br\/siiepe\/wp-json\/wp\/v2\/pages\/1738","targetHints":{"allow":["GET"]}}],"collection":[{"href":"https:\/\/wp.ufpel.edu.br\/siiepe\/wp-json\/wp\/v2\/pages"}],"about":[{"href":"https:\/\/wp.ufpel.edu.br\/siiepe\/wp-json\/wp\/v2\/types\/page"}],"author":[{"embeddable":true,"href":"https:\/\/wp.ufpel.edu.br\/siiepe\/wp-json\/wp\/v2\/users\/20"}],"replies":[{"embeddable":true,"href":"https:\/\/wp.ufpel.edu.br\/siiepe\/wp-json\/wp\/v2\/comments?post=1738"}],"version-history":[{"count":3,"href":"https:\/\/wp.ufpel.edu.br\/siiepe\/wp-json\/wp\/v2\/pages\/1738\/revisions"}],"predecessor-version":[{"id":1932,"href":"https:\/\/wp.ufpel.edu.br\/siiepe\/wp-json\/wp\/v2\/pages\/1738\/revisions\/1932"}],"up":[{"embeddable":true,"href":"https:\/\/wp.ufpel.edu.br\/siiepe\/wp-json\/wp\/v2\/pages\/1732"}],"wp:attachment":[{"href":"https:\/\/wp.ufpel.edu.br\/siiepe\/wp-json\/wp\/v2\/media?parent=1738"}],"curies":[{"name":"wp","href":"https:\/\/api.w.org\/{rel}","templated":true}]}}