{"id":1699,"date":"2024-11-22T09:47:28","date_gmt":"2024-11-22T12:47:28","guid":{"rendered":"https:\/\/wp.ufpel.edu.br\/siiepe\/?page_id=1699"},"modified":"2024-11-22T09:47:28","modified_gmt":"2024-11-22T12:47:28","slug":"apresentacoes-performativas-10a-siiepe","status":"publish","type":"page","link":"https:\/\/wp.ufpel.edu.br\/siiepe\/siiepe-2024\/apresentacoes-performativas-10a-siiepe\/","title":{"rendered":"Apresenta\u00e7\u00f5es Performativas &#8211; 10\u00aa SIIEPE"},"content":{"rendered":"\n<p><strong>Dia \/ Hor\u00e1rio:<\/strong> Sexta 29\/11\/2024 \u2013 das 08:30 \u00e0s 10:00<br><strong>Local:<\/strong> Audit\u00f3rio Acad\u00eamico Andrew Valad\u00e3o (Campus Anglo,4\u00ba andar)<\/p>\n\n\n\n<figure class=\"wp-block-table\"><table><thead><tr><th>Inscri\u00e7\u00e3o<\/th><th>congresso<\/th><th>\u00e1rea<\/th><th>apresentador(a)<\/th><th>orientador(a)<\/th><th>t\u00edtulo do trabalho<\/th><\/tr><\/thead><tbody><tr><td>04305<\/td><td>CIC<\/td><td>ARTES \/ M\u00daSICA<\/td><td>ANA LAURA BIANCHINI<\/td><td>MOIRA BEATRIZ<br>ALBORNOZ STEIN<\/td><td><a href=\"https:\/\/cti.ufpel.edu.br\/siiepe\/arquivos\/2024\/LA_04305.pdf?ver=1728482367\">INVESTIGA\u00c7\u00d5ES SOBRE A RELA\u00c7\u00c3O MOVIMENTO E<br>VOZ- CRIANDO ATRAV\u00c9S DO ALFABETO DO CORPO<\/a><\/td><\/tr><tr><td>04934<\/td><td>CIC<\/td><td>ARTES \/ M\u00daSICA<\/td><td>DANILO MAROSTEGA<br>SALVADE<\/td><td>JAMES CORREA<br>SOARES<\/td><td><a href=\"https:\/\/cti.ufpel.edu.br\/siiepe\/arquivos\/2024\/LA_04934.pdf?ver=1728525370\">PROCESSOS CRIATIVOS NO AUDIOVISUAL:<br>COMPONDO E IMPROVISANDO COM \u201cBESPOKE SYNTH\u201d<br>E \u201cOBS STUDIO\u201d<\/a><\/td><\/tr><tr><td>03736<\/td><td>CIC<\/td><td>ARTES \/ M\u00daSICA<\/td><td>FELIPE ZANINI VARGAS<\/td><td>THIAGO COLOMBO<br>DE FREITAS<\/td><td><a href=\"https:\/\/cti.ufpel.edu.br\/siiepe\/arquivos\/2024\/LA_03736.pdf?ver=1728331772\">A MILONGA ATRAV\u00c9S DO VIOL\u00c3O SOLISTA: UM<br>ESTUDO COMPARATIVO ENTRE TR\u00caS PE\u00c7AS<\/a><\/td><\/tr><tr><td>02722<\/td><td>ENPOS<\/td><td>ARTES \/ M\u00daSICA<\/td><td>JEFERSON LEONARDO<br>MANFRONI CABRAL<\/td><td>RAFAEL HENRIQUE<br>SOARES VELLOSO<\/td><td><a href=\"https:\/\/cti.ufpel.edu.br\/siiepe\/arquivos\/2024\/LA_02722.pdf?ver=1729720880\">AN\u00c1LISE DE &#8220;ASSOMBRA\u00c7\u00c3O&#8221; SUA RELA\u00c7\u00c3O COM A<br>PR\u00c1TICA DA ALQUIMIA E OS ELEMENTOS DA<br>NATUREZA NO LP\/SHOW ROSA DOS VENTOS DE MARIA<br>BETH\u00c2NIA (1971)<\/a><\/td><\/tr><tr><td>01852<\/td><td>ENPOS<\/td><td>ARTES \/ M\u00daSICA<\/td><td>KELVIN MARUM<br>MACHADO<\/td><td>JO\u00c3O CARLOS<br>MACHADO<\/td><td><a href=\"https:\/\/cti.ufpel.edu.br\/siiepe\/arquivos\/2024\/LA_01852.pdf?ver=1729801239\">M.M. QUEER: ANDAN\u00c7AS NA ENCRUZILHADA &#8211;<br>PRIMEIRAS DESCOBERTAS<\/a><\/td><\/tr><\/tbody><\/table><\/figure>\n","protected":false},"excerpt":{"rendered":"<p>Dia \/ Hor\u00e1rio: Sexta 29\/11\/2024 \u2013 das 08:30 \u00e0s 10:00Local: Audit\u00f3rio Acad\u00eamico Andrew Valad\u00e3o (Campus Anglo,4\u00ba andar) Inscri\u00e7\u00e3o congresso \u00e1rea apresentador(a) orientador(a) t\u00edtulo do trabalho 04305 CIC ARTES \/ M\u00daSICA ANA LAURA BIANCHINI MOIRA BEATRIZALBORNOZ STEIN INVESTIGA\u00c7\u00d5ES SOBRE A RELA\u00c7\u00c3O MOVIMENTO EVOZ- CRIANDO ATRAV\u00c9S DO ALFABETO DO CORPO 04934 CIC ARTES \/ M\u00daSICA DANILO MAROSTEGASALVADE &hellip; <a href=\"https:\/\/wp.ufpel.edu.br\/siiepe\/siiepe-2024\/apresentacoes-performativas-10a-siiepe\/\" class=\"more-link\">Continue lendo <span class=\"screen-reader-text\">Apresenta\u00e7\u00f5es Performativas &#8211; 10\u00aa SIIEPE<\/span> <span class=\"meta-nav\">&rarr;<\/span><\/a><\/p>\n","protected":false},"author":20,"featured_media":0,"parent":1518,"menu_order":0,"comment_status":"closed","ping_status":"closed","template":"template-fullwidth.php","meta":{"jetpack_post_was_ever_published":false,"footnotes":"","_links_to":"","_links_to_target":""},"class_list":["post-1699","page","type-page","status-publish","hentry"],"jetpack_sharing_enabled":true,"_links":{"self":[{"href":"https:\/\/wp.ufpel.edu.br\/siiepe\/wp-json\/wp\/v2\/pages\/1699","targetHints":{"allow":["GET"]}}],"collection":[{"href":"https:\/\/wp.ufpel.edu.br\/siiepe\/wp-json\/wp\/v2\/pages"}],"about":[{"href":"https:\/\/wp.ufpel.edu.br\/siiepe\/wp-json\/wp\/v2\/types\/page"}],"author":[{"embeddable":true,"href":"https:\/\/wp.ufpel.edu.br\/siiepe\/wp-json\/wp\/v2\/users\/20"}],"replies":[{"embeddable":true,"href":"https:\/\/wp.ufpel.edu.br\/siiepe\/wp-json\/wp\/v2\/comments?post=1699"}],"version-history":[{"count":3,"href":"https:\/\/wp.ufpel.edu.br\/siiepe\/wp-json\/wp\/v2\/pages\/1699\/revisions"}],"predecessor-version":[{"id":1703,"href":"https:\/\/wp.ufpel.edu.br\/siiepe\/wp-json\/wp\/v2\/pages\/1699\/revisions\/1703"}],"up":[{"embeddable":true,"href":"https:\/\/wp.ufpel.edu.br\/siiepe\/wp-json\/wp\/v2\/pages\/1518"}],"wp:attachment":[{"href":"https:\/\/wp.ufpel.edu.br\/siiepe\/wp-json\/wp\/v2\/media?parent=1699"}],"curies":[{"name":"wp","href":"https:\/\/api.w.org\/{rel}","templated":true}]}}