{"id":94,"date":"2017-07-09T16:52:42","date_gmt":"2017-07-09T19:52:42","guid":{"rendered":"https:\/\/wp.ufpel.edu.br\/sicir\/?page_id=94"},"modified":"2017-10-01T21:40:33","modified_gmt":"2017-10-02T00:40:33","slug":"inscricoes","status":"publish","type":"page","link":"https:\/\/wp.ufpel.edu.br\/sicir\/inscricoes\/","title":{"rendered":"Inscri\u00e7\u00f5es Ouvintes"},"content":{"rendered":"<p>Para para participar do I Semin\u00e1rio Internacional CIM 2017, basta realizar a sua inscri\u00e7\u00e3o de acordo com\u00a0 os procedimentos abaixo:<\/p>\n<p><strong>Valores<\/strong><\/p>\n<p>Ouvintes: R$ 20,00<br \/>\nO C\u00f3digo de Recolhimento \u00a0\u00e9 : <strong>28832-2<\/strong> (c\u00f3digo do I Semin\u00e1rio Internacional CIM). Sua utiliza\u00e7\u00e3o correta \u00e9 fundamental para o sucesso de sua inscri\u00e7\u00e3o.<\/p>\n<p><a href=\"http:\/\/consulta.tesouro.fazenda.gov.br\/gru_novosite\/gru_simples.asp\">Fa\u00e7a sua inscri\u00e7\u00e3o aqui<\/a><\/p>\n<p><img loading=\"lazy\" decoding=\"async\" class=\"aligncenter wp-image-125 size-full\" src=\"https:\/\/wp.ufpel.edu.br\/sicir\/files\/2017\/07\/inscricao.png\" alt=\"\" width=\"948\" height=\"587\" srcset=\"https:\/\/wp.ufpel.edu.br\/sicir\/files\/2017\/07\/inscricao.png 948w, https:\/\/wp.ufpel.edu.br\/sicir\/files\/2017\/07\/inscricao-400x248.png 400w, https:\/\/wp.ufpel.edu.br\/sicir\/files\/2017\/07\/inscricao-768x476.png 768w, https:\/\/wp.ufpel.edu.br\/sicir\/files\/2017\/07\/inscricao-323x200.png 323w\" sizes=\"auto, (max-width: 948px) 100vw, 948px\" \/><\/p>\n<p><img loading=\"lazy\" decoding=\"async\" class=\"aligncenter wp-image-126 size-full\" src=\"https:\/\/wp.ufpel.edu.br\/sicir\/files\/2017\/07\/inscricao2.png\" alt=\"\" width=\"881\" height=\"793\" srcset=\"https:\/\/wp.ufpel.edu.br\/sicir\/files\/2017\/07\/inscricao2.png 881w, https:\/\/wp.ufpel.edu.br\/sicir\/files\/2017\/07\/inscricao2-400x360.png 400w, https:\/\/wp.ufpel.edu.br\/sicir\/files\/2017\/07\/inscricao2-768x691.png 768w, https:\/\/wp.ufpel.edu.br\/sicir\/files\/2017\/07\/inscricao2-222x200.png 222w\" sizes=\"auto, (max-width: 881px) 100vw, 881px\" \/><\/p>\n<p>&nbsp;<\/p>\n<p>&nbsp;<\/p>\n","protected":false},"excerpt":{"rendered":"<p>Para para participar do I Semin\u00e1rio Internacional CIM 2017, basta realizar a sua inscri\u00e7\u00e3o de acordo com\u00a0 os procedimentos abaixo: Valores Ouvintes: R$ 20,00 O C\u00f3digo de&hellip; <span class=\"read-more\"><a class=\"more-link\" href=\"https:\/\/wp.ufpel.edu.br\/sicir\/inscricoes\/\" rel=\"bookmark\">Leia Mais <span class=\"screen-reader-text\">&#8220;Inscri\u00e7\u00f5es Ouvintes&#8221;<\/span><\/a><\/span><\/p>\n","protected":false},"author":636,"featured_media":0,"parent":0,"menu_order":5,"comment_status":"closed","ping_status":"closed","template":"","meta":{"footnotes":""},"class_list":["post-94","page","type-page","status-publish","hentry"],"_links":{"self":[{"href":"https:\/\/wp.ufpel.edu.br\/sicir\/wp-json\/wp\/v2\/pages\/94","targetHints":{"allow":["GET"]}}],"collection":[{"href":"https:\/\/wp.ufpel.edu.br\/sicir\/wp-json\/wp\/v2\/pages"}],"about":[{"href":"https:\/\/wp.ufpel.edu.br\/sicir\/wp-json\/wp\/v2\/types\/page"}],"author":[{"embeddable":true,"href":"https:\/\/wp.ufpel.edu.br\/sicir\/wp-json\/wp\/v2\/users\/636"}],"replies":[{"embeddable":true,"href":"https:\/\/wp.ufpel.edu.br\/sicir\/wp-json\/wp\/v2\/comments?post=94"}],"version-history":[{"count":12,"href":"https:\/\/wp.ufpel.edu.br\/sicir\/wp-json\/wp\/v2\/pages\/94\/revisions"}],"predecessor-version":[{"id":153,"href":"https:\/\/wp.ufpel.edu.br\/sicir\/wp-json\/wp\/v2\/pages\/94\/revisions\/153"}],"wp:attachment":[{"href":"https:\/\/wp.ufpel.edu.br\/sicir\/wp-json\/wp\/v2\/media?parent=94"}],"curies":[{"name":"wp","href":"https:\/\/api.w.org\/{rel}","templated":true}]}}