{"id":89,"date":"2020-09-02T00:46:54","date_gmt":"2020-09-02T03:46:54","guid":{"rendered":"https:\/\/wp.ufpel.edu.br\/shirleyedeise\/?page_id=89"},"modified":"2020-09-02T00:53:18","modified_gmt":"2020-09-02T03:53:18","slug":"shirley-e-deise-estreia-nessa-terca-feira-diario-popular-2-8","status":"publish","type":"page","link":"https:\/\/wp.ufpel.edu.br\/shirleyedeise\/o-projeto\/repercussao-na-midia\/shirley-e-deise-estreia-nessa-terca-feira-diario-popular-2-8\/","title":{"rendered":"Shirley e Deis\u00ea estreia nessa ter\u00e7a-feira &#8211; Di\u00e1rio Popular 2\/8"},"content":{"rendered":"<p><a href=\"https:\/\/www.diariopopular.com.br\/cultura-entretenimento\/shirley-deise-estreia-no-youtube-nesta-terca-153308\/\">https:\/\/www.diariopopular.com.br\/cultura-entretenimento\/shirley-deise-estreia-no-youtube-nesta-terca-153308\/<\/a><\/p>\n<p>&nbsp;<\/p>\n<p><img class=\"wp-image-93 aligncenter\" src=\"https:\/\/wp.ufpel.edu.br\/shirleyedeise\/files\/2020\/09\/Sem-titulo-400x225.jpg\" alt=\"\" width=\"609\" height=\"343\" srcset=\"https:\/\/wp.ufpel.edu.br\/shirleyedeise\/files\/2020\/09\/Sem-titulo-400x225.jpg 400w, https:\/\/wp.ufpel.edu.br\/shirleyedeise\/files\/2020\/09\/Sem-titulo-1024x576.jpg 1024w, https:\/\/wp.ufpel.edu.br\/shirleyedeise\/files\/2020\/09\/Sem-titulo-768x432.jpg 768w, https:\/\/wp.ufpel.edu.br\/shirleyedeise\/files\/2020\/09\/Sem-titulo.jpg 1366w\" sizes=\"(max-width: 609px) 100vw, 609px\" \/><\/p>\n","protected":false},"excerpt":{"rendered":"<p>https:\/\/www.diariopopular.com.br\/cultura-entretenimento\/shirley-deise-estreia-no-youtube-nesta-terca-153308\/ &nbsp;<\/p>\n","protected":false},"author":949,"featured_media":0,"parent":70,"menu_order":1,"comment_status":"closed","ping_status":"closed","template":"","meta":{"footnotes":""},"class_list":["post-89","page","type-page","status-publish","hentry"],"_links":{"self":[{"href":"https:\/\/wp.ufpel.edu.br\/shirleyedeise\/wp-json\/wp\/v2\/pages\/89","targetHints":{"allow":["GET"]}}],"collection":[{"href":"https:\/\/wp.ufpel.edu.br\/shirleyedeise\/wp-json\/wp\/v2\/pages"}],"about":[{"href":"https:\/\/wp.ufpel.edu.br\/shirleyedeise\/wp-json\/wp\/v2\/types\/page"}],"author":[{"embeddable":true,"href":"https:\/\/wp.ufpel.edu.br\/shirleyedeise\/wp-json\/wp\/v2\/users\/949"}],"replies":[{"embeddable":true,"href":"https:\/\/wp.ufpel.edu.br\/shirleyedeise\/wp-json\/wp\/v2\/comments?post=89"}],"version-history":[{"count":3,"href":"https:\/\/wp.ufpel.edu.br\/shirleyedeise\/wp-json\/wp\/v2\/pages\/89\/revisions"}],"predecessor-version":[{"id":94,"href":"https:\/\/wp.ufpel.edu.br\/shirleyedeise\/wp-json\/wp\/v2\/pages\/89\/revisions\/94"}],"up":[{"embeddable":true,"href":"https:\/\/wp.ufpel.edu.br\/shirleyedeise\/wp-json\/wp\/v2\/pages\/70"}],"wp:attachment":[{"href":"https:\/\/wp.ufpel.edu.br\/shirleyedeise\/wp-json\/wp\/v2\/media?parent=89"}],"curies":[{"name":"wp","href":"https:\/\/api.w.org\/{rel}","templated":true}]}}