{"id":85,"date":"2020-09-02T00:42:28","date_gmt":"2020-09-02T03:42:28","guid":{"rendered":"https:\/\/wp.ufpel.edu.br\/shirleyedeise\/?page_id=85"},"modified":"2020-09-03T10:20:25","modified_gmt":"2020-09-03T13:20:25","slug":"shirley-e-deise-com-maria-falkembach-e-marina-de-oliveira-bebe-baumgarten-25-8","status":"publish","type":"page","link":"https:\/\/wp.ufpel.edu.br\/shirleyedeise\/o-projeto\/repercussao-na-midia\/shirley-e-deise-com-maria-falkembach-e-marina-de-oliveira-bebe-baumgarten-25-8\/","title":{"rendered":"Shirley e Deis\u00ea com Maria Falkembach e Marina de Oliveira &#8211; Beb\u00ea Baumgarten 25\/8"},"content":{"rendered":"<blockquote class=\"wp-embedded-content\" data-secret=\"gbq3UZPLcM\"><p><a href=\"http:\/\/bebebaumgarten.com\/events\/shirley-deise-com-maria-falkembach-e-marina-de-oliveira\/\">SHIRLEY &#038; DEIS\u00ca s\u00e9rie no ar no YouTube<\/a><\/p><\/blockquote>\n<p><iframe class=\"wp-embedded-content\" sandbox=\"allow-scripts\" security=\"restricted\" style=\"position: absolute; clip: rect(1px, 1px, 1px, 1px);\" title=\"&#8220;SHIRLEY &#038; DEIS\u00ca s\u00e9rie no ar no YouTube&#8221; &#8212; Beb\u00ea Baumgarten Comunica\u00e7\u00e3o\" src=\"http:\/\/bebebaumgarten.com\/events\/shirley-deise-com-maria-falkembach-e-marina-de-oliveira\/embed\/#?secret=gbq3UZPLcM\" data-secret=\"gbq3UZPLcM\" width=\"500\" height=\"282\" frameborder=\"0\" marginwidth=\"0\" marginheight=\"0\" scrolling=\"no\"><\/iframe><\/p>\n<p><img class=\"alignnone wp-image-109 aligncenter\" src=\"https:\/\/wp.ufpel.edu.br\/shirleyedeise\/files\/2020\/09\/Sem-titulo-2-1-400x225.jpg\" alt=\"\" width=\"457\" height=\"257\" srcset=\"https:\/\/wp.ufpel.edu.br\/shirleyedeise\/files\/2020\/09\/Sem-titulo-2-1-400x225.jpg 400w, https:\/\/wp.ufpel.edu.br\/shirleyedeise\/files\/2020\/09\/Sem-titulo-2-1-1024x576.jpg 1024w, https:\/\/wp.ufpel.edu.br\/shirleyedeise\/files\/2020\/09\/Sem-titulo-2-1-768x432.jpg 768w, https:\/\/wp.ufpel.edu.br\/shirleyedeise\/files\/2020\/09\/Sem-titulo-2-1.jpg 1366w\" sizes=\"(max-width: 457px) 100vw, 457px\" \/><\/p>\n","protected":false},"excerpt":{"rendered":"<p>SHIRLEY &#038; DEIS\u00ca s\u00e9rie no ar no YouTube<\/p>\n","protected":false},"author":949,"featured_media":0,"parent":70,"menu_order":3,"comment_status":"closed","ping_status":"closed","template":"","meta":{"footnotes":""},"class_list":["post-85","page","type-page","status-publish","hentry"],"_links":{"self":[{"href":"https:\/\/wp.ufpel.edu.br\/shirleyedeise\/wp-json\/wp\/v2\/pages\/85","targetHints":{"allow":["GET"]}}],"collection":[{"href":"https:\/\/wp.ufpel.edu.br\/shirleyedeise\/wp-json\/wp\/v2\/pages"}],"about":[{"href":"https:\/\/wp.ufpel.edu.br\/shirleyedeise\/wp-json\/wp\/v2\/types\/page"}],"author":[{"embeddable":true,"href":"https:\/\/wp.ufpel.edu.br\/shirleyedeise\/wp-json\/wp\/v2\/users\/949"}],"replies":[{"embeddable":true,"href":"https:\/\/wp.ufpel.edu.br\/shirleyedeise\/wp-json\/wp\/v2\/comments?post=85"}],"version-history":[{"count":4,"href":"https:\/\/wp.ufpel.edu.br\/shirleyedeise\/wp-json\/wp\/v2\/pages\/85\/revisions"}],"predecessor-version":[{"id":128,"href":"https:\/\/wp.ufpel.edu.br\/shirleyedeise\/wp-json\/wp\/v2\/pages\/85\/revisions\/128"}],"up":[{"embeddable":true,"href":"https:\/\/wp.ufpel.edu.br\/shirleyedeise\/wp-json\/wp\/v2\/pages\/70"}],"wp:attachment":[{"href":"https:\/\/wp.ufpel.edu.br\/shirleyedeise\/wp-json\/wp\/v2\/media?parent=85"}],"curies":[{"name":"wp","href":"https:\/\/api.w.org\/{rel}","templated":true}]}}