{"id":4,"date":"2020-09-01T23:07:17","date_gmt":"2020-09-02T02:07:17","guid":{"rendered":"https:\/\/wp.ufpel.edu.br\/shirleyedeise\/?page_id=4"},"modified":"2020-09-02T00:08:37","modified_gmt":"2020-09-02T03:08:37","slug":"o-projeto","status":"publish","type":"page","link":"https:\/\/wp.ufpel.edu.br\/shirleyedeise\/o-projeto\/","title":{"rendered":"O projeto"},"content":{"rendered":"<p>Shirley &amp; Deis\u00ea e uma webs\u00e9rie produzida por professores e estudantes do Centro de Artes da UFPel, a partir da associa\u00e7\u00e3o de projetos de pesquisa e extens\u00e3o dos cursos de teatro, dan\u00e7a, cinema e m\u00fasica. Dividida em cap\u00edtulos e temporadas, conta as aventuras de SHIRLEY &amp; DEIS\u00ca, duas amigas e colegas de trabalho em um Posto de Sa\u00fade da periferia da cidade. Inicialmente pensado como laborat\u00f3rio c\u00eanico de investiga\u00e7\u00e3o e apresenta\u00e7\u00f5es presenciais, SHIRLEY &amp; DEIS\u00ca foi transformada em uma webs\u00e9rie e adaptada \u00e0 linguagem de v\u00eddeo-cena.<\/p>\n<p>A S\u00e9rie est\u00e1 sendo produzida \u00e0 dist\u00e2ncia com ensaios feitos pelas plataformas de reuni\u00f5es e encontros e cada cap\u00edtulo \u00e9 gravado em celulares. O lan\u00e7amento de um novo epis\u00f3dio ocorre toda ter\u00e7a-feira \u00e0s 21h nas redes sociais. A estreia aconteceu no dia 4 de agosto de 2020.<\/p>\n<p><img class=\"alignnone wp-image-57 size-large\" src=\"https:\/\/wp.ufpel.edu.br\/shirleyedeise\/files\/2020\/09\/WhatsApp-Image-2020-08-19-at-15.39.44-e1599015111695-1024x286.jpeg\" alt=\"\" width=\"1024\" height=\"286\" srcset=\"https:\/\/wp.ufpel.edu.br\/shirleyedeise\/files\/2020\/09\/WhatsApp-Image-2020-08-19-at-15.39.44-e1599015111695-1024x286.jpeg 1024w, https:\/\/wp.ufpel.edu.br\/shirleyedeise\/files\/2020\/09\/WhatsApp-Image-2020-08-19-at-15.39.44-e1599015111695-400x112.jpeg 400w, https:\/\/wp.ufpel.edu.br\/shirleyedeise\/files\/2020\/09\/WhatsApp-Image-2020-08-19-at-15.39.44-e1599015111695-768x215.jpeg 768w, https:\/\/wp.ufpel.edu.br\/shirleyedeise\/files\/2020\/09\/WhatsApp-Image-2020-08-19-at-15.39.44-e1599015111695.jpeg 1280w\" sizes=\"(max-width: 1024px) 100vw, 1024px\" \/><\/p>\n","protected":false},"excerpt":{"rendered":"<p>Shirley &amp; Deis\u00ea e uma webs\u00e9rie produzida por professores e estudantes do Centro de Artes da UFPel, a partir da associa\u00e7\u00e3o de projetos de pesquisa e extens\u00e3o dos cursos de teatro, dan\u00e7a, cinema e m\u00fasica. Dividida em cap\u00edtulos e temporadas, conta as aventuras de SHIRLEY &amp; DEIS\u00ca, duas amigas e colegas de trabalho em um [&hellip;]<\/p>\n","protected":false},"author":949,"featured_media":0,"parent":0,"menu_order":1,"comment_status":"closed","ping_status":"closed","template":"","meta":{"footnotes":""},"class_list":["post-4","page","type-page","status-publish","hentry"],"_links":{"self":[{"href":"https:\/\/wp.ufpel.edu.br\/shirleyedeise\/wp-json\/wp\/v2\/pages\/4","targetHints":{"allow":["GET"]}}],"collection":[{"href":"https:\/\/wp.ufpel.edu.br\/shirleyedeise\/wp-json\/wp\/v2\/pages"}],"about":[{"href":"https:\/\/wp.ufpel.edu.br\/shirleyedeise\/wp-json\/wp\/v2\/types\/page"}],"author":[{"embeddable":true,"href":"https:\/\/wp.ufpel.edu.br\/shirleyedeise\/wp-json\/wp\/v2\/users\/949"}],"replies":[{"embeddable":true,"href":"https:\/\/wp.ufpel.edu.br\/shirleyedeise\/wp-json\/wp\/v2\/comments?post=4"}],"version-history":[{"count":6,"href":"https:\/\/wp.ufpel.edu.br\/shirleyedeise\/wp-json\/wp\/v2\/pages\/4\/revisions"}],"predecessor-version":[{"id":69,"href":"https:\/\/wp.ufpel.edu.br\/shirleyedeise\/wp-json\/wp\/v2\/pages\/4\/revisions\/69"}],"wp:attachment":[{"href":"https:\/\/wp.ufpel.edu.br\/shirleyedeise\/wp-json\/wp\/v2\/media?parent=4"}],"curies":[{"name":"wp","href":"https:\/\/api.w.org\/{rel}","templated":true}]}}

<p>Shirley &amp; Deisê e uma websérie produzida por professores e estudantes do Centro de Artes da UFPel, a partir da associação de projetos de pesquisa e extensão dos cursos de teatro, dança, cinema e música. Dividida em capítulos e temporadas, conta as aventuras de SHIRLEY &amp; DEISÊ, duas amigas e colegas de trabalho em um Posto de Saúde da periferia da cidade. Inicialmente pensado como laboratório cênico de investigação e apresentações presenciais, SHIRLEY &amp; DEISÊ foi transformada em uma websérie e adaptada à linguagem de vídeo-cena.</p>
<p>A Série está sendo produzida à distância com ensaios feitos pelas plataformas de reuniões e encontros e cada capítulo é gravado em celulares. O lançamento de um novo episódio ocorre toda terça-feira às 21h nas redes sociais. A estreia aconteceu no dia 4 de agosto de 2020.</p>
<p><img class="alignnone wp-image-57 size-large" src="https://wp.ufpel.edu.br/shirleyedeise/files/2020/09/WhatsApp-Image-2020-08-19-at-15.39.44-e1599015111695-1024x286.jpeg" alt="" width="1024" height="286" srcset="https://wp.ufpel.edu.br/shirleyedeise/files/2020/09/WhatsApp-Image-2020-08-19-at-15.39.44-e1599015111695-1024x286.jpeg 1024w, https://wp.ufpel.edu.br/shirleyedeise/files/2020/09/WhatsApp-Image-2020-08-19-at-15.39.44-e1599015111695-400x112.jpeg 400w, https://wp.ufpel.edu.br/shirleyedeise/files/2020/09/WhatsApp-Image-2020-08-19-at-15.39.44-e1599015111695-768x215.jpeg 768w, https://wp.ufpel.edu.br/shirleyedeise/files/2020/09/WhatsApp-Image-2020-08-19-at-15.39.44-e1599015111695.jpeg 1280w" sizes="(max-width: 1024px) 100vw, 1024px" /></p>

<p>Shirley &amp; Deisê e uma websérie produzida por professores e estudantes do Centro de Artes da UFPel, a partir da associação de projetos de pesquisa e extensão dos cursos de teatro, dança, cinema e música. Dividida em capítulos e temporadas, conta as aventuras de SHIRLEY &amp; DEISÊ, duas amigas e colegas de trabalho em um [&hellip;]</p>
