{"id":213,"date":"2020-12-21T15:28:56","date_gmt":"2020-12-21T18:28:56","guid":{"rendered":"https:\/\/wp.ufpel.edu.br\/shirleyedeise\/?page_id=213"},"modified":"2020-12-21T15:28:56","modified_gmt":"2020-12-21T18:28:56","slug":"sonhos","status":"publish","type":"page","link":"https:\/\/wp.ufpel.edu.br\/shirleyedeise\/sonhos\/","title":{"rendered":"Sonhos"},"content":{"rendered":"<p><span class=\"style-scope yt-formatted-string\" dir=\"auto\">Sexta temporada de SHIRLEY &amp; DEIS\u00ca &#8211; uma webs\u00e9rie produzida por professores e estudantes do Centro de Artes da UFPel, a partir da associa\u00e7\u00e3o de projetos de pesquisa e extens\u00e3o dos cursos de teatro, dan\u00e7a, cinema e m\u00fasica. A S\u00e9rie est\u00e1 sendo produzida \u00e0 dist\u00e2ncia com ensaios feitos pelas plataformas de reuni\u00f5es e encontros. Os cap\u00edtulos s\u00e3o gravados com celulares. Lan\u00e7amento de um novo epis\u00f3dio toda ter\u00e7a-feira \u00e0s 21h pelo canal ShirleyeDeis\u00ea no youtube. <\/span><\/p>\n<p><span class=\"style-scope yt-formatted-string\" dir=\"auto\">CR\u00c9DITOS <\/span><\/p>\n<p><span class=\"style-scope yt-formatted-string\" dir=\"auto\">SHIRLEY &amp; DEIS\u00ca Com Maria Falkembach e Marina de Oliveira <\/span><\/p>\n<p><span class=\"style-scope yt-formatted-string\" dir=\"auto\">Dire\u00e7\u00e3o <\/span><\/p>\n<p><span class=\"style-scope yt-formatted-string\" dir=\"auto\">Paulo Gaiger <\/span><\/p>\n<p><span class=\"style-scope yt-formatted-string\" dir=\"auto\">Montagem e Finaliza\u00e7\u00e3o <\/span><\/p>\n<p><span class=\"style-scope yt-formatted-string\" dir=\"auto\">Rayssa Fontoura <\/span><\/p>\n<p><span class=\"style-scope yt-formatted-string\" dir=\"auto\">Roteiro e Dramaturgia <\/span><\/p>\n<p><span class=\"style-scope yt-formatted-string\" dir=\"auto\">Paulo, Maria e Marina <\/span><\/p>\n<p><span class=\"style-scope yt-formatted-string\" dir=\"auto\">Anima\u00e7\u00e3o e Identidade Visual <\/span><\/p>\n<p><span class=\"style-scope yt-formatted-string\" dir=\"auto\">Kevin Proen\u00e7a\/ Victor de Souza <\/span><\/p>\n<p><span class=\"style-scope yt-formatted-string\" dir=\"auto\">Comunica\u00e7\u00e3o\/Divulga\u00e7\u00e3o <\/span><\/p>\n<p><span class=\"style-scope yt-formatted-string\" dir=\"auto\">\u201co grupo\u201d <\/span><\/p>\n<p><span class=\"style-scope yt-formatted-string\" dir=\"auto\">M\u00fasica tema <\/span><\/p>\n<p><span class=\"style-scope yt-formatted-string\" dir=\"auto\">Leandro Maia <\/span><\/p>\n<p><span class=\"style-scope yt-formatted-string\" dir=\"auto\">Refer\u00eancia de desenho das letras <\/span><\/p>\n<p><span class=\"style-scope yt-formatted-string\" dir=\"auto\">Gon\u00e7alo Maia <\/span><\/p>\n<p><span class=\"style-scope yt-formatted-string\" dir=\"auto\">Trilha sonora extra <\/span><a class=\"yt-simple-endpoint style-scope yt-formatted-string\" href=\"https:\/\/www.youtube.com\/redirect?event=video_description&amp;v=N3Wn_juqTns&amp;q=https%3A%2F%2Ffreesound.org%2F&amp;redir_token=QUFFLUhqbWwwbzYtc3RtbWxodHIxSDItaWUzYXJlUUJvZ3xBQ3Jtc0ttbFBFLVp2bFp1dnNMTUpoNEs3MjZVcURNVU02bHZXWDkzdzBIM2JNenNITldiOHdJXzEyMDUxV3BwdGI2SXQ2Q194eTc4TnhiT09EUGVJZ1JMS01RZjF6bjl3eXc2eWdGT1hTc0I3NjVNSUtxRXdqYw%3D%3D\" target=\"_blank\" rel=\"nofollow noopener noreferrer\">https:\/\/freesound.org\/<\/a><\/p>\n<p>&nbsp;<\/p>\n<p><span class=\"style-scope yt-formatted-string\" dir=\"auto\">Classifica\u00e7\u00e3o indicativa: 14 anos. <\/span><\/p>\n","protected":false},"excerpt":{"rendered":"<p>Sexta temporada de SHIRLEY &amp; DEIS\u00ca &#8211; uma webs\u00e9rie produzida por professores e estudantes do Centro de Artes da UFPel, a partir da associa\u00e7\u00e3o de projetos de pesquisa e extens\u00e3o dos cursos de teatro, dan\u00e7a, cinema e m\u00fasica. A S\u00e9rie est\u00e1 sendo produzida \u00e0 dist\u00e2ncia com ensaios feitos pelas plataformas de reuni\u00f5es e encontros. Os [&hellip;]<\/p>\n","protected":false},"author":949,"featured_media":0,"parent":0,"menu_order":7,"comment_status":"closed","ping_status":"closed","template":"","meta":{"footnotes":""},"class_list":["post-213","page","type-page","status-publish","hentry"],"_links":{"self":[{"href":"https:\/\/wp.ufpel.edu.br\/shirleyedeise\/wp-json\/wp\/v2\/pages\/213","targetHints":{"allow":["GET"]}}],"collection":[{"href":"https:\/\/wp.ufpel.edu.br\/shirleyedeise\/wp-json\/wp\/v2\/pages"}],"about":[{"href":"https:\/\/wp.ufpel.edu.br\/shirleyedeise\/wp-json\/wp\/v2\/types\/page"}],"author":[{"embeddable":true,"href":"https:\/\/wp.ufpel.edu.br\/shirleyedeise\/wp-json\/wp\/v2\/users\/949"}],"replies":[{"embeddable":true,"href":"https:\/\/wp.ufpel.edu.br\/shirleyedeise\/wp-json\/wp\/v2\/comments?post=213"}],"version-history":[{"count":1,"href":"https:\/\/wp.ufpel.edu.br\/shirleyedeise\/wp-json\/wp\/v2\/pages\/213\/revisions"}],"predecessor-version":[{"id":215,"href":"https:\/\/wp.ufpel.edu.br\/shirleyedeise\/wp-json\/wp\/v2\/pages\/213\/revisions\/215"}],"wp:attachment":[{"href":"https:\/\/wp.ufpel.edu.br\/shirleyedeise\/wp-json\/wp\/v2\/media?parent=213"}],"curies":[{"name":"wp","href":"https:\/\/api.w.org\/{rel}","templated":true}]}}

<p><span class="style-scope yt-formatted-string" dir="auto">Sexta temporada de SHIRLEY &amp; DEISÊ &#8211; uma websérie produzida por professores e estudantes do Centro de Artes da UFPel, a partir da associação de projetos de pesquisa e extensão dos cursos de teatro, dança, cinema e música. A Série está sendo produzida à distância com ensaios feitos pelas plataformas de reuniões e encontros. Os capítulos são gravados com celulares. Lançamento de um novo episódio toda terça-feira às 21h pelo canal ShirleyeDeisê no youtube. </span></p>
<p><span class="style-scope yt-formatted-string" dir="auto">CRÉDITOS </span></p>
<p><span class="style-scope yt-formatted-string" dir="auto">SHIRLEY &amp; DEISÊ Com Maria Falkembach e Marina de Oliveira </span></p>
<p><span class="style-scope yt-formatted-string" dir="auto">Direção </span></p>
<p><span class="style-scope yt-formatted-string" dir="auto">Paulo Gaiger </span></p>
<p><span class="style-scope yt-formatted-string" dir="auto">Montagem e Finalização </span></p>
<p><span class="style-scope yt-formatted-string" dir="auto">Rayssa Fontoura </span></p>
<p><span class="style-scope yt-formatted-string" dir="auto">Roteiro e Dramaturgia </span></p>
<p><span class="style-scope yt-formatted-string" dir="auto">Paulo, Maria e Marina </span></p>
<p><span class="style-scope yt-formatted-string" dir="auto">Animação e Identidade Visual </span></p>
<p><span class="style-scope yt-formatted-string" dir="auto">Kevin Proença/ Victor de Souza </span></p>
<p><span class="style-scope yt-formatted-string" dir="auto">Comunicação/Divulgação </span></p>
<p><span class="style-scope yt-formatted-string" dir="auto">“o grupo” </span></p>
<p><span class="style-scope yt-formatted-string" dir="auto">Música tema </span></p>
<p><span class="style-scope yt-formatted-string" dir="auto">Leandro Maia </span></p>
<p><span class="style-scope yt-formatted-string" dir="auto">Referência de desenho das letras </span></p>
<p><span class="style-scope yt-formatted-string" dir="auto">Gonçalo Maia </span></p>
<p><span class="style-scope yt-formatted-string" dir="auto">Trilha sonora extra </span><a class="yt-simple-endpoint style-scope yt-formatted-string" href="https://www.youtube.com/redirect?event=video_description&amp;v=N3Wn_juqTns&amp;q=https%3A%2F%2Ffreesound.org%2F&amp;redir_token=QUFFLUhqbWwwbzYtc3RtbWxodHIxSDItaWUzYXJlUUJvZ3xBQ3Jtc0ttbFBFLVp2bFp1dnNMTUpoNEs3MjZVcURNVU02bHZXWDkzdzBIM2JNenNITldiOHdJXzEyMDUxV3BwdGI2SXQ2Q194eTc4TnhiT09EUGVJZ1JMS01RZjF6bjl3eXc2eWdGT1hTc0I3NjVNSUtxRXdqYw%3D%3D" target="_blank" rel="nofollow noopener noreferrer">https://freesound.org/</a></p>
<p>&nbsp;</p>
<p><span class="style-scope yt-formatted-string" dir="auto">Classificação indicativa: 14 anos. </span></p>

<p>Sexta temporada de SHIRLEY &amp; DEISÊ &#8211; uma websérie produzida por professores e estudantes do Centro de Artes da UFPel, a partir da associação de projetos de pesquisa e extensão dos cursos de teatro, dança, cinema e música. A Série está sendo produzida à distância com ensaios feitos pelas plataformas de reuniões e encontros. Os [&hellip;]</p>
