{"id":2,"date":"2020-09-01T18:57:27","date_gmt":"2020-09-01T21:57:27","guid":{"rendered":"https:\/\/wp.ufpel.edu.br\/shirleyedeise\/?page_id=2"},"modified":"2020-09-02T14:41:33","modified_gmt":"2020-09-02T17:41:33","slug":"pagina-exemplo","status":"publish","type":"page","link":"https:\/\/wp.ufpel.edu.br\/shirleyedeise\/pagina-exemplo\/","title":{"rendered":"O casamento de Cleiciane"},"content":{"rendered":"<p>O Casamento de Cleiciane constitui a primeira temporada da s\u00e9rie, composta por tr\u00eas epis\u00f3dios.<\/p>\n<p>Classifica\u00e7\u00e3o indicativa: 14 anos.<\/p>\n<div id=\"meta\" class=\"style-scope ytd-watch-flexy\">\n<div id=\"meta-contents\" class=\"style-scope ytd-watch-flexy\">\n<div id=\"container\" class=\"style-scope ytd-video-secondary-info-renderer\">\n<div id=\"content\" class=\"style-scope ytd-expander\">\n<p id=\"description\" class=\"style-scope ytd-video-secondary-info-renderer\">CR\u00c9DITOS<\/p>\n<p class=\"style-scope ytd-video-secondary-info-renderer\">Shirley: Maria Falkembach<\/p>\n<p class=\"style-scope ytd-video-secondary-info-renderer\">Deis\u00ea: Marina de Oliveira<\/p>\n<p class=\"style-scope ytd-video-secondary-info-renderer\">Dire\u00e7\u00e3o: Paulo Gaiger<\/p>\n<p class=\"style-scope ytd-video-secondary-info-renderer\">Montagem e Finaliza\u00e7\u00e3o: Cintia Langie e Ana Paula Ambrosano Ribeiro<\/p>\n<p class=\"style-scope ytd-video-secondary-info-renderer\">Roteiro e Dramaturgia: Paulo Gaiger, Maria Falkembach e Marina de Oliveira<\/p>\n<p class=\"style-scope ytd-video-secondary-info-renderer\">Anima\u00e7\u00e3o e Identidade Visual: Ana Paula Ambrosano Ribeiro, Kevin Proen\u00e7a e Victor de Souza<\/p>\n<p class=\"style-scope ytd-video-secondary-info-renderer\">Comunica\u00e7\u00e3o e Divulga\u00e7\u00e3o: o grupo<\/p>\n<p class=\"style-scope ytd-video-secondary-info-renderer\">M\u00fasica tema: Leandro Maia<\/p>\n<p class=\"style-scope ytd-video-secondary-info-renderer\">Refer\u00eancia de desenho das letras: Gon\u00e7alo Maia<\/p>\n<\/div>\n<\/div>\n<\/div>\n<\/div>\n<div id=\"merch-shelf\" class=\"style-scope ytd-watch-flexy\"><img class=\"size-medium wp-image-114 alignleft\" src=\"https:\/\/wp.ufpel.edu.br\/shirleyedeise\/files\/2020\/09\/5686a494-14e1-4041-b9ef-9c9e7d2855b6-1-400x250.jpg\" alt=\"\" width=\"400\" height=\"250\" srcset=\"https:\/\/wp.ufpel.edu.br\/shirleyedeise\/files\/2020\/09\/5686a494-14e1-4041-b9ef-9c9e7d2855b6-1-400x250.jpg 400w, https:\/\/wp.ufpel.edu.br\/shirleyedeise\/files\/2020\/09\/5686a494-14e1-4041-b9ef-9c9e7d2855b6-1-1024x640.jpg 1024w, https:\/\/wp.ufpel.edu.br\/shirleyedeise\/files\/2020\/09\/5686a494-14e1-4041-b9ef-9c9e7d2855b6-1-768x480.jpg 768w, https:\/\/wp.ufpel.edu.br\/shirleyedeise\/files\/2020\/09\/5686a494-14e1-4041-b9ef-9c9e7d2855b6-1.jpg 1280w\" sizes=\"(max-width: 400px) 100vw, 400px\" \/> <img class=\"size-medium wp-image-113 alignleft\" src=\"https:\/\/wp.ufpel.edu.br\/shirleyedeise\/files\/2020\/09\/e343eb0a-83b6-4bb3-aa34-49838a641c8a-400x250.jpg\" alt=\"\" width=\"400\" height=\"250\" srcset=\"https:\/\/wp.ufpel.edu.br\/shirleyedeise\/files\/2020\/09\/e343eb0a-83b6-4bb3-aa34-49838a641c8a-400x250.jpg 400w, https:\/\/wp.ufpel.edu.br\/shirleyedeise\/files\/2020\/09\/e343eb0a-83b6-4bb3-aa34-49838a641c8a-1024x640.jpg 1024w, https:\/\/wp.ufpel.edu.br\/shirleyedeise\/files\/2020\/09\/e343eb0a-83b6-4bb3-aa34-49838a641c8a-768x480.jpg 768w, https:\/\/wp.ufpel.edu.br\/shirleyedeise\/files\/2020\/09\/e343eb0a-83b6-4bb3-aa34-49838a641c8a.jpg 1280w\" sizes=\"(max-width: 400px) 100vw, 400px\" \/><\/div>\n<div id=\"header\" class=\"style-scope ytd-item-section-renderer\">\n<div id=\"title\" class=\"style-scope ytd-comments-header-renderer\"><\/div>\n<\/div>\n","protected":false},"excerpt":{"rendered":"<p>O Casamento de Cleiciane constitui a primeira temporada da s\u00e9rie, composta por tr\u00eas epis\u00f3dios. Classifica\u00e7\u00e3o indicativa: 14 anos. CR\u00c9DITOS Shirley: Maria Falkembach Deis\u00ea: Marina de Oliveira Dire\u00e7\u00e3o: Paulo Gaiger Montagem e Finaliza\u00e7\u00e3o: Cintia Langie e Ana Paula Ambrosano Ribeiro Roteiro e Dramaturgia: Paulo Gaiger, Maria Falkembach e Marina de Oliveira Anima\u00e7\u00e3o e Identidade Visual: Ana [&hellip;]<\/p>\n","protected":false},"author":949,"featured_media":0,"parent":0,"menu_order":3,"comment_status":"closed","ping_status":"closed","template":"","meta":{"footnotes":""},"class_list":["post-2","page","type-page","status-publish","hentry"],"_links":{"self":[{"href":"https:\/\/wp.ufpel.edu.br\/shirleyedeise\/wp-json\/wp\/v2\/pages\/2","targetHints":{"allow":["GET"]}}],"collection":[{"href":"https:\/\/wp.ufpel.edu.br\/shirleyedeise\/wp-json\/wp\/v2\/pages"}],"about":[{"href":"https:\/\/wp.ufpel.edu.br\/shirleyedeise\/wp-json\/wp\/v2\/types\/page"}],"author":[{"embeddable":true,"href":"https:\/\/wp.ufpel.edu.br\/shirleyedeise\/wp-json\/wp\/v2\/users\/949"}],"replies":[{"embeddable":true,"href":"https:\/\/wp.ufpel.edu.br\/shirleyedeise\/wp-json\/wp\/v2\/comments?post=2"}],"version-history":[{"count":13,"href":"https:\/\/wp.ufpel.edu.br\/shirleyedeise\/wp-json\/wp\/v2\/pages\/2\/revisions"}],"predecessor-version":[{"id":119,"href":"https:\/\/wp.ufpel.edu.br\/shirleyedeise\/wp-json\/wp\/v2\/pages\/2\/revisions\/119"}],"wp:attachment":[{"href":"https:\/\/wp.ufpel.edu.br\/shirleyedeise\/wp-json\/wp\/v2\/media?parent=2"}],"curies":[{"name":"wp","href":"https:\/\/api.w.org\/{rel}","templated":true}]}}

<p>O Casamento de Cleiciane constitui a primeira temporada da série, composta por três episódios.</p>
<p>Classificação indicativa: 14 anos.</p>
<div id="meta" class="style-scope ytd-watch-flexy">
<div id="meta-contents" class="style-scope ytd-watch-flexy">
<div id="container" class="style-scope ytd-video-secondary-info-renderer">
<div id="content" class="style-scope ytd-expander">
<p id="description" class="style-scope ytd-video-secondary-info-renderer">CRÉDITOS</p>
<p class="style-scope ytd-video-secondary-info-renderer">Shirley: Maria Falkembach</p>
<p class="style-scope ytd-video-secondary-info-renderer">Deisê: Marina de Oliveira</p>
<p class="style-scope ytd-video-secondary-info-renderer">Direção: Paulo Gaiger</p>
<p class="style-scope ytd-video-secondary-info-renderer">Montagem e Finalização: Cintia Langie e Ana Paula Ambrosano Ribeiro</p>
<p class="style-scope ytd-video-secondary-info-renderer">Roteiro e Dramaturgia: Paulo Gaiger, Maria Falkembach e Marina de Oliveira</p>
<p class="style-scope ytd-video-secondary-info-renderer">Animação e Identidade Visual: Ana Paula Ambrosano Ribeiro, Kevin Proença e Victor de Souza</p>
<p class="style-scope ytd-video-secondary-info-renderer">Comunicação e Divulgação: o grupo</p>
<p class="style-scope ytd-video-secondary-info-renderer">Música tema: Leandro Maia</p>
<p class="style-scope ytd-video-secondary-info-renderer">Referência de desenho das letras: Gonçalo Maia</p>
</div>
</div>
</div>
</div>
<div id="merch-shelf" class="style-scope ytd-watch-flexy"><img class="size-medium wp-image-114 alignleft" src="https://wp.ufpel.edu.br/shirleyedeise/files/2020/09/5686a494-14e1-4041-b9ef-9c9e7d2855b6-1-400x250.jpg" alt="" width="400" height="250" srcset="https://wp.ufpel.edu.br/shirleyedeise/files/2020/09/5686a494-14e1-4041-b9ef-9c9e7d2855b6-1-400x250.jpg 400w, https://wp.ufpel.edu.br/shirleyedeise/files/2020/09/5686a494-14e1-4041-b9ef-9c9e7d2855b6-1-1024x640.jpg 1024w, https://wp.ufpel.edu.br/shirleyedeise/files/2020/09/5686a494-14e1-4041-b9ef-9c9e7d2855b6-1-768x480.jpg 768w, https://wp.ufpel.edu.br/shirleyedeise/files/2020/09/5686a494-14e1-4041-b9ef-9c9e7d2855b6-1.jpg 1280w" sizes="(max-width: 400px) 100vw, 400px" /> <img class="size-medium wp-image-113 alignleft" src="https://wp.ufpel.edu.br/shirleyedeise/files/2020/09/e343eb0a-83b6-4bb3-aa34-49838a641c8a-400x250.jpg" alt="" width="400" height="250" srcset="https://wp.ufpel.edu.br/shirleyedeise/files/2020/09/e343eb0a-83b6-4bb3-aa34-49838a641c8a-400x250.jpg 400w, https://wp.ufpel.edu.br/shirleyedeise/files/2020/09/e343eb0a-83b6-4bb3-aa34-49838a641c8a-1024x640.jpg 1024w, https://wp.ufpel.edu.br/shirleyedeise/files/2020/09/e343eb0a-83b6-4bb3-aa34-49838a641c8a-768x480.jpg 768w, https://wp.ufpel.edu.br/shirleyedeise/files/2020/09/e343eb0a-83b6-4bb3-aa34-49838a641c8a.jpg 1280w" sizes="(max-width: 400px) 100vw, 400px" /></div>
<div id="header" class="style-scope ytd-item-section-renderer">
<div id="title" class="style-scope ytd-comments-header-renderer"></div>
</div>

<p>O Casamento de Cleiciane constitui a primeira temporada da série, composta por três episódios. Classificação indicativa: 14 anos. CRÉDITOS Shirley: Maria Falkembach Deisê: Marina de Oliveira Direção: Paulo Gaiger Montagem e Finalização: Cintia Langie e Ana Paula Ambrosano Ribeiro Roteiro e Dramaturgia: Paulo Gaiger, Maria Falkembach e Marina de Oliveira Animação e Identidade Visual: Ana [&hellip;]</p>
