{"id":157,"date":"2020-11-09T23:43:42","date_gmt":"2020-11-10T02:43:42","guid":{"rendered":"https:\/\/wp.ufpel.edu.br\/shirleyedeise\/?page_id=157"},"modified":"2020-11-09T23:57:25","modified_gmt":"2020-11-10T02:57:25","slug":"shirley-e-a-falta-de-ar","status":"publish","type":"page","link":"https:\/\/wp.ufpel.edu.br\/shirleyedeise\/shirley-e-a-falta-de-ar\/","title":{"rendered":"Shirley e a falta de ar"},"content":{"rendered":"<p>Quarta temporada de SHIRLEY &amp; DEIS\u00ca &#8211; uma webs\u00e9rie produzida por professores e estudantes do Centro de Artes da UFPel, a partir da associa\u00e7\u00e3o de projetos de pesquisa e extens\u00e3o dos cursos de teatro, dan\u00e7a, cinema e m\u00fasica. A S\u00e9rie est\u00e1 sendo produzida \u00e0 dist\u00e2ncia com ensaios feitos pelas plataformas de reuni\u00f5es e encontros.<\/p>\n<p>Os cap\u00edtulos s\u00e3o gravados com celulares.<\/p>\n<p>Lan\u00e7amento de um novo epis\u00f3dio toda ter\u00e7a-feira \u00e0s 21h pelo canal ShirleyeDeis\u00ea no youtube.<\/p>\n<p>CR\u00c9DITOS<\/p>\n<p>SHIRLEY &amp; DEIS\u00ca Com Marina de Oliveira e Maria Falkembach<\/p>\n<p>Dire\u00e7\u00e3o: Paulo Gaiger<\/p>\n<p>Montagem e Finaliza\u00e7\u00e3o: Mariana Corr\u00eaa e Rayssa Fontoura<\/p>\n<p>Roteiro e Dramaturgia: Paulo, Maria e Marina<\/p>\n<p>Anima\u00e7\u00e3o e Identidade Visual: Kevin Proen\u00e7a\/ Victor de Souza<\/p>\n<p>Comunica\u00e7\u00e3o\/Divulga\u00e7\u00e3o: \u201co grupo\u201d<\/p>\n<p>M\u00fasica tema: Leandro Maia<\/p>\n<p>Refer\u00eancia de desenho das letras:\u00a0 Gon\u00e7alo Maia<\/p>\n<p>Trilha Sonora e efeitos sonoros: ZapSplat FreeSound<\/p>\n<p>&nbsp;<\/p>\n<p>Classifica\u00e7\u00e3o indicativa: 14 anos.<\/p>\n","protected":false},"excerpt":{"rendered":"<p>Quarta temporada de SHIRLEY &amp; DEIS\u00ca &#8211; uma webs\u00e9rie produzida por professores e estudantes do Centro de Artes da UFPel, a partir da associa\u00e7\u00e3o de projetos de pesquisa e extens\u00e3o dos cursos de teatro, dan\u00e7a, cinema e m\u00fasica. A S\u00e9rie est\u00e1 sendo produzida \u00e0 dist\u00e2ncia com ensaios feitos pelas plataformas de reuni\u00f5es e encontros. Os [&hellip;]<\/p>\n","protected":false},"author":949,"featured_media":0,"parent":0,"menu_order":5,"comment_status":"closed","ping_status":"closed","template":"","meta":{"footnotes":""},"class_list":["post-157","page","type-page","status-publish","hentry"],"_links":{"self":[{"href":"https:\/\/wp.ufpel.edu.br\/shirleyedeise\/wp-json\/wp\/v2\/pages\/157","targetHints":{"allow":["GET"]}}],"collection":[{"href":"https:\/\/wp.ufpel.edu.br\/shirleyedeise\/wp-json\/wp\/v2\/pages"}],"about":[{"href":"https:\/\/wp.ufpel.edu.br\/shirleyedeise\/wp-json\/wp\/v2\/types\/page"}],"author":[{"embeddable":true,"href":"https:\/\/wp.ufpel.edu.br\/shirleyedeise\/wp-json\/wp\/v2\/users\/949"}],"replies":[{"embeddable":true,"href":"https:\/\/wp.ufpel.edu.br\/shirleyedeise\/wp-json\/wp\/v2\/comments?post=157"}],"version-history":[{"count":4,"href":"https:\/\/wp.ufpel.edu.br\/shirleyedeise\/wp-json\/wp\/v2\/pages\/157\/revisions"}],"predecessor-version":[{"id":176,"href":"https:\/\/wp.ufpel.edu.br\/shirleyedeise\/wp-json\/wp\/v2\/pages\/157\/revisions\/176"}],"wp:attachment":[{"href":"https:\/\/wp.ufpel.edu.br\/shirleyedeise\/wp-json\/wp\/v2\/media?parent=157"}],"curies":[{"name":"wp","href":"https:\/\/api.w.org\/{rel}","templated":true}]}}

<p>Quarta temporada de SHIRLEY &amp; DEISÊ &#8211; uma websérie produzida por professores e estudantes do Centro de Artes da UFPel, a partir da associação de projetos de pesquisa e extensão dos cursos de teatro, dança, cinema e música. A Série está sendo produzida à distância com ensaios feitos pelas plataformas de reuniões e encontros.</p>
<p>Os capítulos são gravados com celulares.</p>
<p>Lançamento de um novo episódio toda terça-feira às 21h pelo canal ShirleyeDeisê no youtube.</p>
<p>CRÉDITOS</p>
<p>SHIRLEY &amp; DEISÊ Com Marina de Oliveira e Maria Falkembach</p>
<p>Direção: Paulo Gaiger</p>
<p>Montagem e Finalização: Mariana Corrêa e Rayssa Fontoura</p>
<p>Roteiro e Dramaturgia: Paulo, Maria e Marina</p>
<p>Animação e Identidade Visual: Kevin Proença/ Victor de Souza</p>
<p>Comunicação/Divulgação: “o grupo”</p>
<p>Música tema: Leandro Maia</p>
<p>Referência de desenho das letras:  Gonçalo Maia</p>
<p>Trilha Sonora e efeitos sonoros: ZapSplat FreeSound</p>
<p>&nbsp;</p>
<p>Classificação indicativa: 14 anos.</p>

<p>Quarta temporada de SHIRLEY &amp; DEISÊ &#8211; uma websérie produzida por professores e estudantes do Centro de Artes da UFPel, a partir da associação de projetos de pesquisa e extensão dos cursos de teatro, dança, cinema e música. A Série está sendo produzida à distância com ensaios feitos pelas plataformas de reuniões e encontros. Os [&hellip;]</p>
