{"id":138,"date":"2020-09-22T21:44:25","date_gmt":"2020-09-23T00:44:25","guid":{"rendered":"https:\/\/wp.ufpel.edu.br\/shirleyedeise\/?page_id=138"},"modified":"2020-11-09T23:58:34","modified_gmt":"2020-11-10T02:58:34","slug":"escola-de-limpeza","status":"publish","type":"page","link":"https:\/\/wp.ufpel.edu.br\/shirleyedeise\/escola-de-limpeza\/","title":{"rendered":"Escola de limpeza"},"content":{"rendered":"<p>Terceira temporada de SHIRLEY &amp; DEIS\u00ca &#8211; uma webs\u00e9rie produzida por professores e estudantes do Centro de Artes da UFPel, a partir da associa\u00e7\u00e3o de projetos de pesquisa e extens\u00e3o dos cursos de teatro, dan\u00e7a, cinema e m\u00fasica. A S\u00e9rie est\u00e1 sendo produzida \u00e0 dist\u00e2ncia com ensaios feitos pelas plataformas de reuni\u00f5es e encontros. Os cap\u00edtulos s\u00e3o gravados com celulares. Lan\u00e7amento de um novo epis\u00f3dio toda ter\u00e7a-feira \u00e0s 21h pelo canal ShirleyeDeis\u00ea no youtube.<\/p>\n<p>CR\u00c9DITOS<\/p>\n<p>SHIRLEY &amp; DEIS\u00ca Com Maria Falkembach e Marina de Oliveira<\/p>\n<p>Dire\u00e7\u00e3o<\/p>\n<p>Paulo Gaiger<\/p>\n<p>Supervis\u00e3o de montagem<\/p>\n<p>Cintia Langie<\/p>\n<p>Montagem e Finaliza\u00e7\u00e3o<\/p>\n<p>Mariana Corr\u00eaa e Rayssa Fontoura<\/p>\n<p>Roteiro e Dramaturgia<\/p>\n<p>Paulo, Maria e Marina<\/p>\n<p>Anima\u00e7\u00e3o e Identidade Visual<\/p>\n<p>Kevin Proen\u00e7a\/ Victor de Souza<\/p>\n<p>Comunica\u00e7\u00e3o\/Divulga\u00e7\u00e3o<\/p>\n<p>\u201co grupo\u201d<\/p>\n<p>M\u00fasica tema<\/p>\n<p>Leandro Maia<\/p>\n<p>Refer\u00eancia de desenho das letras<\/p>\n<p>Gon\u00e7alo Maia<\/p>\n<p>Trilha Sonora<\/p>\n<p>ZapSplat FreeSound<\/p>\n<p>&nbsp;<\/p>\n<p>Classifica\u00e7\u00e3o indicativa: 14 anos.<\/p>\n","protected":false},"excerpt":{"rendered":"<p>Terceira temporada de SHIRLEY &amp; DEIS\u00ca &#8211; uma webs\u00e9rie produzida por professores e estudantes do Centro de Artes da UFPel, a partir da associa\u00e7\u00e3o de projetos de pesquisa e extens\u00e3o dos cursos de teatro, dan\u00e7a, cinema e m\u00fasica. A S\u00e9rie est\u00e1 sendo produzida \u00e0 dist\u00e2ncia com ensaios feitos pelas plataformas de reuni\u00f5es e encontros. Os [&hellip;]<\/p>\n","protected":false},"author":949,"featured_media":0,"parent":0,"menu_order":5,"comment_status":"closed","ping_status":"closed","template":"","meta":{"footnotes":""},"class_list":["post-138","page","type-page","status-publish","hentry"],"_links":{"self":[{"href":"https:\/\/wp.ufpel.edu.br\/shirleyedeise\/wp-json\/wp\/v2\/pages\/138","targetHints":{"allow":["GET"]}}],"collection":[{"href":"https:\/\/wp.ufpel.edu.br\/shirleyedeise\/wp-json\/wp\/v2\/pages"}],"about":[{"href":"https:\/\/wp.ufpel.edu.br\/shirleyedeise\/wp-json\/wp\/v2\/types\/page"}],"author":[{"embeddable":true,"href":"https:\/\/wp.ufpel.edu.br\/shirleyedeise\/wp-json\/wp\/v2\/users\/949"}],"replies":[{"embeddable":true,"href":"https:\/\/wp.ufpel.edu.br\/shirleyedeise\/wp-json\/wp\/v2\/comments?post=138"}],"version-history":[{"count":3,"href":"https:\/\/wp.ufpel.edu.br\/shirleyedeise\/wp-json\/wp\/v2\/pages\/138\/revisions"}],"predecessor-version":[{"id":177,"href":"https:\/\/wp.ufpel.edu.br\/shirleyedeise\/wp-json\/wp\/v2\/pages\/138\/revisions\/177"}],"wp:attachment":[{"href":"https:\/\/wp.ufpel.edu.br\/shirleyedeise\/wp-json\/wp\/v2\/media?parent=138"}],"curies":[{"name":"wp","href":"https:\/\/api.w.org\/{rel}","templated":true}]}}

<p>Terceira temporada de SHIRLEY &amp; DEISÊ &#8211; uma websérie produzida por professores e estudantes do Centro de Artes da UFPel, a partir da associação de projetos de pesquisa e extensão dos cursos de teatro, dança, cinema e música. A Série está sendo produzida à distância com ensaios feitos pelas plataformas de reuniões e encontros. Os capítulos são gravados com celulares. Lançamento de um novo episódio toda terça-feira às 21h pelo canal ShirleyeDeisê no youtube.</p>
<p>CRÉDITOS</p>
<p>SHIRLEY &amp; DEISÊ Com Maria Falkembach e Marina de Oliveira</p>
<p>Direção</p>
<p>Paulo Gaiger</p>
<p>Supervisão de montagem</p>
<p>Cintia Langie</p>
<p>Montagem e Finalização</p>
<p>Mariana Corrêa e Rayssa Fontoura</p>
<p>Roteiro e Dramaturgia</p>
<p>Paulo, Maria e Marina</p>
<p>Animação e Identidade Visual</p>
<p>Kevin Proença/ Victor de Souza</p>
<p>Comunicação/Divulgação</p>
<p>“o grupo”</p>
<p>Música tema</p>
<p>Leandro Maia</p>
<p>Referência de desenho das letras</p>
<p>Gonçalo Maia</p>
<p>Trilha Sonora</p>
<p>ZapSplat FreeSound</p>
<p>&nbsp;</p>
<p>Classificação indicativa: 14 anos.</p>

<p>Terceira temporada de SHIRLEY &amp; DEISÊ &#8211; uma websérie produzida por professores e estudantes do Centro de Artes da UFPel, a partir da associação de projetos de pesquisa e extensão dos cursos de teatro, dança, cinema e música. A Série está sendo produzida à distância com ensaios feitos pelas plataformas de reuniões e encontros. Os [&hellip;]</p>
