{"id":10,"date":"2020-09-01T23:09:42","date_gmt":"2020-09-02T02:09:42","guid":{"rendered":"https:\/\/wp.ufpel.edu.br\/shirleyedeise\/?page_id=10"},"modified":"2020-09-02T14:56:33","modified_gmt":"2020-09-02T17:56:33","slug":"equipe","status":"publish","type":"page","link":"https:\/\/wp.ufpel.edu.br\/shirleyedeise\/o-projeto\/equipe\/","title":{"rendered":"Equipe"},"content":{"rendered":"<div class=\"gs\">\n<div class=\"\">\n<div id=\":1x0\" class=\"ii gt\">\n<div id=\":1x1\" class=\"a3s aXjCH \">\n<p>Dire\u00e7\u00e3o: Paulo Gaiger<\/p>\n<p>Supervis\u00e3o de montagem: Cintia Langie<\/p>\n<p>Shirley : Maria Falkembach<br \/>\nDeis\u00ea : Marina de Oliveira<\/p>\n<p>Montagem e Finaliza\u00e7\u00e3o<br \/>\nAna Paula Ambrosano Ribeiro, Mariana Corr\u00eaa, Rayssa Fontoura e Karolina da Rosa Mendes<\/p>\n<p>Chroma Key: Mariana Corr\u00eaa e Pablo Gaiger<\/p>\n<p>Roteiro e Dramaturgia<br \/>\nPaulo Gaiger, Maria Falkembach e Marina de Oliveira<\/p>\n<p>Anima\u00e7\u00e3o e Identidade Visual<br \/>\nAna Paula Ambrosano Ribeiro, Kevin Proen\u00e7a e Victor de Souza<\/p>\n<p>Produ\u00e7\u00e3o\/Comunica\u00e7\u00e3o\/Divulga\u00e7\u00e3o<br \/>\n\u201co grupo\u201d<\/p>\n<p>M\u00fasica tema<br \/>\nLeandro Maia<\/p>\n<p>Refer\u00eancia de desenho das letras<br \/>\nGon\u00e7alo Maia<\/p>\n<div class=\"adL\"><\/div>\n<\/div>\n<\/div>\n<div id=\":24i\" class=\"hq gt a10\">\n<div id=\":24k\" class=\"aQH\">\n<div aria-hidden=\"true\">\n<div class=\"aSG\"><\/div>\n<\/div>\n<div aria-hidden=\"true\">\n<div class=\"aSG\"><\/div>\n<div class=\"aVY aZn\">\n<div class=\"aZm\"><\/div>\n<\/div>\n<div class=\"aSH\"><\/div>\n<div class=\"aSI\">\n<div id=\":249\" class=\"aSJ\"><\/div>\n<\/div>\n<\/div>\n<div class=\"aZK\"><\/div>\n<\/div>\n<\/div>\n<div class=\"hi\"><\/div>\n<\/div>\n<\/div>\n","protected":false},"excerpt":{"rendered":"<p>Dire\u00e7\u00e3o: Paulo Gaiger Supervis\u00e3o de montagem: Cintia Langie Shirley : Maria Falkembach Deis\u00ea : Marina de Oliveira Montagem e Finaliza\u00e7\u00e3o Ana Paula Ambrosano Ribeiro, Mariana Corr\u00eaa, Rayssa Fontoura e Karolina da Rosa Mendes Chroma Key: Mariana Corr\u00eaa e Pablo Gaiger Roteiro e Dramaturgia Paulo Gaiger, Maria Falkembach e Marina de Oliveira Anima\u00e7\u00e3o e Identidade Visual [&hellip;]<\/p>\n","protected":false},"author":949,"featured_media":0,"parent":4,"menu_order":1,"comment_status":"closed","ping_status":"closed","template":"","meta":{"footnotes":""},"class_list":["post-10","page","type-page","status-publish","hentry"],"_links":{"self":[{"href":"https:\/\/wp.ufpel.edu.br\/shirleyedeise\/wp-json\/wp\/v2\/pages\/10","targetHints":{"allow":["GET"]}}],"collection":[{"href":"https:\/\/wp.ufpel.edu.br\/shirleyedeise\/wp-json\/wp\/v2\/pages"}],"about":[{"href":"https:\/\/wp.ufpel.edu.br\/shirleyedeise\/wp-json\/wp\/v2\/types\/page"}],"author":[{"embeddable":true,"href":"https:\/\/wp.ufpel.edu.br\/shirleyedeise\/wp-json\/wp\/v2\/users\/949"}],"replies":[{"embeddable":true,"href":"https:\/\/wp.ufpel.edu.br\/shirleyedeise\/wp-json\/wp\/v2\/comments?post=10"}],"version-history":[{"count":7,"href":"https:\/\/wp.ufpel.edu.br\/shirleyedeise\/wp-json\/wp\/v2\/pages\/10\/revisions"}],"predecessor-version":[{"id":127,"href":"https:\/\/wp.ufpel.edu.br\/shirleyedeise\/wp-json\/wp\/v2\/pages\/10\/revisions\/127"}],"up":[{"embeddable":true,"href":"https:\/\/wp.ufpel.edu.br\/shirleyedeise\/wp-json\/wp\/v2\/pages\/4"}],"wp:attachment":[{"href":"https:\/\/wp.ufpel.edu.br\/shirleyedeise\/wp-json\/wp\/v2\/media?parent=10"}],"curies":[{"name":"wp","href":"https:\/\/api.w.org\/{rel}","templated":true}]}}

<div class="gs">
<div class="">
<div id=":1x0" class="ii gt">
<div id=":1x1" class="a3s aXjCH ">
<p>Direção: Paulo Gaiger</p>
<p>Supervisão de montagem: Cintia Langie</p>
<p>Shirley : Maria Falkembach<br />
Deisê : Marina de Oliveira</p>
<p>Montagem e Finalização<br />
Ana Paula Ambrosano Ribeiro, Mariana Corrêa, Rayssa Fontoura e Karolina da Rosa Mendes</p>
<p>Chroma Key: Mariana Corrêa e Pablo Gaiger</p>
<p>Roteiro e Dramaturgia<br />
Paulo Gaiger, Maria Falkembach e Marina de Oliveira</p>
<p>Animação e Identidade Visual<br />
Ana Paula Ambrosano Ribeiro, Kevin Proença e Victor de Souza</p>
<p>Produção/Comunicação/Divulgação<br />
“o grupo”</p>
<p>Música tema<br />
Leandro Maia</p>
<p>Referência de desenho das letras<br />
Gonçalo Maia</p>
<div class="adL"></div>
</div>
</div>
<div id=":24i" class="hq gt a10">
<div id=":24k" class="aQH">
<div aria-hidden="true">
<div class="aSG"></div>
</div>
<div aria-hidden="true">
<div class="aSG"></div>
<div class="aVY aZn">
<div class="aZm"></div>
</div>
<div class="aSH"></div>
<div class="aSI">
<div id=":249" class="aSJ"></div>
</div>
</div>
<div class="aZK"></div>
</div>
</div>
<div class="hi"></div>
</div>
</div>

<p>Direção: Paulo Gaiger Supervisão de montagem: Cintia Langie Shirley : Maria Falkembach Deisê : Marina de Oliveira Montagem e Finalização Ana Paula Ambrosano Ribeiro, Mariana Corrêa, Rayssa Fontoura e Karolina da Rosa Mendes Chroma Key: Mariana Corrêa e Pablo Gaiger Roteiro e Dramaturgia Paulo Gaiger, Maria Falkembach e Marina de Oliveira Animação e Identidade Visual [&hellip;]</p>
